{"id":2263,"date":"2020-05-08T17:21:33","date_gmt":"2020-05-08T15:21:33","guid":{"rendered":"http:\/\/agora.xtec.cat\/ies-palleja\/?page_id=2263"},"modified":"2020-07-07T11:33:16","modified_gmt":"2020-07-07T09:33:16","slug":"preinscripcio-eso","status":"publish","type":"page","link":"https:\/\/agora.xtec.cat\/ies-palleja\/preinscripcions\/preinscripcio-eso\/","title":{"rendered":"Preinscripci\u00f3 ESO"},"content":{"rendered":"<p style=\"text-align: center;\"><em><strong><span style=\"font-size: 28px;\"><span style=\"font-size: 32px; color: #646464;\">Informaci\u00f3 sobre la\u00a0preinscripci\u00f3 a l\u2019ESO per al curs 2020\/2021<\/span><br \/>\n<\/span><\/strong><\/em><span style=\"color: #40a8a0;\"><strong><span style=\"font-size: 24px;\"><em>Presentaci\u00f3 de sol\u00b7licituds: del 13 al 22 de maig<\/em><\/span><\/strong><\/span><\/p>\n<p style=\"text-align: center;\"><span style=\"font-size: 16px;\"><strong>D\u2019acord amb les indicacions del Departament d\u2019Educaci\u00f3 la presentaci\u00f3 de sol\u00b7licituds s\u2019haur\u00e0 de fer principalment per via telem\u00e0tica <\/strong><\/span><\/p>\n<p><span style=\"color: #40a8a0; font-size: 36px;\"><strong>Informaci\u00f3 sobre el centre<\/strong><\/span><\/p>\n<ul>\n<li>Codi de l\u2019Institut de Pallej\u00e0: 08053297<\/li>\n<li><a href=\"https:\/\/drive.google.com\/file\/d\/1KEGn3dnhkgkj6D_kskcwwHBWdTS29a1i\/view?usp=sharing\"> Bases del projecte educatiu<\/a><\/li>\n<li><a href=\"https:\/\/agora.xtec.cat\/ies-palleja\/jornades-portes-obertes\/eso\/\">Jornada Portes obertes ESO<\/a><\/li>\n<li>V\u00eddeo de presentaci\u00f3 de l\u2019Institut fet per l\u2019alumnat: <a href=\"https:\/\/drive.google.com\/file\/d\/11MsZAJQvBpUcZrB4LMYLDfgwNM6gS1vF\/view?usp=sharing\">LLEGENDES DE L\u2019INSTITUT<\/a><\/li>\n<\/ul>\n<p><span style=\"color: #40a8a0; font-size: 36px;\"><strong>Com fer la preinscripci\u00f3<\/strong><\/span><\/p>\n<p><span style=\"font-size: 24px; color: #333333;\"><strong><span style=\"color: #40a8a0;\">Termini<\/span><br \/>\n<\/strong><\/span><strong>Del 13 al 22 de maig de 2020<\/strong><br \/>\nAmb suport inform\u00e0tic: <strong>Del 13 al 22 de maig<\/strong><br \/>\n<span style=\"font-family: inherit; font-size: 1em;\">Amb cita pr\u00e8via (excepcionalment) al m\u00f2bil 642 226 178 (de 10:00 h &#8211; 13:00 h):\u00a0<strong>Del 19 al 22 de maig\u00a0<\/strong><\/span><\/p>\n<p>A causa de la COVID-19 la preinscripci\u00f3 ha canviat el seu format preferent. Si b\u00e9, ja es podia fer de manera telem\u00e0tica, la preinscripci\u00f3 per al curs 2020-21 es far\u00e0 b\u00e0sicament per Internet. \u00c9s a dir, a trav\u00e9s d\u2019una aplicaci\u00f3 que el Departament d\u2019Educaci\u00f3 obrir\u00e0 el mateix dia 13 de maig. Per tant, \u00e9s important tenir present que\u00a0NO cal presentar la documentaci\u00f3 en el centre que s\u2019ha demanat en primer lloc, com es feia habitualment,\u00a0sin\u00f3 que s\u2018ha d\u2019enviar la documentaci\u00f3 al correu electr\u00f2nic del centre a partir del 13 de maig .<\/p>\n<p><strong>La sol\u00b7licitud ha de ser \u00fanica i s\u2019ha de fer arribar per correu electr\u00f2nic al centre triat com a primera opci\u00f3.<\/strong><\/p>\n<p><iframe loading=\"lazy\" src=\"\/\/www.gencat.cat\/big\/visormedia\/iframe\/index.html?type=default&amp;idBig=7997472117050820&amp;idNice=7a37b0e4e2a41d3a3582&amp;width=480&amp;height=270&amp;subt=false\" width=\"480\" height=\"270\" frameborder=\"0\"><\/iframe><\/p>\n<p><span style=\"font-size: 24px; color: #40a8a0;\"><strong>Per fer la preinscripci\u00f3 telem\u00e0tica<\/strong><\/span><\/p>\n<ol>\n<li>Per fer la nostra <a href=\"http:\/\/ensenyament.gencat.cat\/ca\/tramits\/tramits-temes\/20483-obligatoris?moda=1\">sol\u00b7licitud<\/a>, omplim l\u2019aplicatiu, l\u2019enviem i ens baixem el resguard de sol.licitud.<\/li>\n<li>Necessitareu l\u2019IDALU o n\u00famero RALC de l\u2019alumne, si el vostre centre no us l\u2019ha proporcionat, el podeu consultar <a href=\"http:\/\/ensenyament.gencat.cat\/ca\/tramits\/tramits-temes\/identificador-alumne\">aqu\u00ed<\/a><\/li>\n<li>Codi del centre: 08053297 \u2013 INSTITUT DE PALLEJ\u00c0<\/li>\n<li>Escanegem el llibre de fam\u00edlia o document relatiu a la filiaci\u00f3.<\/li>\n<li>Escanegem el\/s DNI del\/s progenitor\/s.<\/li>\n<li>Escanegem el DNI de l\u2019alumne\/s (si en t\u00e9).<\/li>\n<li>Escanegem la targeta sanit\u00e0ria (TSI) de l\u2019alumne\/a.<\/li>\n<li>Escanegem la resta de\u00a0<a href=\"http:\/\/ensenyament.gencat.cat\/ca\/tramits\/tramits-temes\/20483-obligatoris?moda=1\">documentaci\u00f3 <\/a>que acrediti alguna prioritat.<\/li>\n<li>Enviem els documents al correu de l\u2019Institut de Pallej\u00e0 (<a href=\"mailto:a8053297@xtec.cat\">a8053297@xtec.cat<\/a>), indicant a l\u2019assumpte \u2018Preinscripci\u00f3 1r ESO_ NOM I COGNOMS DE L\u2019ALUMNE\/A\u2019.<\/li>\n<\/ol>\n<p>El centre us enviar\u00e0 al vostre correu electr\u00f2nic la confirmaci\u00f3 de que s\u2019ha rebut la vostra preinscripci\u00f3 i documentaci\u00f3.<\/p>\n<p>Si no teniu esc\u00e0ner i heu de fotografiar la documentaci\u00f3 us suggerim que feu servir, per exemple, una APP gratu\u00efta com <a href=\"https:\/\/play.google.com\/store\/apps\/details?id=com.appxy.tinyscanner&amp;hl=es\">Tiny Scanner<\/a> o \u00a0<a href=\"https:\/\/play.google.com\/store\/apps\/details?id=com.intsig.camscanner&amp;hl=es_419\">CamScanner, <\/a>\u00a0ja que millora la qualitat de la c\u00f2pia.<\/p>\n<p><span style=\"font-size: 24px; color: #40a8a0;\"><strong>Per fer la preinscripci\u00f3 presencial<br \/>\n<span style=\"font-size: 20px;\">(nom\u00e9s si \u00e9s imprescindible)<\/span><br \/>\n<\/strong><\/span>Si\u00a0<strong>excepcionalment<\/strong>\u00a0no es pogu\u00e9s fer la preinscripci\u00f3 telem\u00e0ticament, l\u2019institut obrir\u00e0 per fer-la de forma presencial del 19 al 22 de maig de 10:00 a 13:00h i\u00a0mitjan\u00e7ant cita pr\u00e8via,\u00a0que quedar\u00e0 habilitada a partir del dia 13 de maig. <strong>NO PUGEU A L\u2019INSTITUT SENSE TENIR CITA PR\u00c8VIA PERQU\u00c8 NO US PODREM ATENDRE. <\/strong><\/p>\n<p>Si la preinscripci\u00f3 es fa de forma presencial, el dia que tingueu cita, heu d\u2019anar al centre seguint \u00a0les seg\u00fcents recomanacions:<\/p>\n<ol>\n<li>Al centre hi ha d\u2019anar el menor nombre possible de persones a fer les gestions (preferiblement,\u00a0una sola persona)<\/li>\n<li>Cal portar\u00a0la documentaci\u00f3 per a poder-la escanejar o fotocopiar i, si pot ser,\u00a0la sol\u00b7licitud emplenada\u00a0des de casa\u00a0i <strong>portar-se el bol\u00edgraf de casa<\/strong>.<\/li>\n<li>Portar\u00a0mascareta\u00a0i\u00a0guants<\/li>\n<li>No\u00a0poden acudir les\u00a0persones\u00a0de grups\u00a0d\u2019especial vulnerabilitat\u00a0o\u00a0en per\u00edode de\u00a0confinament,\u00a0o\u00a0que\u00a0presentin s\u00edmptomes. En aquest cas,\u00a0poden autoritzar per escrit a una altra persona\u00a0a portar la sol\u00b7licitud i la documentaci\u00f3.<\/li>\n<\/ol>\n<p><strong>Horari de secretaria<\/strong> per a les cites presencials:<br \/>\nDimarts 19, dimecres 20, dijous 21 i divendres 22 de maig de 10:00 a 13:00 h.<\/p>\n<p><span style=\"font-size: 36px; color: #40a8a0;\"><strong>Informaci\u00f3 \u00fatil<\/strong><\/span><\/p>\n<ul>\n<li><a href=\"https:\/\/docs.google.com\/document\/d\/1SA---Rgx5fWY018QJ4p_Coe53GL114-mS_AUTLoGTUU\/edit?usp=sharing\">Barem<\/a><\/li>\n<li><a href=\"https:\/\/docs.google.com\/document\/d\/14au7_-pipmHUEHoEo-Jc-ZPPwo30upqk29MyCfqpxc4\/edit?usp=sharing\">Calendari de preinscripci\u00f3\u00a0<\/a>(el calendari del mes de juny pot variar en funci\u00f3 de l\u2019evoluci\u00f3 de la pand\u00e8mia)<\/li>\n<li><a href=\"https:\/\/agora.xtec.cat\/ies-palleja\/preinscripcio-eso-2020-21\/oferta-provisional-de-places\/\">Oferta inicial i provisional de places de l\u2019ESO<\/a><\/li>\n<li><a href=\"http:\/\/ensenyament.gencat.cat\/web\/shared\/OVT\/Departaments\/ENS\/TramitOVT\/preinscripcio\/obligatoris\/A42.pdf\">Sol\u00b7licitud de preinscripci\u00f3\u00a0<\/a>\u00a0pdf emplenable. NOM\u00c9S PER LES FAM\u00cdLIES QUE, EXCEPCIONALMENT; FACIN LA PREINSCRIPCI\u00d3 PRESENCIAL. Per a que sigui v\u00e0lid l\u2019hem de baixar al nostre ordinador, desar-lo, omplir-lo i tornar-lo a desar. ATENCI\u00d3: Si no ho fem aix\u00ed no quedar\u00e0 ben fet.<\/li>\n<li>Contacte amb el centre:<br \/>\n<strong>Correu electr\u00f2nic del centre:<\/strong>\u00a0\u00a0<a href=\"mailto:a8053297@xtec.cat\">a8053297@xtec.cat<\/a><br \/>\n<strong>Tel\u00e8fon:<\/strong>\u00a0per a la preinscripci\u00f3 EXCLUSIVAMENT (13-22 maig)<br \/>\n<span style=\"font-size: 16px;\">M\u00f2bil\u00a0<strong>642 226 178<\/strong>\u00a0(de 10:00 h \u2013 13:00 h).<\/span><\/li>\n<li><a href=\"https:\/\/agora.xtec.cat\/ies-palleja\/wp-content\/uploads\/usu889\/2020\/06\/INFORME_BAREM_RESOLTES_BAREM.pdf\"><span style=\"font-size: large;\"><span style=\"font-size: 16px;\">Llista de sol\u00b7licituds amb el barem resoltes les reclamacions a 09\/06\/2020<\/span><\/span><\/a><\/li>\n<li><span style=\"font-size: 16px;\"><a href=\"https:\/\/agora.xtec.cat\/ies-palleja\/wp-content\/uploads\/usu889\/2020\/07\/Llistat-definitiu-1r-ESO.pdf\">Llistes definitives amb les sol\u00b7licituds ordenades<\/a><\/span><\/li>\n<\/ul>\n","protected":false},"excerpt":{"rendered":"<p>Informaci\u00f3 sobre la\u00a0preinscripci\u00f3 a l\u2019ESO per al curs 2020\/2021 Presentaci\u00f3 de sol\u00b7licituds: del 13 al 22 de maig D\u2019acord amb les indicacions del Departament d\u2019Educaci\u00f3 la presentaci\u00f3 de sol\u00b7licituds s\u2019haur\u00e0 de fer principalment per via telem\u00e0tica Informaci\u00f3 sobre el centre Codi de l\u2019Institut de Pallej\u00e0: 08053297 Bases del projecte educatiu Jornada Portes obertes ESO V\u00eddeo [&hellip;]<\/p>\n","protected":false},"author":5,"featured_media":0,"parent":2397,"menu_order":0,"comment_status":"closed","ping_status":"closed","template":"page-templates\/side-menu.php","meta":{"_bbp_topic_count":0,"_bbp_reply_count":0,"_bbp_total_topic_count":0,"_bbp_total_reply_count":0,"_bbp_voice_count":0,"_bbp_anonymous_reply_count":0,"_bbp_topic_count_hidden":0,"_bbp_reply_count_hidden":0,"_bbp_forum_subforum_count":0,"site-sidebar-layout":"default","site-content-layout":"","ast-site-content-layout":"","site-content-style":"default","site-sidebar-style":"default","ast-global-header-display":"","ast-banner-title-visibility":"","ast-main-header-display":"","ast-hfb-above-header-display":"","ast-hfb-below-header-display":"","ast-hfb-mobile-header-display":"","site-post-title":"","ast-breadcrumbs-content":"","ast-featured-img":"","footer-sml-layout":"","theme-transparent-header-meta":"","adv-header-id-meta":"","stick-header-meta":"","header-above-stick-meta":"","header-main-stick-meta":"","header-below-stick-meta":"","astra-migrate-meta-layouts":"default","ast-page-background-enabled":"default","ast-page-background-meta":{"desktop":{"background-color":"var(--ast-global-color-4)","background-image":"","background-repeat":"repeat","background-position":"center center","background-size":"auto","background-attachment":"scroll","background-type":"","background-media":"","overlay-type":"","overlay-color":"","overlay-opacity":"","overlay-gradient":""},"tablet":{"background-color":"","background-image":"","background-repeat":"repeat","background-position":"center center","background-size":"auto","background-attachment":"scroll","background-type":"","background-media":"","overlay-type":"","overlay-color":"","overlay-opacity":"","overlay-gradient":""},"mobile":{"background-color":"","background-image":"","background-repeat":"repeat","background-position":"center center","background-size":"auto","background-attachment":"scroll","background-type":"","background-media":"","overlay-type":"","overlay-color":"","overlay-opacity":"","overlay-gradient":""}},"ast-content-background-meta":{"desktop":{"background-color":"var(--ast-global-color-5)","background-image":"","background-repeat":"repeat","background-position":"center center","background-size":"auto","background-attachment":"scroll","background-type":"","background-media":"","overlay-type":"","overlay-color":"","overlay-opacity":"","overlay-gradient":""},"tablet":{"background-color":"var(--ast-global-color-5)","background-image":"","background-repeat":"repeat","background-position":"center center","background-size":"auto","background-attachment":"scroll","background-type":"","background-media":"","overlay-type":"","overlay-color":"","overlay-opacity":"","overlay-gradient":""},"mobile":{"background-color":"var(--ast-global-color-5)","background-image":"","background-repeat":"repeat","background-position":"center center","background-size":"auto","background-attachment":"scroll","background-type":"","background-media":"","overlay-type":"","overlay-color":"","overlay-opacity":"","overlay-gradient":""}},"footnotes":""},"class_list":["post-2263","page","type-page","status-publish","hentry"],"post_mailing_queue_ids":[],"_links":{"self":[{"href":"https:\/\/agora.xtec.cat\/ies-palleja\/wp-json\/wp\/v2\/pages\/2263","targetHints":{"allow":["GET"]}}],"collection":[{"href":"https:\/\/agora.xtec.cat\/ies-palleja\/wp-json\/wp\/v2\/pages"}],"about":[{"href":"https:\/\/agora.xtec.cat\/ies-palleja\/wp-json\/wp\/v2\/types\/page"}],"author":[{"embeddable":true,"href":"https:\/\/agora.xtec.cat\/ies-palleja\/wp-json\/wp\/v2\/users\/5"}],"replies":[{"embeddable":true,"href":"https:\/\/agora.xtec.cat\/ies-palleja\/wp-json\/wp\/v2\/comments?post=2263"}],"version-history":[{"count":4,"href":"https:\/\/agora.xtec.cat\/ies-palleja\/wp-json\/wp\/v2\/pages\/2263\/revisions"}],"predecessor-version":[{"id":2453,"href":"https:\/\/agora.xtec.cat\/ies-palleja\/wp-json\/wp\/v2\/pages\/2263\/revisions\/2453"}],"up":[{"embeddable":true,"href":"https:\/\/agora.xtec.cat\/ies-palleja\/wp-json\/wp\/v2\/pages\/2397"}],"wp:attachment":[{"href":"https:\/\/agora.xtec.cat\/ies-palleja\/wp-json\/wp\/v2\/media?parent=2263"}],"curies":[{"name":"wp","href":"https:\/\/api.w.org\/{rel}","templated":true}]}}