{"id":951,"date":"2020-06-08T01:08:07","date_gmt":"2020-06-07T23:08:07","guid":{"rendered":"https:\/\/agora.xtec.cat\/ies-olivar-gran\/?page_id=951"},"modified":"2026-04-15T17:53:08","modified_gmt":"2026-04-15T15:53:08","slug":"preinscripcio","status":"publish","type":"page","link":"https:\/\/agora.xtec.cat\/ies-olivar-gran\/secretaria\/preinscripcio\/","title":{"rendered":"Preinscripci\u00f3"},"content":{"rendered":"\n<h3 class=\"wp-block-heading\"><strong><span style=\"color: #000000;\">CURS 2026-27<\/span><\/strong><\/h3>\n\n\n\n<p>Trobareu aqu\u00ed tota la informaci\u00f3 espec\u00edfica sobre la preinscripci\u00f3 i matr\u00edcula de l\u2019Institut Olivar Gran.<\/p>\n\n\n\n<p>Podreu consultar el calendari, horaris per fer la gesti\u00f3, instruccions, impresos, \u2026 a mesura que estiguin disponibles. Per tant, aquesta informaci\u00f3 \u00e9s provisional i s\u2019anir\u00e0 actualitzant a mesura que es vagi publicant des del Departament d\u2019Educaci\u00f3.<\/p>\n\n\n\n<p>Tota la informaci\u00f3 general sobre el proc\u00e9s de preinscripci\u00f3 la trobareu a la p\u00e0gina oficial&nbsp; del Departament d\u2019Educaci\u00f3&nbsp;<a href=\"https:\/\/preinscripcio.gencat.cat\/ca\/inici\/\" target=\"_blank\" rel=\"noopener noreferrer\"><strong>preinscripcio.gencat.cat<\/strong><\/a><strong>.<\/strong><\/p>\n\n\n\n<figure class=\"wp-block-table  aligncenter\"><table class=\"has-fixed-layout\"><tbody><tr><td><a href=\"https:\/\/agora.xtec.cat\/ies-olivar-gran\/secretaria\/preinscripcio\/preinscripcio-eso-nomes-alumnat-nou-al-centre-2\/\"><span style=\"color: #000000;\"><strong>Preinscripci\u00f3 ESO (NOM\u00c9S ALUMNAT NOU AL CENTRE)<\/strong><\/span><\/a><\/td><td><strong>del 6  al 18 de mar\u00e7 de 2026<\/strong><\/td><\/tr><tr><td><a href=\"https:\/\/agora.xtec.cat\/ies-olivar-gran\/secretaria\/preinscripcio\/preinscripcio-batxibac-nomes-alumnat-nou-al-centre-2\/\"><span style=\"color: #000000;\"><strong>Preinscripci\u00f3 BATXIBAC (NOM\u00c9S ALUMNAT NOU AL CENTRE)<\/strong><\/span><\/a><\/td><td><strong>del 20 al 27 de mar\u00e7 de 2026<\/strong><\/td><\/tr><tr><td colspan=\"2\">Recomanem que els interessats en cursar Batxibac envi\u00efn correu a <strong><a href=\"mailto:administracio@olivargran.cat\">administracio@olivargran.cat<\/a><\/strong><\/td><\/tr><tr><td><a href=\"https:\/\/agora.xtec.cat\/ies-olivar-gran\/secretaria\/preinscripcio\/preinscripcio-bat-nomes-alumnat-nou-al-centre\/\"><span style=\"color: #000000;\"><strong>Preinscripci\u00f3 BATXILLERAT (NOM\u00c9S ALUMNAT NOU AL CENTRE)<\/strong><\/span><\/a><\/td><td><strong>del 9 al 16  d&#8217;abril de 2026<\/strong><\/td><\/tr><tr><td><a href=\"https:\/\/agora.xtec.cat\/ies-olivar-gran\/secretaria\/preinscripcio\/preinscripcio-fp-basica\/\"><span style=\"color: #000000;\"><strong>Preinscripci\u00f3 CF Grau B\u00e0sic<\/strong><\/span><\/a><\/td><td><strong>del 4 al 13 de maig de 2026<\/strong><\/td><\/tr><tr><td colspan=\"2\"><span style=\"color: #000000;\">En cas de falta de documentaci\u00f3, consulteu amb el centre. Podeu descarregar-vos el document per formalitzar la sol\u00b7licitud clicant <strong><span style=\"text-decoration: underline;\"><a href=\"https:\/\/documents.espai.educacio.gencat.cat\/FormularisModels\/CentresGestioAdministrativa\/A151.pdf\" target=\"_blank\" rel=\"noopener\">aqu\u00ed<\/a><\/span>. <\/strong>Document important a entregar: <strong>consell orientador (documentaci\u00f3 oficial)<\/strong>, baixa&#8217;l clicant <strong><a href=\"https:\/\/agora.xtec.cat\/ies-olivar-gran\/wp-content\/uploads\/usu2116\/2022\/05\/2022_ConsellOrientador_FPBasica.pdf\" target=\"_blank\" rel=\"noopener\">aqu\u00ed<\/a>.<br><\/strong><\/span><\/td><\/tr><tr><td><a href=\"https:\/\/agora.xtec.cat\/ies-olivar-gran\/secretaria\/preinscripcio\/preinscripcio-cicles-grau-mig\/\"><span style=\"color: #000000;\"><strong>Preinscripci\u00f3 CICLES FORMATIUS DE GRAU MITJ\u00c0 (TOT L&#8217;ALUMNAT)<\/strong><\/span><\/a><\/td><td><strong>del 26 de maig a l&#8217;1 de juny de 2026<\/strong><\/td><\/tr><tr><td colspan=\"2\">Si desitgeu rebre m\u00e9s informaci\u00f3 sobre els nostres cicles podeu trucar al tel\u00e8fon <strong><a href=\"tel:+972504562\">972504562<\/a> <\/strong>o enviar correu a <strong><a href=\"mailto:administracio@olivargran.cat\">administracio@olivargran.cat<\/a><\/strong><\/td><\/tr><tr><td><a href=\"https:\/\/agora.xtec.cat\/ies-olivar-gran\/secretaria\/preinscripcio\/preinscripcio-cicles-grau-superior\/\"><span style=\"color: #000000;\"><strong>Preinscripci\u00f3 CICLES FORMATIUS DE GRAU SUPERIOR (TOT L&#8217;ALUMNAT)<\/strong><\/span><\/a><\/td><td><strong>del 26 de maig a l&#8217;1 de juny de 2026<\/strong><\/td><\/tr><tr><td colspan=\"2\">Si desitgeu rebre m\u00e9s informaci\u00f3 sobre els nostres cicles podeu trucar al tel\u00e8fon <strong><a href=\"tel:+972504562\">972504562<\/a> <\/strong>o enviar correu a <strong><a href=\"mailto:administracio@olivargran.cat\">administracio@olivargran.cat<\/a><\/strong><\/td><\/tr><tr><td><a href=\"https:\/\/agora.xtec.cat\/ies-olivar-gran\/secretaria\/preinscripcio\/preinscripcio-pfi-ptt-2\/\"><span style=\"color: #000000;\"><strong>Preinscripci\u00f3 PFI<\/strong><\/span><\/a><\/td><td><strong>del 4 al 13 de maig 2026<\/strong><\/td><\/tr><tr><td><a href=\"https:\/\/agora.xtec.cat\/ies-olivar-gran\/secretaria\/preinscripcio\/preinscripcio-ife\/\" target=\"_blank\" rel=\"noopener noreferrer\"><span style=\"color: #000000;\"><strong>Preinscripci\u00f3 IFE (HT10 Auxiliar en Serveis de Restauraci\u00f3 i Elaboraci\u00f3 d&#8217;\u00c0pats)<\/strong><\/span><\/a><\/td><td><strong>de l&#8217;11 al 22 de maig de 2026<\/strong><\/td><\/tr><\/tbody><\/table><\/figure>\n","protected":false},"excerpt":{"rendered":"<p>CURS 2026-27 Trobareu aqu\u00ed tota la informaci\u00f3 espec\u00edfica sobre la preinscripci\u00f3 i matr\u00edcula de l\u2019Institut Olivar Gran. Podreu consultar el calendari, horaris per fer la gesti\u00f3, instruccions, impresos, \u2026 a mesura que estiguin disponibles. Per tant, aquesta informaci\u00f3 \u00e9s provisional i s\u2019anir\u00e0 actualitzant a mesura que es vagi publicant des del Departament d\u2019Educaci\u00f3. Tota la [&hellip;]<\/p>\n","protected":false},"author":1,"featured_media":0,"parent":81,"menu_order":2,"comment_status":"closed","ping_status":"closed","template":"page-templates\/side-menu.php","meta":{"_bbp_topic_count":0,"_bbp_reply_count":0,"_bbp_total_topic_count":0,"_bbp_total_reply_count":0,"_bbp_voice_count":0,"_bbp_anonymous_reply_count":0,"_bbp_topic_count_hidden":0,"_bbp_reply_count_hidden":0,"_bbp_forum_subforum_count":0,"site-sidebar-layout":"default","site-content-layout":"","ast-site-content-layout":"default","site-content-style":"default","site-sidebar-style":"default","ast-global-header-display":"","ast-banner-title-visibility":"","ast-main-header-display":"","ast-hfb-above-header-display":"","ast-hfb-below-header-display":"","ast-hfb-mobile-header-display":"","site-post-title":"","ast-breadcrumbs-content":"","ast-featured-img":"","footer-sml-layout":"","theme-transparent-header-meta":"","adv-header-id-meta":"","stick-header-meta":"","header-above-stick-meta":"","header-main-stick-meta":"","header-below-stick-meta":"","astra-migrate-meta-layouts":"set","ast-page-background-enabled":"default","ast-page-background-meta":{"desktop":{"background-color":"var(--ast-global-color-4)","background-image":"","background-repeat":"repeat","background-position":"center center","background-size":"auto","background-attachment":"scroll","background-type":"","background-media":"","overlay-type":"","overlay-color":"","overlay-opacity":"","overlay-gradient":""},"tablet":{"background-color":"","background-image":"","background-repeat":"repeat","background-position":"center center","background-size":"auto","background-attachment":"scroll","background-type":"","background-media":"","overlay-type":"","overlay-color":"","overlay-opacity":"","overlay-gradient":""},"mobile":{"background-color":"","background-image":"","background-repeat":"repeat","background-position":"center center","background-size":"auto","background-attachment":"scroll","background-type":"","background-media":"","overlay-type":"","overlay-color":"","overlay-opacity":"","overlay-gradient":""}},"ast-content-background-meta":{"desktop":{"background-color":"var(--ast-global-color-5)","background-image":"","background-repeat":"repeat","background-position":"center center","background-size":"auto","background-attachment":"scroll","background-type":"","background-media":"","overlay-type":"","overlay-color":"","overlay-opacity":"","overlay-gradient":""},"tablet":{"background-color":"var(--ast-global-color-5)","background-image":"","background-repeat":"repeat","background-position":"center center","background-size":"auto","background-attachment":"scroll","background-type":"","background-media":"","overlay-type":"","overlay-color":"","overlay-opacity":"","overlay-gradient":""},"mobile":{"background-color":"var(--ast-global-color-5)","background-image":"","background-repeat":"repeat","background-position":"center center","background-size":"auto","background-attachment":"scroll","background-type":"","background-media":"","overlay-type":"","overlay-color":"","overlay-opacity":"","overlay-gradient":""}},"footnotes":""},"class_list":["post-951","page","type-page","status-publish","hentry"],"post_mailing_queue_ids":[],"_links":{"self":[{"href":"https:\/\/agora.xtec.cat\/ies-olivar-gran\/wp-json\/wp\/v2\/pages\/951","targetHints":{"allow":["GET"]}}],"collection":[{"href":"https:\/\/agora.xtec.cat\/ies-olivar-gran\/wp-json\/wp\/v2\/pages"}],"about":[{"href":"https:\/\/agora.xtec.cat\/ies-olivar-gran\/wp-json\/wp\/v2\/types\/page"}],"author":[{"embeddable":true,"href":"https:\/\/agora.xtec.cat\/ies-olivar-gran\/wp-json\/wp\/v2\/users\/1"}],"replies":[{"embeddable":true,"href":"https:\/\/agora.xtec.cat\/ies-olivar-gran\/wp-json\/wp\/v2\/comments?post=951"}],"version-history":[{"count":6,"href":"https:\/\/agora.xtec.cat\/ies-olivar-gran\/wp-json\/wp\/v2\/pages\/951\/revisions"}],"predecessor-version":[{"id":14898,"href":"https:\/\/agora.xtec.cat\/ies-olivar-gran\/wp-json\/wp\/v2\/pages\/951\/revisions\/14898"}],"up":[{"embeddable":true,"href":"https:\/\/agora.xtec.cat\/ies-olivar-gran\/wp-json\/wp\/v2\/pages\/81"}],"wp:attachment":[{"href":"https:\/\/agora.xtec.cat\/ies-olivar-gran\/wp-json\/wp\/v2\/media?parent=951"}],"curies":[{"name":"wp","href":"https:\/\/api.w.org\/{rel}","templated":true}]}}