{"id":5194,"date":"2021-04-17T13:10:14","date_gmt":"2021-04-17T11:10:14","guid":{"rendered":"https:\/\/agora.xtec.cat\/ies-olivar-gran\/?page_id=5194"},"modified":"2026-04-29T10:18:14","modified_gmt":"2026-04-29T08:18:14","slug":"preinscripcio-pfi-ptt-2","status":"publish","type":"page","link":"https:\/\/agora.xtec.cat\/ies-olivar-gran\/secretaria\/preinscripcio\/preinscripcio-pfi-ptt-2\/","title":{"rendered":"Preinscripci\u00f3 PFI"},"content":{"rendered":"<h3><span style=\"text-decoration: underline; color: #000000;\"><strong><img loading=\"lazy\" decoding=\"async\" class=\"alignright wp-image-5200\" src=\"https:\/\/agora.xtec.cat\/ies-olivar-gran\/wp-content\/uploads\/usu2116\/2021\/04\/pixlr-bg-result-11-300x258.png\" alt=\"\" width=\"360\" height=\"310\" srcset=\"https:\/\/agora.xtec.cat\/ies-olivar-gran\/wp-content\/uploads\/usu2116\/2021\/04\/pixlr-bg-result-11-300x258.png 300w, https:\/\/agora.xtec.cat\/ies-olivar-gran\/wp-content\/uploads\/usu2116\/2021\/04\/pixlr-bg-result-11.png 735w\" sizes=\"auto, (max-width: 360px) 100vw, 360px\" \/>PREINSCRIPCI\u00d3 PFI CURS 2026-27<\/strong><\/span><\/h3>\n<p><span style=\"color: #000000;\"><strong>del 4 al 13 de maig de 2026<\/strong><\/span><\/p>\n<p>Tota la informaci\u00f3 general sobre el proc\u00e9s de preinscripci\u00f3 la trobareu a la p\u00e0gina oficial\u00a0 del Departament d\u2019Educaci\u00f3 <a href=\"https:\/\/preinscripcio.gencat.cat\/ca\/estudis\/pfi\/inici\/\" target=\"_blank\" rel=\"noopener noreferrer\">https:\/\/preinscripcio.gencat.cat\/ca\/estudis\/pfi\/inici\/<\/a><\/p>\n<p><a href=\"https:\/\/agora.xtec.cat\/ies-olivar-gran\/wp-content\/uploads\/usu2116\/2022\/03\/Explicacio-continguts-acces-continuitat-vendes.pdf\" target=\"_blank\" rel=\"noopener\">Explicaci\u00f3 i continguts &#8211; Auxiliar d&#8217;hoteleria: Cuina i serveis en restauraci\u00f3<\/a><\/p>\n<p>Per a qualsevol tr\u00e0mit i\/o consulta sobre el PFI de Aux. d&#8217;hoteleria cal adre\u00e7ar-se a:<\/p>\n<table style=\"width: 294px; border-style: solid; border-color: #fff;\">\n<tbody>\n<tr>\n<td style=\"border-style: solid; border-color: #ffffff; width: 20px;\"><\/td>\n<td style=\"border-style: solid; border-color: #ffffff; width: 95.3333px;\"><img loading=\"lazy\" decoding=\"async\" class=\"aligncenter size-full wp-image-9807\" src=\"https:\/\/agora.xtec.cat\/ies-olivar-gran\/wp-content\/uploads\/usu2116\/2023\/03\/guies-estudi-pfi-centres.jpg_2147148254.jpg\" alt=\"\" width=\"271\" height=\"271\" srcset=\"https:\/\/agora.xtec.cat\/ies-olivar-gran\/wp-content\/uploads\/usu2116\/2023\/03\/guies-estudi-pfi-centres.jpg_2147148254.jpg 271w, https:\/\/agora.xtec.cat\/ies-olivar-gran\/wp-content\/uploads\/usu2116\/2023\/03\/guies-estudi-pfi-centres.jpg_2147148254-150x150.jpg 150w\" sizes=\"auto, (max-width: 271px) 100vw, 271px\" \/><\/td>\n<td style=\"border-style: solid; border-color: #ffffff; width: 147.333px;\"><strong><span style=\"font-size: 8pt;\">Avinguda M\u00aa \u00c0ngels Anglada 15<\/span><\/strong><strong><span style=\"font-size: 8pt;\">Tel\u00e8fon 972905997<\/span><\/strong><a href=\"mailto:ramon.ferrer@olivargran.cat\"><span style=\"font-size: 10.6667px;\"><b>ramon.ferrer@olivargran.cat<\/b><\/span><\/a><\/td>\n<\/tr>\n<\/tbody>\n<\/table>\n<p>Per a qualsevol tr\u00e0mit i\/o consulta sobre els PFI vendes i log\u00edstica cal adre\u00e7ar-se a:<\/p>\n<table style=\"width: 294px; border-style: solid; border-color: #fff;\">\n<tbody>\n<tr>\n<td style=\"border-style: solid; border-color: #ffffff; width: 20px;\"><\/td>\n<td style=\"border-style: solid; border-color: #ffffff; width: 20px;\"><\/td>\n<td style=\"border-style: solid; border-color: #ffffff; width: 95.3333px;\"><img loading=\"lazy\" decoding=\"async\" class=\"size-full wp-image-4736 alignleft\" style=\"font-size: 16px;\" src=\"https:\/\/agora.xtec.cat\/ies-olivar-gran\/wp-content\/uploads\/usu2116\/2021\/03\/pfi-ptt.png\" alt=\"\" width=\"67\" height=\"67\" \/><\/td>\n<td style=\"border-style: solid; border-color: #ffffff; width: 147.333px;\"><strong><span style=\"font-size: 8pt;\">Pla de transici\u00f3 al treball<\/span><\/strong><strong><span style=\"font-size: 8pt;\">Ronda Sud, 3 de Figueres<\/span><\/strong><strong><span style=\"font-size: 8pt;\">Centre Formaci\u00f3 Integrat\u00a0<\/span><\/strong><\/p>\n<p><strong><span style=\"font-size: 8pt;\">Tel\u00e8fon 972511296<\/span><\/strong><\/p>\n<p><a href=\"mailto:b7960007@xtec.cat\"><strong><span style=\"font-size: 8pt;\">b7960007@xtec.cat<\/span><\/strong><\/a><\/td>\n<\/tr>\n<\/tbody>\n<\/table>\n<p><span style=\"color: #087eb6;\"><strong><u><span style=\"font-size: 14pt;\">CALENDARI<\/span><\/u><\/strong><\/span><\/p>\n<ul>\n<li>Publicaci\u00f3 de l&#8217;oferta inicial de places: 30 d&#8217;abril de 2026.<\/li>\n<li><strong>Per\u00edode de presentaci\u00f3 de sol\u00b7licituds: del 4 al 13 de maig de 2026, ambd\u00f3s inclosos. La documentaci\u00f3 es pot presentar fins al 14 de maig de 2026.<\/strong><\/li>\n<li>Entrevistes d&#8217;orientaci\u00f3 i valoraci\u00f3 de l&#8217;adequaci\u00f3 del programa a la situaci\u00f3, els interessos, motivaci\u00f3 i aptituds de l&#8217;alumne\/a aix\u00ed com a la seva manca d&#8217;experi\u00e8ncia laboral: del 4 al 26 de maig de 2026, segons la convocat\u00f2ria individual feta pel centre.<\/li>\n<li>Publicaci\u00f3 de les llistes de sol\u00b7licituds amb la puntuaci\u00f3: 28 de maig de 2026.<\/li>\n<li>Sorteig del n\u00famero de desempat: 8 de juny de 2026, a les 11 hores, als serveis centrals del Departament d&#8217;Educaci\u00f3 (Via Augusta, 202-220 de Barcelona).<\/li>\n<li>Termini de reclamaci\u00f3 a les llistes de sol\u00b7licituds amb la puntuaci\u00f3: del 28 de maig al 3 de juny de 2026.<\/li>\n<li>Publicaci\u00f3 de les llistes de sol\u00b7licituds amb la puntuaci\u00f3, un cop resoltes les reclamacions: 8 de juny de 2026.<\/li>\n<li>Publicaci\u00f3 de la llista ordenada: 11 de juny de 2026.<\/li>\n<li>Per\u00edode d&#8217;ampliacions de peticions per a les sol\u00b7licituds de preinscripci\u00f3 sense assignaci\u00f3: del 25 al 29 de juny de 2026, ambd\u00f3s inclosos.<\/li>\n<li>Publicaci\u00f3 de l&#8217;oferta final: 3 de juliol de 2026.<\/li>\n<li>Publicaci\u00f3 de les relacions d&#8217;alumnes admesos i llista d&#8217;espera: 3 de juliol de 2026.<\/li>\n<li><strong>Per\u00edode de matr\u00edcula: del 6 al 10 de juliol de 2026, ambd\u00f3s inclosos.<\/strong><\/li>\n<\/ul>\n<p><span style=\"color: #087eb6;\"><strong><u><span style=\"font-size: 14pt;\">PUBLICACIONS PROC\u00c9S DE PREINSCRIPCI\u00d3 DE L\u2019INSTITUT OLIVAR GRAN 2025-26<\/span><\/u><\/strong><\/span><\/p>\n<ul>\n<li><a href=\"https:\/\/agora.xtec.cat\/ies-olivar-gran\/wp-content\/uploads\/usu2116\/2026\/04\/Publicacio-oferta-places-inicial-PFI.pdf\" target=\"_blank\" rel=\"noopener\">Oferta inicial de places<\/a><\/li>\n<li>Llistat provisional<\/li>\n<li>Llistat resoltes les reclamacions<\/li>\n<li>Llista ordenada<\/li>\n<li>Oferta final de places<\/li>\n<li>Informe assignades<\/li>\n<li>Llista d&#8217;espera<\/li>\n<li>Informe prescrites<\/li>\n<\/ul>\n<p><span style=\"color: #087eb6;\"><strong><u><span style=\"font-size: 14pt;\">EL NOSTRE TR\u00cdPTIC<\/span><\/u><\/strong><\/span><\/p>\n<p><iframe loading=\"lazy\" src=\"https:\/\/agora.xtec.cat\/ies-olivar-gran\/wp-content\/uploads\/usu2116\/2024\/04\/Triptic-PTT-2-perfils-curs-2024-25.pdf\" width=\"800\" height=\"1200\"><span data-mce-type=\"bookmark\" style=\"display: inline-block; width: 0px; overflow: hidden; line-height: 0;\" class=\"mce_SELRES_start\">\ufeff<\/span><\/iframe><\/p>\n<p><strong><span style=\"font-size: 14pt; color: #087eb6;\">ALTRES DOCUMENTS:<\/span><\/strong><\/p>\n<ul>\n<li><a href=\"https:\/\/agora.xtec.cat\/ies-olivar-gran\/wp-content\/uploads\/usu2116\/2023\/04\/CARTELL-PFI-PTT.pdf\" target=\"_blank\" rel=\"noopener\">Preinscripci\u00f3 Cartell PFI-PTT Figueres<\/a><\/li>\n<li><a href=\"https:\/\/agora.xtec.cat\/ies-olivar-gran\/wp-content\/uploads\/usu2116\/2022\/03\/Explicacio-continguts-continuitat-logistica.pdf\" target=\"_blank\" rel=\"noopener\">Explicaci\u00f3 i continguts &#8211; Auxiliar de Comercialitzaci\u00f3 de Productes i Log\u00edstica<\/a><\/li>\n<li><a href=\"https:\/\/agora.xtec.cat\/ies-olivar-gran\/wp-content\/uploads\/usu2116\/2022\/03\/Explicacio-continguts-acces-continuitat-vendes.pdf\" target=\"_blank\" rel=\"noopener\">Explicaci\u00f3 i continguts &#8211; Auxiliar de Vendes, Oficina i Atenci\u00f3 al P\u00fablic<\/a><\/li>\n<li><a href=\"https:\/\/agora.xtec.cat\/ies-olivar-gran\/wp-content\/uploads\/usu2116\/2022\/03\/resum-PFI-vendes-i-logistica-actualitzat-CAM-.pdf\" target=\"_blank\" rel=\"noopener\">Resum gen\u00e8ric del Programa de Formaci\u00f3 i Inserci\u00f3 de Figueres (PFI-PTT Figueres)<\/a><\/li>\n<li><a href=\"https:\/\/agora.xtec.cat\/ies-olivar-gran\/wp-content\/uploads\/usu2116\/2022\/03\/Novetats-per-lOrientacio-en-Programes-de-Formacio-i-Insercio-2022.pdf\" target=\"_blank\" rel=\"noopener\">Explicaci\u00f3 Programes de Formaci\u00f3 i Inserci\u00f3 (PFI)<\/a><\/li>\n<\/ul>\n","protected":false},"excerpt":{"rendered":"<p>PREINSCRIPCI\u00d3 PFI CURS 2026-27 del 4 al 13 de maig de 2026 Tota la informaci\u00f3 general sobre el proc\u00e9s de preinscripci\u00f3 la trobareu a la p\u00e0gina oficial\u00a0 del Departament d\u2019Educaci\u00f3 https:\/\/preinscripcio.gencat.cat\/ca\/estudis\/pfi\/inici\/ Explicaci\u00f3 i continguts &#8211; Auxiliar d&#8217;hoteleria: Cuina i serveis en restauraci\u00f3 Per a qualsevol tr\u00e0mit i\/o consulta sobre el PFI de Aux. d&#8217;hoteleria cal [&hellip;]<\/p>\n","protected":false},"author":1,"featured_media":0,"parent":951,"menu_order":7,"comment_status":"closed","ping_status":"closed","template":"page-templates\/side-menu.php","meta":{"_bbp_topic_count":0,"_bbp_reply_count":0,"_bbp_total_topic_count":0,"_bbp_total_reply_count":0,"_bbp_voice_count":0,"_bbp_anonymous_reply_count":0,"_bbp_topic_count_hidden":0,"_bbp_reply_count_hidden":0,"_bbp_forum_subforum_count":0,"site-sidebar-layout":"default","site-content-layout":"","ast-site-content-layout":"default","site-content-style":"default","site-sidebar-style":"default","ast-global-header-display":"","ast-banner-title-visibility":"","ast-main-header-display":"","ast-hfb-above-header-display":"","ast-hfb-below-header-display":"","ast-hfb-mobile-header-display":"","site-post-title":"","ast-breadcrumbs-content":"","ast-featured-img":"","footer-sml-layout":"","theme-transparent-header-meta":"","adv-header-id-meta":"","stick-header-meta":"","header-above-stick-meta":"","header-main-stick-meta":"","header-below-stick-meta":"","astra-migrate-meta-layouts":"set","ast-page-background-enabled":"default","ast-page-background-meta":{"desktop":{"background-color":"var(--ast-global-color-4)","background-image":"","background-repeat":"repeat","background-position":"center center","background-size":"auto","background-attachment":"scroll","background-type":"","background-media":"","overlay-type":"","overlay-color":"","overlay-opacity":"","overlay-gradient":""},"tablet":{"background-color":"","background-image":"","background-repeat":"repeat","background-position":"center center","background-size":"auto","background-attachment":"scroll","background-type":"","background-media":"","overlay-type":"","overlay-color":"","overlay-opacity":"","overlay-gradient":""},"mobile":{"background-color":"","background-image":"","background-repeat":"repeat","background-position":"center center","background-size":"auto","background-attachment":"scroll","background-type":"","background-media":"","overlay-type":"","overlay-color":"","overlay-opacity":"","overlay-gradient":""}},"ast-content-background-meta":{"desktop":{"background-color":"var(--ast-global-color-5)","background-image":"","background-repeat":"repeat","background-position":"center center","background-size":"auto","background-attachment":"scroll","background-type":"","background-media":"","overlay-type":"","overlay-color":"","overlay-opacity":"","overlay-gradient":""},"tablet":{"background-color":"var(--ast-global-color-5)","background-image":"","background-repeat":"repeat","background-position":"center center","background-size":"auto","background-attachment":"scroll","background-type":"","background-media":"","overlay-type":"","overlay-color":"","overlay-opacity":"","overlay-gradient":""},"mobile":{"background-color":"var(--ast-global-color-5)","background-image":"","background-repeat":"repeat","background-position":"center center","background-size":"auto","background-attachment":"scroll","background-type":"","background-media":"","overlay-type":"","overlay-color":"","overlay-opacity":"","overlay-gradient":""}},"footnotes":""},"class_list":["post-5194","page","type-page","status-publish","hentry"],"post_mailing_queue_ids":[],"_links":{"self":[{"href":"https:\/\/agora.xtec.cat\/ies-olivar-gran\/wp-json\/wp\/v2\/pages\/5194","targetHints":{"allow":["GET"]}}],"collection":[{"href":"https:\/\/agora.xtec.cat\/ies-olivar-gran\/wp-json\/wp\/v2\/pages"}],"about":[{"href":"https:\/\/agora.xtec.cat\/ies-olivar-gran\/wp-json\/wp\/v2\/types\/page"}],"author":[{"embeddable":true,"href":"https:\/\/agora.xtec.cat\/ies-olivar-gran\/wp-json\/wp\/v2\/users\/1"}],"replies":[{"embeddable":true,"href":"https:\/\/agora.xtec.cat\/ies-olivar-gran\/wp-json\/wp\/v2\/comments?post=5194"}],"version-history":[{"count":6,"href":"https:\/\/agora.xtec.cat\/ies-olivar-gran\/wp-json\/wp\/v2\/pages\/5194\/revisions"}],"predecessor-version":[{"id":14958,"href":"https:\/\/agora.xtec.cat\/ies-olivar-gran\/wp-json\/wp\/v2\/pages\/5194\/revisions\/14958"}],"up":[{"embeddable":true,"href":"https:\/\/agora.xtec.cat\/ies-olivar-gran\/wp-json\/wp\/v2\/pages\/951"}],"wp:attachment":[{"href":"https:\/\/agora.xtec.cat\/ies-olivar-gran\/wp-json\/wp\/v2\/media?parent=5194"}],"curies":[{"name":"wp","href":"https:\/\/api.w.org\/{rel}","templated":true}]}}

Preinscripció PFI

<h3><span style="text-decoration: underline; color: #000000;"><strong><img loading="lazy" decoding="async" class="alignright wp-image-5200" src="https://agora.xtec.cat/ies-olivar-gran/wp-content/uploads/usu2116/2021/04/pixlr-bg-result-11-300x258.png" alt="" width="360" height="310" srcset="https://agora.xtec.cat/ies-olivar-gran/wp-content/uploads/usu2116/2021/04/pixlr-bg-result-11-300x258.png 300w, https://agora.xtec.cat/ies-olivar-gran/wp-content/uploads/usu2116/2021/04/pixlr-bg-result-11.png 735w" sizes="auto, (max-width: 360px) 100vw, 360px" />PREINSCRIPCIÓ PFI CURS 2026-27</strong></span></h3>
<p><span style="color: #000000;"><strong>del 4 al 13 de maig de 2026</strong></span></p>
<p>Tota la informació general sobre el procés de preinscripció la trobareu a la pàgina oficial  del Departament d’Educació <a href="https://preinscripcio.gencat.cat/ca/estudis/pfi/inici/" target="_blank" rel="noopener noreferrer">https://preinscripcio.gencat.cat/ca/estudis/pfi/inici/</a></p>
<p><a href="https://agora.xtec.cat/ies-olivar-gran/wp-content/uploads/usu2116/2022/03/Explicacio-continguts-acces-continuitat-vendes.pdf" target="_blank" rel="noopener">Explicació i continguts &#8211; Auxiliar d&#8217;hoteleria: Cuina i serveis en restauració</a></p>
<p>Per a qualsevol tràmit i/o consulta sobre el PFI de Aux. d&#8217;hoteleria cal adreçar-se a:</p>
<table style="width: 294px; border-style: solid; border-color: #fff;">
<tbody>
<tr>
<td style="border-style: solid; border-color: #ffffff; width: 20px;"></td>
<td style="border-style: solid; border-color: #ffffff; width: 95.3333px;"><img loading="lazy" decoding="async" class="aligncenter size-full wp-image-9807" src="https://agora.xtec.cat/ies-olivar-gran/wp-content/uploads/usu2116/2023/03/guies-estudi-pfi-centres.jpg_2147148254.jpg" alt="" width="271" height="271" srcset="https://agora.xtec.cat/ies-olivar-gran/wp-content/uploads/usu2116/2023/03/guies-estudi-pfi-centres.jpg_2147148254.jpg 271w, https://agora.xtec.cat/ies-olivar-gran/wp-content/uploads/usu2116/2023/03/guies-estudi-pfi-centres.jpg_2147148254-150x150.jpg 150w" sizes="auto, (max-width: 271px) 100vw, 271px" /></td>
<td style="border-style: solid; border-color: #ffffff; width: 147.333px;"><strong><span style="font-size: 8pt;">Avinguda Mª Àngels Anglada 15</span></strong><strong><span style="font-size: 8pt;">Telèfon 972905997</span></strong><a href="mailto:ramon.ferrer@olivargran.cat"><span style="font-size: 10.6667px;"><b>ramon.ferrer@olivargran.cat</b></span></a></td>
</tr>
</tbody>
</table>
<p>Per a qualsevol tràmit i/o consulta sobre els PFI vendes i logística cal adreçar-se a:</p>
<table style="width: 294px; border-style: solid; border-color: #fff;">
<tbody>
<tr>
<td style="border-style: solid; border-color: #ffffff; width: 20px;"></td>
<td style="border-style: solid; border-color: #ffffff; width: 20px;"></td>
<td style="border-style: solid; border-color: #ffffff; width: 95.3333px;"><img loading="lazy" decoding="async" class="size-full wp-image-4736 alignleft" style="font-size: 16px;" src="https://agora.xtec.cat/ies-olivar-gran/wp-content/uploads/usu2116/2021/03/pfi-ptt.png" alt="" width="67" height="67" /></td>
<td style="border-style: solid; border-color: #ffffff; width: 147.333px;"><strong><span style="font-size: 8pt;">Pla de transició al treball</span></strong><strong><span style="font-size: 8pt;">Ronda Sud, 3 de Figueres</span></strong><strong><span style="font-size: 8pt;">Centre Formació Integrat </span></strong></p>
<p><strong><span style="font-size: 8pt;">Telèfon 972511296</span></strong></p>
<p><a href="mailto:b7960007@xtec.cat"><strong><span style="font-size: 8pt;">b7960007@xtec.cat</span></strong></a></td>
</tr>
</tbody>
</table>
<p><span style="color: #087eb6;"><strong><u><span style="font-size: 14pt;">CALENDARI</span></u></strong></span></p>
<ul>
<li>Publicació de l&#8217;oferta inicial de places: 30 d&#8217;abril de 2026.</li>
<li><strong>Període de presentació de sol·licituds: del 4 al 13 de maig de 2026, ambdós inclosos. La documentació es pot presentar fins al 14 de maig de 2026.</strong></li>
<li>Entrevistes d&#8217;orientació i valoració de l&#8217;adequació del programa a la situació, els interessos, motivació i aptituds de l&#8217;alumne/a així com a la seva manca d&#8217;experiència laboral: del 4 al 26 de maig de 2026, segons la convocatòria individual feta pel centre.</li>
<li>Publicació de les llistes de sol·licituds amb la puntuació: 28 de maig de 2026.</li>
<li>Sorteig del número de desempat: 8 de juny de 2026, a les 11 hores, als serveis centrals del Departament d&#8217;Educació (Via Augusta, 202-220 de Barcelona).</li>
<li>Termini de reclamació a les llistes de sol·licituds amb la puntuació: del 28 de maig al 3 de juny de 2026.</li>
<li>Publicació de les llistes de sol·licituds amb la puntuació, un cop resoltes les reclamacions: 8 de juny de 2026.</li>
<li>Publicació de la llista ordenada: 11 de juny de 2026.</li>
<li>Període d&#8217;ampliacions de peticions per a les sol·licituds de preinscripció sense assignació: del 25 al 29 de juny de 2026, ambdós inclosos.</li>
<li>Publicació de l&#8217;oferta final: 3 de juliol de 2026.</li>
<li>Publicació de les relacions d&#8217;alumnes admesos i llista d&#8217;espera: 3 de juliol de 2026.</li>
<li><strong>Període de matrícula: del 6 al 10 de juliol de 2026, ambdós inclosos.</strong></li>
</ul>
<p><span style="color: #087eb6;"><strong><u><span style="font-size: 14pt;">PUBLICACIONS PROCÉS DE PREINSCRIPCIÓ DE L’INSTITUT OLIVAR GRAN 2025-26</span></u></strong></span></p>
<ul>
<li><a href="https://agora.xtec.cat/ies-olivar-gran/wp-content/uploads/usu2116/2026/04/Publicacio-oferta-places-inicial-PFI.pdf" target="_blank" rel="noopener">Oferta inicial de places</a></li>
<li>Llistat provisional</li>
<li>Llistat resoltes les reclamacions</li>
<li>Llista ordenada</li>
<li>Oferta final de places</li>
<li>Informe assignades</li>
<li>Llista d&#8217;espera</li>
<li>Informe prescrites</li>
</ul>
<p><span style="color: #087eb6;"><strong><u><span style="font-size: 14pt;">EL NOSTRE TRÍPTIC</span></u></strong></span></p>
<p><iframe loading="lazy" src="https://agora.xtec.cat/ies-olivar-gran/wp-content/uploads/usu2116/2024/04/Triptic-PTT-2-perfils-curs-2024-25.pdf" width="800" height="1200"><span data-mce-type="bookmark" style="display: inline-block; width: 0px; overflow: hidden; line-height: 0;" class="mce_SELRES_start">﻿</span></iframe></p>
<p><strong><span style="font-size: 14pt; color: #087eb6;">ALTRES DOCUMENTS:</span></strong></p>
<ul>
<li><a href="https://agora.xtec.cat/ies-olivar-gran/wp-content/uploads/usu2116/2023/04/CARTELL-PFI-PTT.pdf" target="_blank" rel="noopener">Preinscripció Cartell PFI-PTT Figueres</a></li>
<li><a href="https://agora.xtec.cat/ies-olivar-gran/wp-content/uploads/usu2116/2022/03/Explicacio-continguts-continuitat-logistica.pdf" target="_blank" rel="noopener">Explicació i continguts &#8211; Auxiliar de Comercialització de Productes i Logística</a></li>
<li><a href="https://agora.xtec.cat/ies-olivar-gran/wp-content/uploads/usu2116/2022/03/Explicacio-continguts-acces-continuitat-vendes.pdf" target="_blank" rel="noopener">Explicació i continguts &#8211; Auxiliar de Vendes, Oficina i Atenció al Públic</a></li>
<li><a href="https://agora.xtec.cat/ies-olivar-gran/wp-content/uploads/usu2116/2022/03/resum-PFI-vendes-i-logistica-actualitzat-CAM-.pdf" target="_blank" rel="noopener">Resum genèric del Programa de Formació i Inserció de Figueres (PFI-PTT Figueres)</a></li>
<li><a href="https://agora.xtec.cat/ies-olivar-gran/wp-content/uploads/usu2116/2022/03/Novetats-per-lOrientacio-en-Programes-de-Formacio-i-Insercio-2022.pdf" target="_blank" rel="noopener">Explicació Programes de Formació i Inserció (PFI)</a></li>
</ul>

<p>PREINSCRIPCIÓ PFI CURS 2026-27 del 4 al 13 de maig de 2026 Tota la informació general sobre el procés de preinscripció la trobareu a la pàgina oficial  del Departament d’Educació https://preinscripcio.gencat.cat/ca/estudis/pfi/inici/ Explicació i continguts &#8211; Auxiliar d&#8217;hoteleria: Cuina i serveis en restauració Per a qualsevol tràmit i/o consulta sobre el PFI de Aux. d&#8217;hoteleria cal [&hellip;]</p>
