{"id":4546,"date":"2021-03-09T17:24:26","date_gmt":"2021-03-09T16:24:26","guid":{"rendered":"https:\/\/agora.xtec.cat\/ies-olivar-gran\/?page_id=4546"},"modified":"2022-04-12T13:53:23","modified_gmt":"2022-04-12T11:53:23","slug":"projecte-radio-vilafant-escola-dhostaleria-de-figueres","status":"publish","type":"page","link":"https:\/\/agora.xtec.cat\/ies-olivar-gran\/projecte-radio-vilafant-escola-dhostaleria-de-figueres\/","title":{"rendered":"Projecte R\u00e0dio Vilafant &#8211; Escola d&#8217;Hostaleria de Figueres"},"content":{"rendered":"<p><img loading=\"lazy\" decoding=\"async\" class=\"aligncenter wp-image-4467 size-full\" src=\"https:\/\/agora.xtec.cat\/ies-olivar-gran\/wp-content\/uploads\/usu2116\/2021\/03\/Radio-Vilafant-Escola-Hostaleria.png\" alt=\"\" width=\"905\" height=\"189\" srcset=\"https:\/\/agora.xtec.cat\/ies-olivar-gran\/wp-content\/uploads\/usu2116\/2021\/03\/Radio-Vilafant-Escola-Hostaleria.png 905w, https:\/\/agora.xtec.cat\/ies-olivar-gran\/wp-content\/uploads\/usu2116\/2021\/03\/Radio-Vilafant-Escola-Hostaleria-300x63.png 300w, https:\/\/agora.xtec.cat\/ies-olivar-gran\/wp-content\/uploads\/usu2116\/2021\/03\/Radio-Vilafant-Escola-Hostaleria-768x160.png 768w\" sizes=\"auto, (max-width: 905px) 100vw, 905px\" \/><\/p>\n<p><span style=\"text-decoration: underline;\"><strong><span style=\"font-size: 14pt;\">Pastry Project<\/span><\/strong><\/span><\/p>\n<p><iframe loading=\"lazy\" src=\"https:\/\/drive.google.com\/file\/d\/1ZA5YteIY5FrCees1KMu4wDapKwvbcGix\/preview\" width=\"340\" height=\"280\"><span data-mce-type=\"bookmark\" style=\"display: inline-block; width: 0px; overflow: hidden; line-height: 0;\" class=\"mce_SELRES_start\">\ufeff<\/span><\/iframe><\/p>\n<p style=\"text-align: justify;\">No has pogut escoltar el programa d&#8217;aquesta setmana? No et preocupis. Aqu\u00ed podr\u00e0s trobar els podcasts del projecte R\u00e0dio Vilafant &#8211; Escola d&#8217;Hostaleria de Figueres.<\/p>\n<p><span style=\"text-decoration: underline;\"><strong>PROGRAMES PROJECTE ALUMNES 2n DE PASTISSERIA I CONFITERIA:<\/strong><\/span><\/p>\n<table class=\" aligncenter\" style=\"border-style: solid; border-color: #ffffff; width: 100%; height: 263px;\">\n<tbody>\n<tr style=\"height: 32px;\">\n<td style=\"width: 170.667px; border-style: solid; border-color: #000000; background-color: #f7b705; height: 32px;\"><strong>SETMANA 1<\/strong><\/td>\n<td style=\"width: 170.667px; border-style: solid; border-color: #000000; background-color: #f7b705; height: 32px;\"><strong>21\/09\/2021<\/strong><\/td>\n<td style=\"width: 170.667px; border-style: solid; border-color: #000000; background-color: #f7b705; height: 32px;\"><a href=\"https:\/\/www.radiovilafant.net\/radiocarta\/veusdelmati\/LVDM%20-%20ESCOLA%20HOSTALERIA%2021%20SETEMBRE%202021~0.mp3\"><span style=\"color: #000000;\"><strong>BAIXA<\/strong><\/span><\/a><\/td>\n<\/tr>\n<tr style=\"height: 33px;\">\n<td style=\"width: 170.667px; border-style: solid; border-color: #000000; background-color: #f7b705; height: 33px;\"><strong>SETMANA 2<\/strong><\/td>\n<td style=\"width: 170.667px; border-style: solid; border-color: #000000; background-color: #f7b705; height: 33px;\"><strong>28\/09\/2021<\/strong><\/td>\n<td style=\"width: 170.667px; border-style: solid; border-color: #000000; background-color: #f7b705; height: 33px;\"><a href=\"https:\/\/www.radiovilafant.net\/radiocarta\/veusdelmati\/LVDM%20-%20ESCOLA%20HOSTELERIA%2028%20SETEMBRE%202021~0.mp3\" target=\"_blank\" rel=\"noopener\"><span style=\"color: #000000;\"><strong>BAIXA<\/strong><\/span><\/a><\/td>\n<\/tr>\n<tr style=\"height: 33px;\">\n<td style=\"width: 170.667px; border-style: solid; border-color: #000000; background-color: #f7b705; height: 33px;\"><strong>SETMANA 3<\/strong><\/td>\n<td style=\"width: 170.667px; border-style: solid; border-color: #000000; background-color: #f7b705; height: 33px;\"><strong>05\/10\/2021<\/strong><\/td>\n<td style=\"width: 170.667px; border-style: solid; border-color: #000000; background-color: #f7b705; height: 33px;\"><a href=\"https:\/\/www.radiovilafant.net\/radiocarta\/veusdelmati\/LVDM%20-%20ESCOLA%20HOSTALERIA%205%20OCTUBRE%202021~0.mp3\" target=\"_blank\" rel=\"noopener\"><span style=\"color: #000000;\"><strong>BAIXA<\/strong><\/span><\/a><\/td>\n<\/tr>\n<tr style=\"height: 33px;\">\n<td style=\"width: 170.667px; border-style: solid; border-color: #000000; background-color: #f7b705; height: 33px;\"><strong>SETMANA 4<\/strong><\/td>\n<td style=\"width: 170.667px; border-style: solid; border-color: #000000; background-color: #f7b705; height: 33px;\"><strong>19\/10\/2021<\/strong><\/td>\n<td style=\"width: 170.667px; border-style: solid; border-color: #000000; background-color: #f7b705; height: 33px;\"><a href=\"https:\/\/www.radiovilafant.net\/radiocarta\/veusdelmati\/LVDM%20-%20ESCOLA%20HOSTALERIA%2019%20OCTUBRE%202021~0.mp3\" target=\"_blank\" rel=\"noopener\"><span style=\"color: #000000;\"><strong>BAIXA<\/strong><\/span><\/a><\/td>\n<\/tr>\n<tr style=\"height: 33px;\">\n<td style=\"width: 170.667px; border-style: solid; border-color: #000000; background-color: #f7b705; height: 33px;\"><strong>SETMANA 5<\/strong><\/td>\n<td style=\"width: 170.667px; border-style: solid; border-color: #000000; background-color: #f7b705; height: 33px;\"><strong>26\/10\/2021<\/strong><\/td>\n<td style=\"width: 170.667px; border-style: solid; border-color: #000000; background-color: #f7b705; height: 33px;\"><a href=\"https:\/\/www.radiovilafant.net\/radiocarta\/veusdelmati\/LVDM%20-%20ESCOLA%20D'HOSTALERIA%2026%20D'OCTUBRE%202021~0.mp3\" target=\"_blank\" rel=\"noopener\"><span style=\"color: #000000;\"><strong>BAIXA<\/strong><\/span><\/a><\/td>\n<\/tr>\n<tr style=\"height: 33px;\">\n<td style=\"width: 170.667px; border-style: solid; border-color: #000000; background-color: #f7b705; height: 33px;\"><strong>SETMANA 6<\/strong><\/td>\n<td style=\"width: 170.667px; border-style: solid; border-color: #000000; background-color: #f7b705; height: 33px;\"><strong>02\/11\/2021<\/strong><\/td>\n<td style=\"width: 170.667px; border-style: solid; border-color: #000000; background-color: #f7b705; height: 33px;\"><a href=\"https:\/\/www.radiovilafant.net\/radiocarta\/veusdelmati\/LVDM%20-%20ESCOLA%20HOSTALERIA%202%20NOVEMBRE%202021~0.mp3\" target=\"_blank\" rel=\"noopener\"><span style=\"color: #000000;\"><strong>BAIXA<\/strong><\/span><\/a><\/td>\n<\/tr>\n<tr style=\"height: 33px;\">\n<td style=\"width: 170.667px; border-style: solid; border-color: #000000; background-color: #f7b705; height: 33px;\"><strong>SETMANA 7<\/strong><\/td>\n<td style=\"width: 170.667px; border-style: solid; border-color: #000000; background-color: #f7b705; height: 33px;\"><strong>09\/11\/2021<\/strong><\/td>\n<td style=\"width: 170.667px; border-style: solid; border-color: #000000; background-color: #f7b705; height: 33px;\"><a href=\"https:\/\/www.radiovilafant.net\/radiocarta\/veusdelmati\/LVDM%20-%20ESCOLA%20HOSTALERIA%209%20NOVEMBRE%202021~0.mp3\" target=\"_blank\" rel=\"noopener\"><span style=\"color: #000000;\"><strong>BAIXA<\/strong><\/span><\/a><\/td>\n<\/tr>\n<tr style=\"height: 33px;\">\n<td style=\"width: 170.667px; border-style: solid; border-color: #000000; background-color: #f7b705; height: 33px;\"><strong>SETMANA 8<\/strong><\/td>\n<td style=\"width: 170.667px; border-style: solid; border-color: #000000; background-color: #f7b705; height: 33px;\"><strong>16\/11\/2021<\/strong><\/td>\n<td style=\"width: 170.667px; border-style: solid; border-color: #000000; background-color: #f7b705; height: 33px;\"><a href=\"https:\/\/www.radiovilafant.net\/radiocarta\/veusdelmati\/LVDM%20-%20ESCOLA%20HOSTALERIA%2016%20NOVEMBRE%202021~0.mp3\" target=\"_blank\" rel=\"noopener\"><span style=\"color: #000000;\"><strong>BAIXA<\/strong><\/span><\/a><\/td>\n<\/tr>\n<tr>\n<td style=\"width: 170.667px; border-style: solid; border-color: #000000; background-color: #f7b705;\"><strong>SETMANA 9<\/strong><\/td>\n<td style=\"width: 170.667px; border-style: solid; border-color: #000000; background-color: #f7b705;\"><strong>23\/11\/2021<\/strong><\/td>\n<td style=\"width: 170.667px; border-style: solid; border-color: #000000; background-color: #f7b705;\"><a href=\"https:\/\/www.radiovilafant.net\/radiocarta\/veusdelmati\/LVDM%20-%20ESCOLA%20HOSTALERIA%2023%20NOVEMBRE%202021~0.mp3\" target=\"_blank\" rel=\"noopener\"><span style=\"color: #000000;\"><strong>BAIXA<\/strong><\/span><\/a><\/td>\n<\/tr>\n<tr>\n<td style=\"width: 170.667px; border-style: solid; border-color: #000000; background-color: #f7b705;\"><strong>SETMANA 10<\/strong><\/td>\n<td style=\"width: 170.667px; border-style: solid; border-color: #000000; background-color: #f7b705;\"><strong>30\/11\/2021<\/strong><\/td>\n<td style=\"width: 170.667px; border-style: solid; border-color: #000000; background-color: #f7b705;\"><a href=\"https:\/\/www.radiovilafant.net\/radiocarta\/veusdelmati\/LVDM%20-%20ESCOLA%20HOSTALERIA%2030%20NOVEMBRE%202021%20~0.mp3\" target=\"_blank\" rel=\"noopener\"><span style=\"color: #000000;\"><strong>BAIXA<\/strong><\/span><\/a><\/td>\n<\/tr>\n<\/tbody>\n<\/table>\n<p>&nbsp;<\/p>\n<p>&nbsp;<\/p>\n<p>&nbsp;<\/p>\n<p>&nbsp;<\/p>\n<p>&nbsp;<\/p>\n<p><strong><span style=\"text-decoration: underline;\">PROGRAMES PROJECTE ALUMNES DIRECCI\u00d3 DE CUINA:<\/span><\/strong><\/p>\n<table class=\" aligncenter\" style=\"border-style: solid; border-color: #ffffff;\">\n<tbody>\n<tr style=\"height: 32px;\">\n<td style=\"width: 170.667px; border-style: solid; border-color: #000000; background-color: #f7b705; height: 32px;\"><strong>SETMANA 1<\/strong><\/td>\n<td style=\"width: 170.667px; border-style: solid; border-color: #000000; background-color: #f7b705; height: 32px;\"><strong>02\/03\/2021<\/strong><\/td>\n<td style=\"width: 170.667px; border-style: solid; border-color: #000000; background-color: #f7b705; height: 32px;\"><a href=\"https:\/\/www.radiovilafant.net\/radiocarta\/quinmati\/QM%20-%20GASTROBAR%20PROJECTR%20-%20ESCOLA%20HOSTELERIA%20-%20INS%20OLIVAR%20GRAN%202%20MAR%C3%87%202021~0.mp3\"><span style=\"color: #000000;\"><strong>BAIXA<\/strong><\/span><\/a><\/td>\n<\/tr>\n<tr style=\"height: 32px;\">\n<td style=\"width: 170.667px; background-color: #f7b705; border-style: solid; border-color: #000000; height: 32px;\"><strong>SETMANA 2<\/strong><\/td>\n<td style=\"width: 170.667px; background-color: #f7b705; border-style: solid; border-color: #000000; height: 32px;\"><strong>09\/03\/2021<\/strong><\/td>\n<td style=\"width: 170.667px; background-color: #f7b705; border-style: solid; border-color: #000000; height: 32px;\"><a href=\"https:\/\/www.radiovilafant.net\/radiocarta\/quinmati\/QM%20-%20ESCOLA%20HOSTALERIA%20-%20OLIVAR%20GRAN%209%20MAR%C3%87~0.mp3\" target=\"_blank\" rel=\"noopener noreferrer\"><span style=\"color: #000000;\"><strong>BAIXA<\/strong><\/span><\/a><\/td>\n<\/tr>\n<tr style=\"height: 32px;\">\n<td style=\"width: 170.667px; background-color: #f7b705; border-style: solid; border-color: #000000; height: 32px;\"><strong>SETMANA 3<\/strong><\/td>\n<td style=\"width: 170.667px; background-color: #f7b705; border-style: solid; border-color: #000000; height: 32px;\"><strong>16\/03\/2021<\/strong><\/td>\n<td style=\"width: 170.667px; background-color: #f7b705; border-style: solid; border-color: #000000; height: 32px;\"><a href=\"https:\/\/www.radiovilafant.net\/radiocarta\/quinmati\/QM%20-%20ESCOLA%20HOSTELERIA%2016%20MAR%C3%87%202021~0.mp3\" target=\"_blank\" rel=\"noopener noreferrer\"><span style=\"color: #000000;\"><strong>BAIXA<\/strong><\/span><\/a><\/td>\n<\/tr>\n<tr style=\"height: 32px;\">\n<td style=\"width: 170.667px; background-color: #f7b705; border-style: solid; border-color: #000000; height: 32px;\"><strong>SETMANA 4<\/strong><\/td>\n<td style=\"width: 170.667px; background-color: #f7b705; border-style: solid; border-color: #000000; height: 32px;\"><strong>23\/03\/2021<\/strong><\/td>\n<td style=\"width: 170.667px; background-color: #f7b705; border-style: solid; border-color: #000000; height: 32px;\"><a href=\"https:\/\/www.radiovilafant.net\/radiocarta\/quinmati\/QM%20-%20ESCOLA%20HOSTELERIA%20(OLIVAR%20GRAN)%2023%20MAR%C3%87%202021~0.mp3\" target=\"_blank\" rel=\"noopener noreferrer\"><span style=\"color: #000000;\"><strong>BAIXA<\/strong><\/span><\/a><\/td>\n<\/tr>\n<tr style=\"height: 32px;\">\n<td style=\"width: 170.667px; background-color: #f7b705; border-style: solid; border-color: #000000; height: 32px;\"><strong>SETMANA 5<\/strong><\/td>\n<td style=\"width: 170.667px; background-color: #f7b705; border-style: solid; border-color: #000000; height: 32px;\"><strong>06\/04\/2021<\/strong><\/td>\n<td style=\"width: 170.667px; background-color: #f7b705; border-style: solid; border-color: #000000; height: 32px;\"><a href=\"https:\/\/www.radiovilafant.net\/radiocarta\/quinmati\/QM%20-%20ESCOLA%20HOSTELERIA%206%20ABRIL%202021~0.mp3\" target=\"_blank\" rel=\"noopener noreferrer\"><span style=\"color: #000000;\"><strong>BAIXA<\/strong><\/span><\/a><\/td>\n<\/tr>\n<tr style=\"height: 32px;\">\n<td style=\"width: 170.667px; background-color: #f7b705; border-style: solid; border-color: #000000; height: 32px;\"><strong>SETMANA 6<\/strong><\/td>\n<td style=\"width: 170.667px; background-color: #f7b705; border-style: solid; border-color: #000000; height: 32px;\"><strong>27\/04\/2021<\/strong><\/td>\n<td style=\"width: 170.667px; background-color: #f7b705; border-style: solid; border-color: #000000; height: 32px;\"><a href=\"https:\/\/www.radiovilafant.net\/radiocarta\/quinmati\/QM%20-%20ESCOLA%20HOSTELERIA%20-%20OLIVAR%20GRAN%2027%20ABRIL%202021~0.mp3\" target=\"_blank\" rel=\"noopener noreferrer\"><span style=\"color: #000000;\"><strong>BAIXA<\/strong><\/span><\/a><\/td>\n<\/tr>\n<tr style=\"height: 32px;\">\n<td style=\"width: 170.667px; background-color: #f7b705; border-style: solid; border-color: #000000; height: 32px;\"><strong>SETMANA 7<\/strong><\/td>\n<td style=\"width: 170.667px; background-color: #f7b705; border-style: solid; border-color: #000000; height: 32px;\"><strong>04\/05\/2021<\/strong><\/td>\n<td style=\"width: 170.667px; background-color: #f7b705; border-style: solid; border-color: #000000; height: 32px;\"><a href=\"https:\/\/www.radiovilafant.net\/radiocarta\/quinmati\/QM%20-%20ESCOLA%20HOSTELERIA%204%20MAIG~0.mp3\" target=\"_blank\" rel=\"noopener noreferrer\"><span style=\"color: #000000;\"><strong>BAIXA<\/strong><\/span><\/a><\/td>\n<\/tr>\n<tr style=\"height: 32px;\">\n<td style=\"width: 170.667px; background-color: #f7b705; border-style: solid; border-color: #000000; height: 32px;\"><strong>SETMANA 8<\/strong><\/td>\n<td style=\"width: 170.667px; background-color: #f7b705; border-style: solid; border-color: #000000; height: 32px;\"><strong>18\/05\/2021<\/strong><\/td>\n<td style=\"width: 170.667px; background-color: #f7b705; border-style: solid; border-color: #000000; height: 32px;\"><a href=\"https:\/\/www.radiovilafant.net\/radiocarta\/quinmati\/QM%20-%20ESCOLA%20HOSTELERIA%20-%20OLIVAR%20GRAN%2011%20MAIG%202021~0.mp3\" target=\"_blank\" rel=\"noopener noreferrer\"><span style=\"color: #000000;\"><strong>BAIXA<\/strong><\/span><\/a><\/td>\n<\/tr>\n<\/tbody>\n<\/table>\n<p>&nbsp;<\/p>\n<p>&nbsp;<\/p>\n<p>&nbsp;<\/p>\n<p>&nbsp;<\/p>\n<p>&nbsp;<\/p>\n<p><img loading=\"lazy\" decoding=\"async\" class=\"wp-image-4362 alignleft\" src=\"https:\/\/agora.xtec.cat\/ies-olivar-gran\/wp-content\/uploads\/usu2116\/2021\/02\/escudo-mefp.gif\" alt=\"\" width=\"265\" height=\"64\" \/><\/p>\n<p><img loading=\"lazy\" decoding=\"async\" class=\"size-full wp-image-1890 alignleft\" src=\"https:\/\/agora.xtec.cat\/ies-olivar-gran\/wp-content\/uploads\/usu2116\/2020\/06\/logo_FSE_amb_lema_capcalera.png\" alt=\"\" width=\"265\" height=\"48\" \/><\/p>\n","protected":false},"excerpt":{"rendered":"<p>Pastry Project \ufeff No has pogut escoltar el programa d&#8217;aquesta setmana? No et preocupis. Aqu\u00ed podr\u00e0s trobar els podcasts del projecte R\u00e0dio Vilafant &#8211; Escola d&#8217;Hostaleria de Figueres. PROGRAMES PROJECTE ALUMNES 2n DE PASTISSERIA I CONFITERIA: SETMANA 1 21\/09\/2021 BAIXA SETMANA 2 28\/09\/2021 BAIXA SETMANA 3 05\/10\/2021 BAIXA SETMANA 4 19\/10\/2021 BAIXA SETMANA 5 26\/10\/2021 [&hellip;]<\/p>\n","protected":false},"author":1,"featured_media":0,"parent":0,"menu_order":0,"comment_status":"closed","ping_status":"closed","template":"","meta":{"_bbp_topic_count":0,"_bbp_reply_count":0,"_bbp_total_topic_count":0,"_bbp_total_reply_count":0,"_bbp_voice_count":0,"_bbp_anonymous_reply_count":0,"_bbp_topic_count_hidden":0,"_bbp_reply_count_hidden":0,"_bbp_forum_subforum_count":0,"site-sidebar-layout":"default","site-content-layout":"","ast-site-content-layout":"","site-content-style":"default","site-sidebar-style":"default","ast-global-header-display":"","ast-banner-title-visibility":"","ast-main-header-display":"","ast-hfb-above-header-display":"","ast-hfb-below-header-display":"","ast-hfb-mobile-header-display":"","site-post-title":"","ast-breadcrumbs-content":"","ast-featured-img":"","footer-sml-layout":"","theme-transparent-header-meta":"","adv-header-id-meta":"","stick-header-meta":"","header-above-stick-meta":"","header-main-stick-meta":"","header-below-stick-meta":"","astra-migrate-meta-layouts":"default","ast-page-background-enabled":"default","ast-page-background-meta":{"desktop":{"background-color":"var(--ast-global-color-4)","background-image":"","background-repeat":"repeat","background-position":"center center","background-size":"auto","background-attachment":"scroll","background-type":"","background-media":"","overlay-type":"","overlay-color":"","overlay-opacity":"","overlay-gradient":""},"tablet":{"background-color":"","background-image":"","background-repeat":"repeat","background-position":"center center","background-size":"auto","background-attachment":"scroll","background-type":"","background-media":"","overlay-type":"","overlay-color":"","overlay-opacity":"","overlay-gradient":""},"mobile":{"background-color":"","background-image":"","background-repeat":"repeat","background-position":"center center","background-size":"auto","background-attachment":"scroll","background-type":"","background-media":"","overlay-type":"","overlay-color":"","overlay-opacity":"","overlay-gradient":""}},"ast-content-background-meta":{"desktop":{"background-color":"var(--ast-global-color-5)","background-image":"","background-repeat":"repeat","background-position":"center center","background-size":"auto","background-attachment":"scroll","background-type":"","background-media":"","overlay-type":"","overlay-color":"","overlay-opacity":"","overlay-gradient":""},"tablet":{"background-color":"var(--ast-global-color-5)","background-image":"","background-repeat":"repeat","background-position":"center center","background-size":"auto","background-attachment":"scroll","background-type":"","background-media":"","overlay-type":"","overlay-color":"","overlay-opacity":"","overlay-gradient":""},"mobile":{"background-color":"var(--ast-global-color-5)","background-image":"","background-repeat":"repeat","background-position":"center center","background-size":"auto","background-attachment":"scroll","background-type":"","background-media":"","overlay-type":"","overlay-color":"","overlay-opacity":"","overlay-gradient":""}},"footnotes":""},"class_list":["post-4546","page","type-page","status-publish","hentry"],"post_mailing_queue_ids":[],"_links":{"self":[{"href":"https:\/\/agora.xtec.cat\/ies-olivar-gran\/wp-json\/wp\/v2\/pages\/4546","targetHints":{"allow":["GET"]}}],"collection":[{"href":"https:\/\/agora.xtec.cat\/ies-olivar-gran\/wp-json\/wp\/v2\/pages"}],"about":[{"href":"https:\/\/agora.xtec.cat\/ies-olivar-gran\/wp-json\/wp\/v2\/types\/page"}],"author":[{"embeddable":true,"href":"https:\/\/agora.xtec.cat\/ies-olivar-gran\/wp-json\/wp\/v2\/users\/1"}],"replies":[{"embeddable":true,"href":"https:\/\/agora.xtec.cat\/ies-olivar-gran\/wp-json\/wp\/v2\/comments?post=4546"}],"version-history":[{"count":3,"href":"https:\/\/agora.xtec.cat\/ies-olivar-gran\/wp-json\/wp\/v2\/pages\/4546\/revisions"}],"predecessor-version":[{"id":7776,"href":"https:\/\/agora.xtec.cat\/ies-olivar-gran\/wp-json\/wp\/v2\/pages\/4546\/revisions\/7776"}],"wp:attachment":[{"href":"https:\/\/agora.xtec.cat\/ies-olivar-gran\/wp-json\/wp\/v2\/media?parent=4546"}],"curies":[{"name":"wp","href":"https:\/\/api.w.org\/{rel}","templated":true}]}}