{"id":3601,"date":"2020-10-02T08:25:57","date_gmt":"2020-10-02T06:25:57","guid":{"rendered":"https:\/\/agora.xtec.cat\/ies-olivar-gran\/?page_id=3601"},"modified":"2025-02-06T19:14:28","modified_gmt":"2025-02-06T18:14:28","slug":"pfi-ptt-figueres","status":"publish","type":"page","link":"https:\/\/agora.xtec.cat\/ies-olivar-gran\/estudis\/pfi-ptt-figueres\/","title":{"rendered":"PFI INSTITUT OLIVAR GRAN"},"content":{"rendered":"<p><span style=\"font-family: 'arial black', sans-serif;\">Benvinguts al PFI de l&#8217;INS Olivar Gran<\/span><\/p>\n<p><span style=\"text-decoration: underline;\"><strong>CURS 2024-25<\/strong><\/span><\/p>\n<p>OFERTA:<\/p>\n<p><a href=\"https:\/\/agora.xtec.cat\/ies-olivar-gran\/wp-content\/uploads\/usu2116\/2023\/03\/PFI_____HT03_CA.pdf\" target=\"_blank\" rel=\"noopener\">PFI AUX. DE SERVEIS DE RESTAURACI\u00d3 I CUINA<\/a><\/p>\n<ul>\n<li style=\"list-style-type: none;\">\n<ul style=\"list-style-type: disc;\">\n<li><a href=\"https:\/\/agora.xtec.cat\/ies-olivar-gran\/wp-content\/uploads\/usu2116\/2023\/03\/Auxiliarhotleriacuinaserveisrestauracio.pdf\" target=\"_blank\" rel=\"noopener\">Informaci\u00f3 del PFI<\/a><\/li>\n<li><a href=\"https:\/\/agora.xtec.cat\/ies-olivar-gran\/wp-content\/uploads\/usu2116\/2024\/04\/INFOGRAFIA-PFI-PIP.png\" target=\"_blank\" rel=\"noopener\">Proc\u00e9s preinscripci\u00f3<\/a><\/li>\n<\/ul>\n<\/li>\n<\/ul>\n<p><a href=\"https:\/\/www.gencat.cat\/ensenyament\/eac\/pdf\/PFI_____CM03_CA.pdf\" target=\"_blank\" rel=\"noopener\">PFI AUX. COMERCIALITZACI\u00d3 DE PRODUCTES I LOG\u00cdSTICA<\/a><\/p>\n<p><a href=\"https:\/\/www.gencat.cat\/ensenyament\/eac\/pdf\/PFI_____CM02_CA.pdf\" target=\"_blank\" rel=\"noopener\">PFI AUX. DE COMER\u00c7 I ATENCI\u00d3 AL P\u00daBLIC<\/a><\/p>\n<ul>\n<li>Consulta la <a href=\"https:\/\/agora.xtec.cat\/ies-olivar-gran\/secretaria\/preinscripcio\/preinscripcio-pfi-ptt-2\/\">preinscripci\u00f3<\/a> per al curs 2024-25.<img loading=\"lazy\" decoding=\"async\" class=\"alignright size-full wp-image-4255\" src=\"https:\/\/agora.xtec.cat\/ies-olivar-gran\/wp-content\/uploads\/usu2116\/2021\/01\/PTT.png\" alt=\"\" width=\"164\" height=\"171\" \/><\/li>\n<li>Consulta el nostre <a href=\"https:\/\/agora.xtec.cat\/ies-olivar-gran\/wp-content\/uploads\/usu2116\/2024\/04\/Triptic-PTT-2-perfils-curs-2024-25.pdf\" target=\"_blank\" rel=\"noopener noreferrer\">tr\u00edptic<\/a> dels perfils a oferir pel proper curs.<\/li>\n<li><a href=\"https:\/\/agora.xtec.cat\/ies-olivar-gran\/wp-content\/uploads\/usu2116\/2022\/03\/Novetats-per-lOrientacio-en-Programes-de-Formacio-i-Insercio-2022.pdf\" target=\"_blank\" rel=\"noopener noreferrer\">Presentaci\u00f3<\/a> dels PFI.<\/li>\n<\/ul>\n<p>&nbsp;<\/p>\n<ul>\n<li><a href=\"https:\/\/agora.xtec.cat\/ies-olivar-gran\/wp-content\/uploads\/usu2116\/2022\/03\/resum-PFI-vendes-i-logistica-actualitzat-CAM-.pdf\" target=\"_blank\" rel=\"noopener noreferrer\">Document explicatiu dels dos m\u00f2duls de vendes i log\u00edstica<\/a><\/li>\n<li><a href=\"https:\/\/agora.xtec.cat\/ies-olivar-gran\/wp-content\/uploads\/usu2116\/2022\/03\/PFI-PTT-Figueres-2022-23.pptx\" target=\"_blank\" rel=\"noopener\">Presentaci\u00f3 PowerPoint dels PFI (Vendes i Log\u00edstica) de Figueres<\/a><\/li>\n<\/ul>\n<p>&nbsp;<\/p>\n<p>&nbsp;<\/p>\n","protected":false},"excerpt":{"rendered":"<p>Benvinguts al PFI de l&#8217;INS Olivar Gran CURS 2024-25 OFERTA: PFI AUX. DE SERVEIS DE RESTAURACI\u00d3 I CUINA Informaci\u00f3 del PFI Proc\u00e9s preinscripci\u00f3 PFI AUX. COMERCIALITZACI\u00d3 DE PRODUCTES I LOG\u00cdSTICA PFI AUX. DE COMER\u00c7 I ATENCI\u00d3 AL P\u00daBLIC Consulta la preinscripci\u00f3 per al curs 2024-25. Consulta el nostre tr\u00edptic dels perfils a oferir pel proper [&hellip;]<\/p>\n","protected":false},"author":1,"featured_media":0,"parent":195,"menu_order":4,"comment_status":"closed","ping_status":"closed","template":"page-templates\/side-menu.php","meta":{"_bbp_topic_count":0,"_bbp_reply_count":0,"_bbp_total_topic_count":0,"_bbp_total_reply_count":0,"_bbp_voice_count":0,"_bbp_anonymous_reply_count":0,"_bbp_topic_count_hidden":0,"_bbp_reply_count_hidden":0,"_bbp_forum_subforum_count":0,"site-sidebar-layout":"default","site-content-layout":"","ast-site-content-layout":"","site-content-style":"default","site-sidebar-style":"default","ast-global-header-display":"","ast-banner-title-visibility":"","ast-main-header-display":"","ast-hfb-above-header-display":"","ast-hfb-below-header-display":"","ast-hfb-mobile-header-display":"","site-post-title":"","ast-breadcrumbs-content":"","ast-featured-img":"","footer-sml-layout":"","theme-transparent-header-meta":"","adv-header-id-meta":"","stick-header-meta":"","header-above-stick-meta":"","header-main-stick-meta":"","header-below-stick-meta":"","astra-migrate-meta-layouts":"default","ast-page-background-enabled":"default","ast-page-background-meta":{"desktop":{"background-color":"var(--ast-global-color-4)","background-image":"","background-repeat":"repeat","background-position":"center center","background-size":"auto","background-attachment":"scroll","background-type":"","background-media":"","overlay-type":"","overlay-color":"","overlay-opacity":"","overlay-gradient":""},"tablet":{"background-color":"","background-image":"","background-repeat":"repeat","background-position":"center center","background-size":"auto","background-attachment":"scroll","background-type":"","background-media":"","overlay-type":"","overlay-color":"","overlay-opacity":"","overlay-gradient":""},"mobile":{"background-color":"","background-image":"","background-repeat":"repeat","background-position":"center center","background-size":"auto","background-attachment":"scroll","background-type":"","background-media":"","overlay-type":"","overlay-color":"","overlay-opacity":"","overlay-gradient":""}},"ast-content-background-meta":{"desktop":{"background-color":"var(--ast-global-color-5)","background-image":"","background-repeat":"repeat","background-position":"center center","background-size":"auto","background-attachment":"scroll","background-type":"","background-media":"","overlay-type":"","overlay-color":"","overlay-opacity":"","overlay-gradient":""},"tablet":{"background-color":"var(--ast-global-color-5)","background-image":"","background-repeat":"repeat","background-position":"center center","background-size":"auto","background-attachment":"scroll","background-type":"","background-media":"","overlay-type":"","overlay-color":"","overlay-opacity":"","overlay-gradient":""},"mobile":{"background-color":"var(--ast-global-color-5)","background-image":"","background-repeat":"repeat","background-position":"center center","background-size":"auto","background-attachment":"scroll","background-type":"","background-media":"","overlay-type":"","overlay-color":"","overlay-opacity":"","overlay-gradient":""}},"footnotes":""},"class_list":["post-3601","page","type-page","status-publish","hentry"],"post_mailing_queue_ids":[],"_links":{"self":[{"href":"https:\/\/agora.xtec.cat\/ies-olivar-gran\/wp-json\/wp\/v2\/pages\/3601","targetHints":{"allow":["GET"]}}],"collection":[{"href":"https:\/\/agora.xtec.cat\/ies-olivar-gran\/wp-json\/wp\/v2\/pages"}],"about":[{"href":"https:\/\/agora.xtec.cat\/ies-olivar-gran\/wp-json\/wp\/v2\/types\/page"}],"author":[{"embeddable":true,"href":"https:\/\/agora.xtec.cat\/ies-olivar-gran\/wp-json\/wp\/v2\/users\/1"}],"replies":[{"embeddable":true,"href":"https:\/\/agora.xtec.cat\/ies-olivar-gran\/wp-json\/wp\/v2\/comments?post=3601"}],"version-history":[{"count":7,"href":"https:\/\/agora.xtec.cat\/ies-olivar-gran\/wp-json\/wp\/v2\/pages\/3601\/revisions"}],"predecessor-version":[{"id":12997,"href":"https:\/\/agora.xtec.cat\/ies-olivar-gran\/wp-json\/wp\/v2\/pages\/3601\/revisions\/12997"}],"up":[{"embeddable":true,"href":"https:\/\/agora.xtec.cat\/ies-olivar-gran\/wp-json\/wp\/v2\/pages\/195"}],"wp:attachment":[{"href":"https:\/\/agora.xtec.cat\/ies-olivar-gran\/wp-json\/wp\/v2\/media?parent=3601"}],"curies":[{"name":"wp","href":"https:\/\/api.w.org\/{rel}","templated":true}]}}