{"id":2218,"date":"2020-06-23T03:40:04","date_gmt":"2020-06-23T01:40:04","guid":{"rendered":"https:\/\/agora.xtec.cat\/ies-olivar-gran\/?page_id=2218"},"modified":"2020-07-02T00:27:42","modified_gmt":"2020-07-01T22:27:42","slug":"projectes-i-activitats","status":"publish","type":"page","link":"https:\/\/agora.xtec.cat\/ies-olivar-gran\/coordinacio-i-departaments\/departament-cientific-tecnologic\/projectes-i-activitats\/","title":{"rendered":"Projectes i activitats"},"content":{"rendered":"<table>\n<tbody>\n<tr>\n<td style=\"width: 321.482px; text-align: center; border-style: solid; border-color: #ffffff;\">\r\n\t<div class=\"slideshow_container slideshow_container_style-light\" style=\"height: 200px; \" data-slideshow-id=\"2220\" data-style-name=\"style-light\" data-style-version=\"2.3.1\" >\r\n\r\n\t\t\t\t\t<div class=\"slideshow_loading_icon\"><\/div>\r\n\t\t\r\n\t\t<div class=\"slideshow_content\" style=\"display: none;\">\r\n\r\n\t\t\t<div class=\"slideshow_view\">\r\n\t\t\t\t<div class=\"slideshow_slide slideshow_slide_image\">\r\n\t\t\t\t\t\t\t\t\t\t\t<img src=\"https:\/\/agora.xtec.cat\/ies-olivar-gran\/wp-content\/uploads\/usu2116\/2020\/06\/foto-4.png\" alt=\"foto 4\" width=\"272\" height=\"186\" \/>\r\n\t\t\t\t\t\t\t\t\t\t<div class=\"slideshow_description_box slideshow_transparent\">\r\n\t\t\t\t\t\t\t\t\t\t\t\t\t\t\t\t\t<\/div>\r\n\t\t\t\t<\/div>\r\n\r\n\t\t\t\t\t\t<div style=\"clear: both;\"><\/div><\/div><div class=\"slideshow_view\">\r\n\t\t\t\t<div class=\"slideshow_slide slideshow_slide_image\">\r\n\t\t\t\t\t\t\t\t\t\t\t<img src=\"https:\/\/agora.xtec.cat\/ies-olivar-gran\/wp-content\/uploads\/usu2116\/2020\/06\/foto-3.png\" alt=\"foto 3\" width=\"276\" height=\"183\" \/>\r\n\t\t\t\t\t\t\t\t\t\t<div class=\"slideshow_description_box slideshow_transparent\">\r\n\t\t\t\t\t\t\t\t\t\t\t\t\t\t\t\t\t<\/div>\r\n\t\t\t\t<\/div>\r\n\r\n\t\t\t\t\t\t<div style=\"clear: both;\"><\/div><\/div><div class=\"slideshow_view\">\r\n\t\t\t\t<div class=\"slideshow_slide slideshow_slide_image\">\r\n\t\t\t\t\t\t\t\t\t\t\t<img src=\"https:\/\/agora.xtec.cat\/ies-olivar-gran\/wp-content\/uploads\/usu2116\/2020\/06\/Foto-2.png\" alt=\"Foto 2\" width=\"276\" height=\"156\" \/>\r\n\t\t\t\t\t\t\t\t\t\t<div class=\"slideshow_description_box slideshow_transparent\">\r\n\t\t\t\t\t\t\t\t\t\t\t\t\t\t\t\t\t<\/div>\r\n\t\t\t\t<\/div>\r\n\r\n\t\t\t\t\t\t<div style=\"clear: both;\"><\/div><\/div><div class=\"slideshow_view\">\r\n\t\t\t\t<div class=\"slideshow_slide slideshow_slide_image\">\r\n\t\t\t\t\t\t\t\t\t\t\t<img src=\"https:\/\/agora.xtec.cat\/ies-olivar-gran\/wp-content\/uploads\/usu2116\/2020\/06\/Foto-1.png\" alt=\"Foto 1\" width=\"276\" height=\"156\" \/>\r\n\t\t\t\t\t\t\t\t\t\t<div class=\"slideshow_description_box slideshow_transparent\">\r\n\t\t\t\t\t\t\t\t\t\t\t\t\t\t\t\t\t<\/div>\r\n\t\t\t\t<\/div>\r\n\r\n\t\t\t\t\t\t<div style=\"clear: both;\"><\/div><\/div>\r\n\t\t<\/div>\r\n\r\n\t\t<div class=\"slideshow_controlPanel slideshow_transparent\" style=\"display: none;\"><ul><li class=\"slideshow_togglePlay\" data-play-text=\"Visualitza\" data-pause-text=\"Pausa\"><\/li><\/ul><\/div>\r\n\r\n\t\t<div class=\"slideshow_button slideshow_previous slideshow_transparent\" role=\"button\" data-previous-text=\"Anterior\" style=\"display: none;\"><\/div>\r\n\t\t<div class=\"slideshow_button slideshow_next slideshow_transparent\" role=\"button\" data-next-text=\"Seg\u00fcent\" style=\"display: none;\"><\/div>\r\n\r\n\t\t<div class=\"slideshow_pagination\" style=\"display: none;\" data-go-to-text=\"V\u00e9s a la diapositiva\"><div class=\"slideshow_pagination_center\"><\/div><\/div>\r\n\r\n\t\t<!-- WordPress Slideshow Version 2.3.1 -->\r\n\r\n\t\t\t<\/div>\r\n\r\n<strong>SETMANA CIENTIFICOTECNOL\u00d2GICA<\/strong><\/td>\n<td style=\"width: 322.222px; border-style: solid; border-color: #ffffff;\"><img loading=\"lazy\" decoding=\"async\" class=\"aligncenter wp-image-2227 size-full\" src=\"https:\/\/agora.xtec.cat\/ies-olivar-gran\/wp-content\/uploads\/usu2116\/2020\/06\/portada.png\" alt=\"\" width=\"133\" height=\"191\" \/><\/td>\n<\/tr>\n<\/tbody>\n<\/table>\n<table>\n<tbody>\n<tr>\n<td style=\"width: 321.482px; text-align: center; border-style: solid; border-color: #ffffff;\"><strong><img loading=\"lazy\" decoding=\"async\" class=\"aligncenter wp-image-2231\" src=\"https:\/\/agora.xtec.cat\/ies-olivar-gran\/wp-content\/uploads\/usu2116\/2020\/06\/Foto-1-1.png\" alt=\"\" width=\"300\" height=\"225\" srcset=\"https:\/\/agora.xtec.cat\/ies-olivar-gran\/wp-content\/uploads\/usu2116\/2020\/06\/Foto-1-1.png 259w, https:\/\/agora.xtec.cat\/ies-olivar-gran\/wp-content\/uploads\/usu2116\/2020\/06\/Foto-1-1-200x150.png 200w\" sizes=\"auto, (max-width: 300px) 100vw, 300px\" \/><\/strong><\/p>\n<p><strong>PROJECTE FIRST LEGO LEAGUE<\/strong><\/td>\n<td style=\"width: 322.222px; border-style: solid; border-color: #ffffff;\"><img loading=\"lazy\" decoding=\"async\" class=\"size-full wp-image-2232 aligncenter\" src=\"https:\/\/agora.xtec.cat\/ies-olivar-gran\/wp-content\/uploads\/usu2116\/2020\/06\/lego-logo.png\" alt=\"\" width=\"137\" height=\"124\" \/><\/td>\n<\/tr>\n<\/tbody>\n<\/table>\n<table>\n<tbody>\n<tr>\n<td style=\"width: 321.482px; text-align: center; border-style: solid; border-color: #ffffff;\"><strong><img loading=\"lazy\" decoding=\"async\" class=\"aligncenter wp-image-2237\" src=\"https:\/\/agora.xtec.cat\/ies-olivar-gran\/wp-content\/uploads\/usu2116\/2020\/06\/FOTO-1.png\" alt=\"\" width=\"300\" height=\"225\" srcset=\"https:\/\/agora.xtec.cat\/ies-olivar-gran\/wp-content\/uploads\/usu2116\/2020\/06\/FOTO-1.png 255w, https:\/\/agora.xtec.cat\/ies-olivar-gran\/wp-content\/uploads\/usu2116\/2020\/06\/FOTO-1-200x150.png 200w\" sizes=\"auto, (max-width: 300px) 100vw, 300px\" \/><\/strong><\/p>\n<p><strong>ESCOLES VERDES<\/strong><\/td>\n<td style=\"width: 322.222px; border-style: solid; border-color: #ffffff;\"><img loading=\"lazy\" decoding=\"async\" class=\"size-full wp-image-2238 aligncenter\" src=\"https:\/\/agora.xtec.cat\/ies-olivar-gran\/wp-content\/uploads\/usu2116\/2020\/06\/ESCOLES-LOGO.png\" alt=\"\" width=\"88\" height=\"79\" \/><\/td>\n<\/tr>\n<\/tbody>\n<\/table>\n<table>\n<tbody>\n<tr>\n<td style=\"width: 321.482px; text-align: center; border-style: solid; border-color: #ffffff;\"><strong><img loading=\"lazy\" decoding=\"async\" class=\"aligncenter wp-image-2242 size-medium\" src=\"https:\/\/agora.xtec.cat\/ies-olivar-gran\/wp-content\/uploads\/usu2116\/2020\/06\/FOTO-1-1-300x177.png\" alt=\"\" width=\"300\" height=\"177\" srcset=\"https:\/\/agora.xtec.cat\/ies-olivar-gran\/wp-content\/uploads\/usu2116\/2020\/06\/FOTO-1-1-300x177.png 300w, https:\/\/agora.xtec.cat\/ies-olivar-gran\/wp-content\/uploads\/usu2116\/2020\/06\/FOTO-1-1.png 326w\" sizes=\"auto, (max-width: 300px) 100vw, 300px\" \/><\/strong><\/p>\n<p><strong>CONGR\u00c9S DE JOVES CIENT\u00cdFICS<\/strong><\/td>\n<td style=\"width: 322.222px; border-style: solid; border-color: #ffffff;\"><img loading=\"lazy\" decoding=\"async\" class=\"aligncenter size-thumbnail wp-image-2243\" src=\"https:\/\/agora.xtec.cat\/ies-olivar-gran\/wp-content\/uploads\/usu2116\/2020\/06\/LOGO-139x150.png\" alt=\"\" width=\"139\" height=\"150\" \/><\/td>\n<\/tr>\n<\/tbody>\n<\/table>\n<table>\n<tbody>\n<tr>\n<td style=\"width: 321.482px; text-align: center; border-style: solid; border-color: #ffffff;\"><strong><img loading=\"lazy\" decoding=\"async\" class=\"aligncenter wp-image-2245 size-full\" src=\"https:\/\/agora.xtec.cat\/ies-olivar-gran\/wp-content\/uploads\/usu2116\/2020\/06\/FOTO-1-2.png\" alt=\"\" width=\"201\" height=\"256\" \/><\/strong><\/p>\n<p><strong>MOSTRA TRAMUNTEC DE TECNOLOGIA<\/strong><\/td>\n<td style=\"width: 322.222px; border-style: solid; border-color: #ffffff;\"><img loading=\"lazy\" decoding=\"async\" class=\"aligncenter size-full wp-image-2246\" src=\"https:\/\/agora.xtec.cat\/ies-olivar-gran\/wp-content\/uploads\/usu2116\/2020\/06\/LOGO-1.png\" alt=\"\" width=\"177\" height=\"180\" \/><\/td>\n<\/tr>\n<\/tbody>\n<\/table>\n","protected":false},"excerpt":{"rendered":"<p>SETMANA CIENTIFICOTECNOL\u00d2GICA PROJECTE FIRST LEGO LEAGUE ESCOLES VERDES CONGR\u00c9S DE JOVES CIENT\u00cdFICS MOSTRA TRAMUNTEC DE TECNOLOGIA<\/p>\n","protected":false},"author":1,"featured_media":0,"parent":1721,"menu_order":4,"comment_status":"closed","ping_status":"closed","template":"page-templates\/side-menu.php","meta":{"_bbp_topic_count":0,"_bbp_reply_count":0,"_bbp_total_topic_count":0,"_bbp_total_reply_count":0,"_bbp_voice_count":0,"_bbp_anonymous_reply_count":0,"_bbp_topic_count_hidden":0,"_bbp_reply_count_hidden":0,"_bbp_forum_subforum_count":0,"site-sidebar-layout":"default","site-content-layout":"","ast-site-content-layout":"","site-content-style":"default","site-sidebar-style":"default","ast-global-header-display":"","ast-banner-title-visibility":"","ast-main-header-display":"","ast-hfb-above-header-display":"","ast-hfb-below-header-display":"","ast-hfb-mobile-header-display":"","site-post-title":"","ast-breadcrumbs-content":"","ast-featured-img":"","footer-sml-layout":"","theme-transparent-header-meta":"","adv-header-id-meta":"","stick-header-meta":"","header-above-stick-meta":"","header-main-stick-meta":"","header-below-stick-meta":"","astra-migrate-meta-layouts":"default","ast-page-background-enabled":"default","ast-page-background-meta":{"desktop":{"background-color":"var(--ast-global-color-4)","background-image":"","background-repeat":"repeat","background-position":"center center","background-size":"auto","background-attachment":"scroll","background-type":"","background-media":"","overlay-type":"","overlay-color":"","overlay-opacity":"","overlay-gradient":""},"tablet":{"background-color":"","background-image":"","background-repeat":"repeat","background-position":"center center","background-size":"auto","background-attachment":"scroll","background-type":"","background-media":"","overlay-type":"","overlay-color":"","overlay-opacity":"","overlay-gradient":""},"mobile":{"background-color":"","background-image":"","background-repeat":"repeat","background-position":"center center","background-size":"auto","background-attachment":"scroll","background-type":"","background-media":"","overlay-type":"","overlay-color":"","overlay-opacity":"","overlay-gradient":""}},"ast-content-background-meta":{"desktop":{"background-color":"var(--ast-global-color-5)","background-image":"","background-repeat":"repeat","background-position":"center center","background-size":"auto","background-attachment":"scroll","background-type":"","background-media":"","overlay-type":"","overlay-color":"","overlay-opacity":"","overlay-gradient":""},"tablet":{"background-color":"var(--ast-global-color-5)","background-image":"","background-repeat":"repeat","background-position":"center center","background-size":"auto","background-attachment":"scroll","background-type":"","background-media":"","overlay-type":"","overlay-color":"","overlay-opacity":"","overlay-gradient":""},"mobile":{"background-color":"var(--ast-global-color-5)","background-image":"","background-repeat":"repeat","background-position":"center center","background-size":"auto","background-attachment":"scroll","background-type":"","background-media":"","overlay-type":"","overlay-color":"","overlay-opacity":"","overlay-gradient":""}},"footnotes":""},"class_list":["post-2218","page","type-page","status-publish","hentry"],"post_mailing_queue_ids":[],"_links":{"self":[{"href":"https:\/\/agora.xtec.cat\/ies-olivar-gran\/wp-json\/wp\/v2\/pages\/2218","targetHints":{"allow":["GET"]}}],"collection":[{"href":"https:\/\/agora.xtec.cat\/ies-olivar-gran\/wp-json\/wp\/v2\/pages"}],"about":[{"href":"https:\/\/agora.xtec.cat\/ies-olivar-gran\/wp-json\/wp\/v2\/types\/page"}],"author":[{"embeddable":true,"href":"https:\/\/agora.xtec.cat\/ies-olivar-gran\/wp-json\/wp\/v2\/users\/1"}],"replies":[{"embeddable":true,"href":"https:\/\/agora.xtec.cat\/ies-olivar-gran\/wp-json\/wp\/v2\/comments?post=2218"}],"version-history":[{"count":3,"href":"https:\/\/agora.xtec.cat\/ies-olivar-gran\/wp-json\/wp\/v2\/pages\/2218\/revisions"}],"predecessor-version":[{"id":2662,"href":"https:\/\/agora.xtec.cat\/ies-olivar-gran\/wp-json\/wp\/v2\/pages\/2218\/revisions\/2662"}],"up":[{"embeddable":true,"href":"https:\/\/agora.xtec.cat\/ies-olivar-gran\/wp-json\/wp\/v2\/pages\/1721"}],"wp:attachment":[{"href":"https:\/\/agora.xtec.cat\/ies-olivar-gran\/wp-json\/wp\/v2\/media?parent=2218"}],"curies":[{"name":"wp","href":"https:\/\/api.w.org\/{rel}","templated":true}]}}

<table>
<tbody>
<tr>
<td style="width: 321.482px; text-align: center; border-style: solid; border-color: #ffffff;">
	<div class="slideshow_container slideshow_container_style-light" style="height: 200px; " data-slideshow-id="2220" data-style-name="style-light" data-style-version="2.3.1" >

					<div class="slideshow_loading_icon"></div>
		
		<div class="slideshow_content" style="display: none;">

			<div class="slideshow_view">
				<div class="slideshow_slide slideshow_slide_image">
											<img src="https://agora.xtec.cat/ies-olivar-gran/wp-content/uploads/usu2116/2020/06/foto-4.png" alt="foto 4" width="272" height="186" />
										<div class="slideshow_description_box slideshow_transparent">
																	</div>
				</div>

						<div style="clear: both;"></div></div><div class="slideshow_view">
				<div class="slideshow_slide slideshow_slide_image">
											<img src="https://agora.xtec.cat/ies-olivar-gran/wp-content/uploads/usu2116/2020/06/foto-3.png" alt="foto 3" width="276" height="183" />
										<div class="slideshow_description_box slideshow_transparent">
																	</div>
				</div>

						<div style="clear: both;"></div></div><div class="slideshow_view">
				<div class="slideshow_slide slideshow_slide_image">
											<img src="https://agora.xtec.cat/ies-olivar-gran/wp-content/uploads/usu2116/2020/06/Foto-2.png" alt="Foto 2" width="276" height="156" />
										<div class="slideshow_description_box slideshow_transparent">
																	</div>
				</div>

						<div style="clear: both;"></div></div><div class="slideshow_view">
				<div class="slideshow_slide slideshow_slide_image">
											<img src="https://agora.xtec.cat/ies-olivar-gran/wp-content/uploads/usu2116/2020/06/Foto-1.png" alt="Foto 1" width="276" height="156" />
										<div class="slideshow_description_box slideshow_transparent">
																	</div>
				</div>

						<div style="clear: both;"></div></div>
		</div>

		<div class="slideshow_controlPanel slideshow_transparent" style="display: none;"><ul><li class="slideshow_togglePlay" data-play-text="Visualitza" data-pause-text="Pausa"></li></ul></div>

		<div class="slideshow_button slideshow_previous slideshow_transparent" role="button" data-previous-text="Anterior" style="display: none;"></div>
		<div class="slideshow_button slideshow_next slideshow_transparent" role="button" data-next-text="Següent" style="display: none;"></div>

		<div class="slideshow_pagination" style="display: none;" data-go-to-text="Vés a la diapositiva"><div class="slideshow_pagination_center"></div></div>

		<!-- WordPress Slideshow Version 2.3.1 -->

			</div>

<strong>SETMANA CIENTIFICOTECNOLÒGICA</strong></td>
<td style="width: 322.222px; border-style: solid; border-color: #ffffff;"><img loading="lazy" decoding="async" class="aligncenter wp-image-2227 size-full" src="https://agora.xtec.cat/ies-olivar-gran/wp-content/uploads/usu2116/2020/06/portada.png" alt="" width="133" height="191" /></td>
</tr>
</tbody>
</table>
<table>
<tbody>
<tr>
<td style="width: 321.482px; text-align: center; border-style: solid; border-color: #ffffff;"><strong><img loading="lazy" decoding="async" class="aligncenter wp-image-2231" src="https://agora.xtec.cat/ies-olivar-gran/wp-content/uploads/usu2116/2020/06/Foto-1-1.png" alt="" width="300" height="225" srcset="https://agora.xtec.cat/ies-olivar-gran/wp-content/uploads/usu2116/2020/06/Foto-1-1.png 259w, https://agora.xtec.cat/ies-olivar-gran/wp-content/uploads/usu2116/2020/06/Foto-1-1-200x150.png 200w" sizes="auto, (max-width: 300px) 100vw, 300px" /></strong></p>
<p><strong>PROJECTE FIRST LEGO LEAGUE</strong></td>
<td style="width: 322.222px; border-style: solid; border-color: #ffffff;"><img loading="lazy" decoding="async" class="size-full wp-image-2232 aligncenter" src="https://agora.xtec.cat/ies-olivar-gran/wp-content/uploads/usu2116/2020/06/lego-logo.png" alt="" width="137" height="124" /></td>
</tr>
</tbody>
</table>
<table>
<tbody>
<tr>
<td style="width: 321.482px; text-align: center; border-style: solid; border-color: #ffffff;"><strong><img loading="lazy" decoding="async" class="aligncenter wp-image-2237" src="https://agora.xtec.cat/ies-olivar-gran/wp-content/uploads/usu2116/2020/06/FOTO-1.png" alt="" width="300" height="225" srcset="https://agora.xtec.cat/ies-olivar-gran/wp-content/uploads/usu2116/2020/06/FOTO-1.png 255w, https://agora.xtec.cat/ies-olivar-gran/wp-content/uploads/usu2116/2020/06/FOTO-1-200x150.png 200w" sizes="auto, (max-width: 300px) 100vw, 300px" /></strong></p>
<p><strong>ESCOLES VERDES</strong></td>
<td style="width: 322.222px; border-style: solid; border-color: #ffffff;"><img loading="lazy" decoding="async" class="size-full wp-image-2238 aligncenter" src="https://agora.xtec.cat/ies-olivar-gran/wp-content/uploads/usu2116/2020/06/ESCOLES-LOGO.png" alt="" width="88" height="79" /></td>
</tr>
</tbody>
</table>
<table>
<tbody>
<tr>
<td style="width: 321.482px; text-align: center; border-style: solid; border-color: #ffffff;"><strong><img loading="lazy" decoding="async" class="aligncenter wp-image-2242 size-medium" src="https://agora.xtec.cat/ies-olivar-gran/wp-content/uploads/usu2116/2020/06/FOTO-1-1-300x177.png" alt="" width="300" height="177" srcset="https://agora.xtec.cat/ies-olivar-gran/wp-content/uploads/usu2116/2020/06/FOTO-1-1-300x177.png 300w, https://agora.xtec.cat/ies-olivar-gran/wp-content/uploads/usu2116/2020/06/FOTO-1-1.png 326w" sizes="auto, (max-width: 300px) 100vw, 300px" /></strong></p>
<p><strong>CONGRÉS DE JOVES CIENTÍFICS</strong></td>
<td style="width: 322.222px; border-style: solid; border-color: #ffffff;"><img loading="lazy" decoding="async" class="aligncenter size-thumbnail wp-image-2243" src="https://agora.xtec.cat/ies-olivar-gran/wp-content/uploads/usu2116/2020/06/LOGO-139x150.png" alt="" width="139" height="150" /></td>
</tr>
</tbody>
</table>
<table>
<tbody>
<tr>
<td style="width: 321.482px; text-align: center; border-style: solid; border-color: #ffffff;"><strong><img loading="lazy" decoding="async" class="aligncenter wp-image-2245 size-full" src="https://agora.xtec.cat/ies-olivar-gran/wp-content/uploads/usu2116/2020/06/FOTO-1-2.png" alt="" width="201" height="256" /></strong></p>
<p><strong>MOSTRA TRAMUNTEC DE TECNOLOGIA</strong></td>
<td style="width: 322.222px; border-style: solid; border-color: #ffffff;"><img loading="lazy" decoding="async" class="aligncenter size-full wp-image-2246" src="https://agora.xtec.cat/ies-olivar-gran/wp-content/uploads/usu2116/2020/06/LOGO-1.png" alt="" width="177" height="180" /></td>
</tr>
</tbody>
</table>

<p>SETMANA CIENTIFICOTECNOLÒGICA PROJECTE FIRST LEGO LEAGUE ESCOLES VERDES CONGRÉS DE JOVES CIENTÍFICS MOSTRA TRAMUNTEC DE TECNOLOGIA</p>
