{"id":2145,"date":"2020-06-19T02:24:00","date_gmt":"2020-06-19T00:24:00","guid":{"rendered":"https:\/\/agora.xtec.cat\/ies-olivar-gran\/?page_id=2145"},"modified":"2020-07-02T00:32:19","modified_gmt":"2020-07-01T22:32:19","slug":"les-nostres-funcions","status":"publish","type":"page","link":"https:\/\/agora.xtec.cat\/ies-olivar-gran\/coordinacio-i-departaments\/departament-dorientacio\/les-nostres-funcions\/","title":{"rendered":"Les nostres funcions"},"content":{"rendered":"<p><span style=\"color: #000000;\"><strong><u>DESCRIPCI\u00d3 DE LES NOSTRES FUNCIONS:<u><\/u><\/u><\/strong><\/span><\/p>\n<table style=\"border-color: #ffffff;\">\n<tbody>\n<tr style=\"height: 32px;\">\n<td style=\"width: 244.667px; height: 32px; border-style: solid; border-color: #000;\"><\/td>\n<td style=\"width: 480px; height: 32px; border-style: solid; border-color: #000; background-color: #d9d9d9;\"><span style=\"color: #000000;\"><strong>FUNCIONS DESENVOLUPADES<\/strong><\/span><\/td>\n<\/tr>\n<tr style=\"height: 32px;\">\n<td style=\"width: 244.667px; height: 32px; background-color: #92f7dc; border-color: #000000; border-style: solid; text-align: center;\"><span style=\"color: #000000;\"><strong>DOC\u00c8NCIA<\/strong><\/span><\/td>\n<td style=\"width: 480px; height: 32px; border-style: solid; border-color: #000000;\">\n<ul style=\"list-style-type: square;\">\n<li style=\"text-align: justify;\"><span style=\"font-size: 16px; background-color: #ffffff; color: #000000;\">Doc\u00e8ncia vinculada a les compet\u00e8ncies dels \u00e0mbits transversals: personal i social, i digital.<\/span><\/li>\n<li style=\"text-align: justify;\"><span style=\"font-size: 16px; background-color: #ffffff; color: #000000;\">Doc\u00e8ncia vinculada a la projecci\u00f3 dels aprenentatges i a l\u2019orientaci\u00f3 acad\u00e8mica i professional.<\/span><\/li>\n<\/ul>\n<\/td>\n<\/tr>\n<tr style=\"height: 32px;\">\n<td style=\"width: 244.667px; text-align: center; height: 32px; background-color: #92f7dc; border-color: #000000; border-style: solid;\"><span style=\"color: #000000;\"><strong>ATENCI\u00d3 A LES FAM\u00cdLIES<\/strong><\/span><\/td>\n<td style=\"width: 480px; height: 32px; border-style: solid; border-color: #000000;\">\n<ul style=\"list-style-type: square;\">\n<li style=\"text-align: justify;\"><span style=\"font-size: 16px; color: #000000;\">Acompanyament a les fam\u00edlies\u00a0 en refer\u00e8ncia a l\u2019adaptaci\u00f3 de l\u2019alumnat, al llarg de tota l\u2019escolaritzaci\u00f3 i en la transici\u00f3 de les etapes educatives.<\/span><\/li>\n<\/ul>\n<\/td>\n<\/tr>\n<tr style=\"height: 32px;\">\n<td style=\"width: 244.667px; text-align: center; height: 32px; background-color: #92f7dc; border-color: #000000; border-style: solid;\"><span style=\"color: #000000;\"><strong>ATENCI\u00d3 A L&#8217;ALUMNAT<\/strong><\/span><\/td>\n<td style=\"width: 480px; height: 32px; border-style: solid; border-color: #000000;\">\n<ul style=\"list-style-type: square;\">\n<li style=\"text-align: justify;\"><span style=\"font-size: 16px; background-color: #ffffff; color: #000000;\">Seguiment del proc\u00e9s d\u2019ensenyament aprenentatge\u00a0 de l\u2019alumnat.<\/span><\/li>\n<li style=\"text-align: justify;\"><span style=\"font-size: 16px; background-color: #ffffff; color: #000000;\">Acompanyament de l\u2019alumne a nivell personal, social i emocional per a una bona adaptaci\u00f3 al centre i un bon rendiment acad\u00e8mic.<\/span><\/li>\n<\/ul>\n<\/td>\n<\/tr>\n<tr style=\"height: 47px;\">\n<td style=\"width: 244.667px; text-align: center; height: 47px; background-color: #92f7dc; border-color: #000000; border-style: solid;\"><span style=\"color: #000000;\"><strong>ASSESSORAMENT AL PROFESSORAT<\/strong><\/span><\/td>\n<td style=\"width: 480px; height: 47px; border-style: solid; border-color: #000000;\">\n<ul style=\"list-style-type: square;\">\n<li style=\"text-align: justify;\"><span style=\"font-size: 16px; color: #000000;\">Coordinaci\u00f3 del proc\u00e9s d\u2019avaluaci\u00f3 psicopedag\u00f2gica dels alumnes en el marc de la Comissi\u00f3 d\u2019Atenci\u00f3 a la Diversitat i amb l\u2019equip d\u2019assessorament psicopedag\u00f2gic.<\/span><\/li>\n<li style=\"text-align: justify;\"><span style=\"font-size: 16px; color: #000000;\">Suport en l\u2019elaboraci\u00f3, implementaci\u00f3 i avaluaci\u00f3 del PI.<\/span><\/li>\n<li style=\"text-align: justify;\"><span style=\"font-size: 16px; color: #000000;\">Col\u00b7laboraci\u00f3 en l\u2019elaboraci\u00f3, implementaci\u00f3 i avaluaci\u00f3 de les mesures i suports universals, addicionals i intensius d\u2019atenci\u00f3 educativa dels alumnes en el marc d\u2019un sistema educatiu inclusiu.<\/span><\/li>\n<\/ul>\n<\/td>\n<\/tr>\n<\/tbody>\n<\/table>\n<p>&nbsp;<\/p>\n<p><span style=\"color: #000000;\"><strong><u>ORIENTADOR\/ES DE REFER\u00c8NCIA:<u><\/u><\/u><\/strong><\/span><\/p>\n<table style=\"border-style: solid; border-color: #ffffff;\">\n<tbody>\n<tr style=\"height: 32px;\">\n<td style=\"width: 138px; height: 32px; border-style: solid; border-color: #000;\"><\/td>\n<td style=\"width: 180px; background-color: #92f7dc; border-style: solid; border-color: #000000; height: 32px;\"><strong>ORIENTADOR\/A:<\/strong><\/td>\n<td style=\"width: 404.667px; background-color: #92f7dc; border-style: solid; border-color: #000000; height: 32px;\"><strong>HORARI D&#8217;ATENCI\u00d3 A LES FAM\u00cdLIES:<\/strong><\/td>\n<\/tr>\n<tr style=\"height: 32px;\">\n<td style=\"width: 138px; border-style: solid; border-color: #000000; background-color: #d9d9d9; height: 32px;\"><strong>1r ESO<\/strong><\/td>\n<td style=\"width: 180px; border-style: solid; border-color: #000000; height: 32px;\"><strong>ALBA RIBAS<\/strong><\/td>\n<td style=\"width: 404.667px; border-style: solid; border-color: #000000; height: 32px;\"><\/td>\n<\/tr>\n<tr style=\"height: 32px;\">\n<td style=\"width: 138px; border-style: solid; border-color: #000000; background-color: #d9d9d9; height: 32px;\"><strong>2n ESO<\/strong><\/td>\n<td style=\"width: 180px; border-style: solid; border-color: #000000; height: 32px;\"><strong>SARA GIR\u00d3<\/strong><\/td>\n<td style=\"width: 404.667px; border-style: solid; border-color: #000000; height: 32px;\"><\/td>\n<\/tr>\n<tr style=\"height: 32px;\">\n<td style=\"width: 138px; border-style: solid; border-color: #000000; background-color: #d9d9d9; height: 32px;\"><strong>3r ESO\u00a0<\/strong><\/td>\n<td style=\"width: 180px; border-style: solid; border-color: #000000; height: 32px;\"><strong>ISABEL LORENZO<\/strong><\/td>\n<td style=\"width: 404.667px; border-style: solid; border-color: #000000; height: 32px;\"><\/td>\n<\/tr>\n<tr style=\"height: 32px;\">\n<td style=\"width: 138px; border-style: solid; border-color: #000000; background-color: #d9d9d9; height: 32px;\"><strong>4t ESO<\/strong><\/td>\n<td style=\"width: 180px; border-style: solid; border-color: #000000; height: 32px;\"><strong>GEMMA CLE<\/strong><\/td>\n<td style=\"width: 404.667px; border-style: solid; border-color: #000000; height: 32px;\"><\/td>\n<\/tr>\n<tr style=\"height: 32px;\">\n<td style=\"width: 138px; border-style: solid; border-color: #000000; background-color: #d9d9d9; height: 32px;\"><strong>TUTORA SIEI<\/strong><\/td>\n<td style=\"width: 180px; border-style: solid; border-color: #000000; height: 32px;\"><strong>S\u00cdLVIA G\u00d3MEZ<\/strong><\/td>\n<td style=\"width: 404.667px; border-style: solid; border-color: #000000; height: 32px;\"><\/td>\n<\/tr>\n<tr style=\"height: 32px;\">\n<td style=\"width: 138px; border-style: solid; border-color: #000000; background-color: #d9d9d9; height: 32px;\"><strong>TUTORA AA<\/strong><\/td>\n<td style=\"width: 180px; border-style: solid; border-color: #000000; height: 32px;\"><strong>M\u00aa DOLORS RAMOS<\/strong><\/td>\n<td style=\"width: 404.667px; border-style: solid; border-color: #000000; height: 32px;\"><\/td>\n<\/tr>\n<\/tbody>\n<\/table>\n","protected":false},"excerpt":{"rendered":"<p>DESCRIPCI\u00d3 DE LES NOSTRES FUNCIONS: FUNCIONS DESENVOLUPADES DOC\u00c8NCIA Doc\u00e8ncia vinculada a les compet\u00e8ncies dels \u00e0mbits transversals: personal i social, i digital. Doc\u00e8ncia vinculada a la projecci\u00f3 dels aprenentatges i a l\u2019orientaci\u00f3 acad\u00e8mica i professional. ATENCI\u00d3 A LES FAM\u00cdLIES Acompanyament a les fam\u00edlies\u00a0 en refer\u00e8ncia a l\u2019adaptaci\u00f3 de l\u2019alumnat, al llarg de tota l\u2019escolaritzaci\u00f3 i en [&hellip;]<\/p>\n","protected":false},"author":1,"featured_media":0,"parent":1731,"menu_order":3,"comment_status":"closed","ping_status":"closed","template":"page-templates\/side-menu.php","meta":{"_bbp_topic_count":0,"_bbp_reply_count":0,"_bbp_total_topic_count":0,"_bbp_total_reply_count":0,"_bbp_voice_count":0,"_bbp_anonymous_reply_count":0,"_bbp_topic_count_hidden":0,"_bbp_reply_count_hidden":0,"_bbp_forum_subforum_count":0,"site-sidebar-layout":"default","site-content-layout":"","ast-site-content-layout":"","site-content-style":"default","site-sidebar-style":"default","ast-global-header-display":"","ast-banner-title-visibility":"","ast-main-header-display":"","ast-hfb-above-header-display":"","ast-hfb-below-header-display":"","ast-hfb-mobile-header-display":"","site-post-title":"","ast-breadcrumbs-content":"","ast-featured-img":"","footer-sml-layout":"","theme-transparent-header-meta":"","adv-header-id-meta":"","stick-header-meta":"","header-above-stick-meta":"","header-main-stick-meta":"","header-below-stick-meta":"","astra-migrate-meta-layouts":"default","ast-page-background-enabled":"default","ast-page-background-meta":{"desktop":{"background-color":"var(--ast-global-color-4)","background-image":"","background-repeat":"repeat","background-position":"center center","background-size":"auto","background-attachment":"scroll","background-type":"","background-media":"","overlay-type":"","overlay-color":"","overlay-opacity":"","overlay-gradient":""},"tablet":{"background-color":"","background-image":"","background-repeat":"repeat","background-position":"center center","background-size":"auto","background-attachment":"scroll","background-type":"","background-media":"","overlay-type":"","overlay-color":"","overlay-opacity":"","overlay-gradient":""},"mobile":{"background-color":"","background-image":"","background-repeat":"repeat","background-position":"center center","background-size":"auto","background-attachment":"scroll","background-type":"","background-media":"","overlay-type":"","overlay-color":"","overlay-opacity":"","overlay-gradient":""}},"ast-content-background-meta":{"desktop":{"background-color":"var(--ast-global-color-5)","background-image":"","background-repeat":"repeat","background-position":"center center","background-size":"auto","background-attachment":"scroll","background-type":"","background-media":"","overlay-type":"","overlay-color":"","overlay-opacity":"","overlay-gradient":""},"tablet":{"background-color":"var(--ast-global-color-5)","background-image":"","background-repeat":"repeat","background-position":"center center","background-size":"auto","background-attachment":"scroll","background-type":"","background-media":"","overlay-type":"","overlay-color":"","overlay-opacity":"","overlay-gradient":""},"mobile":{"background-color":"var(--ast-global-color-5)","background-image":"","background-repeat":"repeat","background-position":"center center","background-size":"auto","background-attachment":"scroll","background-type":"","background-media":"","overlay-type":"","overlay-color":"","overlay-opacity":"","overlay-gradient":""}},"footnotes":""},"class_list":["post-2145","page","type-page","status-publish","hentry"],"post_mailing_queue_ids":[],"_links":{"self":[{"href":"https:\/\/agora.xtec.cat\/ies-olivar-gran\/wp-json\/wp\/v2\/pages\/2145","targetHints":{"allow":["GET"]}}],"collection":[{"href":"https:\/\/agora.xtec.cat\/ies-olivar-gran\/wp-json\/wp\/v2\/pages"}],"about":[{"href":"https:\/\/agora.xtec.cat\/ies-olivar-gran\/wp-json\/wp\/v2\/types\/page"}],"author":[{"embeddable":true,"href":"https:\/\/agora.xtec.cat\/ies-olivar-gran\/wp-json\/wp\/v2\/users\/1"}],"replies":[{"embeddable":true,"href":"https:\/\/agora.xtec.cat\/ies-olivar-gran\/wp-json\/wp\/v2\/comments?post=2145"}],"version-history":[{"count":3,"href":"https:\/\/agora.xtec.cat\/ies-olivar-gran\/wp-json\/wp\/v2\/pages\/2145\/revisions"}],"predecessor-version":[{"id":2666,"href":"https:\/\/agora.xtec.cat\/ies-olivar-gran\/wp-json\/wp\/v2\/pages\/2145\/revisions\/2666"}],"up":[{"embeddable":true,"href":"https:\/\/agora.xtec.cat\/ies-olivar-gran\/wp-json\/wp\/v2\/pages\/1731"}],"wp:attachment":[{"href":"https:\/\/agora.xtec.cat\/ies-olivar-gran\/wp-json\/wp\/v2\/media?parent=2145"}],"curies":[{"name":"wp","href":"https:\/\/api.w.org\/{rel}","templated":true}]}}