{"id":1046,"date":"2020-06-08T03:25:16","date_gmt":"2020-06-08T01:25:16","guid":{"rendered":"https:\/\/agora.xtec.cat\/ies-olivar-gran\/?page_id=1046"},"modified":"2022-06-02T12:12:19","modified_gmt":"2022-06-02T10:12:19","slug":"nivell-de-catala","status":"publish","type":"page","link":"https:\/\/agora.xtec.cat\/ies-olivar-gran\/secretaria\/nivell-de-catala\/","title":{"rendered":"Nivell de catal\u00e0"},"content":{"rendered":"<h3><strong><span style=\"text-align: center; color: #000000; text-transform: none; line-height: normal; text-indent: 0px; letter-spacing: normal; font-family: 'Lato',Helvetica,Arial,sans-serif; font-size: 1.3em; font-style: normal; font-variant: normal; text-decoration: none; word-spacing: 0px; display: inline !important; white-space: normal; orphans: 2; float: none; -webkit-text-stroke-width: 0px; background-color: #ffffff;\">CERTIFICAT NIVELL DE CATAL\u00c0<\/span><\/strong><\/h3>\n<p align=\"JUSTIFY\"><span style=\"color: #000000;\"><strong>Qui pot demanar el\u00a0Nivell B\u00a0(Certificat de nivell intermedi de catal\u00e0)?<img loading=\"lazy\" decoding=\"async\" class=\"alignright wp-image-1252\" src=\"https:\/\/agora.xtec.cat\/ies-olivar-gran\/wp-content\/uploads\/usu2116\/2020\/06\/certificats-1.png\" alt=\"\" width=\"300\" height=\"297\" srcset=\"https:\/\/agora.xtec.cat\/ies-olivar-gran\/wp-content\/uploads\/usu2116\/2020\/06\/certificats-1.png 410w, https:\/\/agora.xtec.cat\/ies-olivar-gran\/wp-content\/uploads\/usu2116\/2020\/06\/certificats-1-150x150.png 150w, https:\/\/agora.xtec.cat\/ies-olivar-gran\/wp-content\/uploads\/usu2116\/2020\/06\/certificats-1-300x297.png 300w\" sizes=\"auto, (max-width: 300px) 100vw, 300px\" \/><\/strong><\/span><\/p>\n<ul>\n<li>\n<p align=\"JUSTIFY\"><span style=\"color: #000000;\">L\u2019alumnat que tingui el T\u00edtol de graduat escolar (EGB), sempre que hagi cursat tota l\u2019EGB a Catalunya i que hagi cursat la mat\u00e8ria de llengua catalana en la totalitat d\u2019aquests estudis a partir del curs 1978\/79. (Compleix aquest requisit la gent nascuda a partir del 1972).\u00a0<\/span><\/p>\n<\/li>\n<\/ul>\n<ul>\n<li>\n<p align=\"JUSTIFY\"><span style=\"color: #000000;\">L\u2019alumnat que tingui el T\u00edtol de t\u00e8cnic\/a auxiliar (FP1), sempre que hagi cursat tota l\u2019EGB i FP1 a Catalunya i hagi cursat la mat\u00e8ria de llengua catalana en la totalitat d\u2019aquests estudis a partir del curs 1978\/79. (Compleix aquest requisit la gent nascuda a partir del 1972).\u00a0<\/span><\/p>\n<\/li>\n<\/ul>\n<p style=\"text-align: justify;\" align=\"JUSTIFY\"><span style=\"color: #000000;\"><strong>Qui pot demanar el\u00a0Nivell C\u00a0(Certificat de nivell de sufici\u00e8ncia de catal\u00e0)?<\/strong><\/span><\/p>\n<ul style=\"text-align: justify;\">\n<li>\n<p align=\"JUSTIFY\"><span style=\"color: #000000;\">L\u2019alumnat que tingui el T\u00edtol de graduat en educaci\u00f3 secund\u00e0ria (ESO), sempre que hagi cursat a Catalunya almenys tres cursos qualsevol d\u2019educaci\u00f3 prim\u00e0ria i tota l\u2019ESO i hagi cursat la mat\u00e8ria de llengua catalana en la totalitat dels estudis m\u00ednims abans esmentats. Aquesta equival\u00e8ncia \u00e9s d\u2019aplicaci\u00f3 a partir del curs 2007\/08, sense car\u00e0cter retroactiu.<\/span><\/p>\n<\/li>\n<\/ul>\n<ul>\n<li>\n<p style=\"text-align: justify;\" align=\"JUSTIFY\"><span style=\"color: #000000;\">L\u2019alumnat que tingui el T\u00edtol de graduat en educaci\u00f3 secund\u00e0ria (ESO) obtingut a centres i aules de formaci\u00f3 de persones adultes, sempre que hagi cursat a Catalunya almenys vuit cursos qualsevol\u00a0\u00a0entre l\u2019educaci\u00f3 prim\u00e0ria i l\u2019ESO, i que hagi cursat i aprovat l\u2019\u00e0rea de Llengua catalana als centres i aules de formaci\u00f3 de persones adultes.<\/span><\/p>\n<\/li>\n<\/ul>\n<ul>\n<li>\n<p style=\"text-align: justify;\" align=\"JUSTIFY\">L\u2019alumnat que tingui el T\u00edtol de batxillerat (LOGSE), sempre que hagi cursat a Catalunya tres cursos qualsevol d\u2019educaci\u00f3 prim\u00e0ria i cinc cursos qualsevol entre l\u2019ESO i el batxillerat, i hagi cursat la mat\u00e8ria de Llengua catalana en la totalitat d\u2019aquests estudis m\u00ednims abans esmentats.<\/p>\n<\/li>\n<\/ul>\n<ul>\n<li style=\"text-align: justify;\">\n<p align=\"JUSTIFY\">L\u2019alumnat que tingui el T\u00edtol de batxillerat (BUP), sempre que hagi cursat tota l\u2019EGB a Catalunya i hagi cursat de manera oficial la mat\u00e8ria de Llengua catalana en la totalitat dels estudis esmentats a partir del curs 1978\/79. <span style=\"color: #000000;\">(Compleix aquest requisit la gent nascuda a partir del 1972).\u00a0<\/span><\/p>\n<\/li>\n<\/ul>\n<p style=\"text-align: justify;\" align=\"JUSTIFY\">L\u2019alumnat que tingui el T\u00edtol de t\u00e8cnic\/a especialista (FP2) sempre que hagi cursat tota l\u2019EGB, l\u2019FP1 i l\u2019FP2 a Catalunya i hagi cursat de manera oficial la mat\u00e8ria de Llengua catalana en la totalitat d\u2019aquests estudis abans esmentats a partir del curs 1978\/79. <span style=\"color: #000000;\">(Compleix aquest requisit la gent nascuda a partir del 1972).\u00a0<\/span><\/p>\n<p style=\"font-weight: 400;\"><strong>Qu\u00e8 cal presentar \u00a0per demanar el certificat?<\/strong><\/p>\n<p style=\"font-weight: 400;\">Per sol\u00b7licitar el certificat\u00a0<strong><u>\u00e9s imprescindible<\/u><\/strong>\u00a0presentar la seg\u00fcent documentaci\u00f3.<\/p>\n<ul>\n<li style=\"font-weight: 400;\">Llibre d&#8217;escolaritat o certificat del centre o centres on s\u2019ha fet l\u2019itinerari escolar corresponent a l\u2019etapa educativa (EGB, prim\u00e0ria).<\/li>\n<li style=\"font-weight: 400;\">Llibre d&#8217;escolaritat o certificat del centre o centres on s\u2019ha fet l\u2019itinerari escolar corresponent a l\u2019etapa educativa (BUP, FP, ESO). Dels estudis que s\u2019hagin cursat a l\u2019Institut Olivar Gran, no caldr\u00e0 presentar documentaci\u00f3.<\/li>\n<li style=\"font-weight: 400;\">C\u00f2pia del DNI de la persona sol\u00b7licitant.<\/li>\n<li style=\"font-weight: 400;\">Sol\u00b7licitud de reconeixement degudament omplert (sol\u00b7licitud adjunta el final de la p\u00e0gina).<\/li>\n<li style=\"font-weight: 400;\">L\u2019alumne\/a ha de passar per Administraci\u00f3 personalment o b\u00e9 demanar el certificat utilitzant el correu electr\u00f2nic <span id=\"correuEnc_d1c4fdbcb0c9ae1112453\"><a href=\"mailto:administracio@olivargran.cat\">administracio<span class=\"\">@olivargran.cat<\/span><\/a><\/span>.<\/li>\n<\/ul>\n<div><\/div>\n<div><\/div>\n<p style=\"text-align: justify;\" align=\"JUSTIFY\"><span style=\"color: #000000;\">Podeu trobar tota la informaci\u00f3 sobre aquest tema a la p\u00e0gina web del Departament d\u2019Ensenyament, seguint el seg\u00fcent<\/span>\u00a0<a href=\"http:\/\/www20.gencat.cat\/portal\/site\/Llengcat\/menuitem.b318de7236aed0e7a129d410b0c0e1a0\/?vgnextoid=8d9bf9465ff61110VgnVCM1000000b0c1e0aRCRD&amp;vgnextchannel=8d9bf9465ff61110VgnVCM1000000b0c1e0aRCRD&amp;vgnextfmt=default\"><strong>enlla\u00e7<\/strong><\/a>.<\/p>\n<p align=\"JUSTIFY\"><span style=\"color: #000000;\">Podeu descarregar-vos-el clicant a l&#8217;enlla\u00e7 seg\u00fcent:<\/span><\/p>\n<ul>\n<li><a href=\"https:\/\/agora.xtec.cat\/ies-olivar-gran\/wp-content\/uploads\/usu2116\/2020\/07\/A816.pdf\" target=\"_blank\" rel=\"noopener noreferrer\">Sol\u00b7licitud de reconeixement<\/a>\u00a0<span style=\"color: #999999;\">(PDF, 126 kB)<\/span><\/li>\n<\/ul>\n<table style=\"height: 61px; border-style: solid; width: 331px; border-color: #fff; background-color: #0ed5eb;\" width=\"331\">\n<tbody>\n<tr>\n<td style=\"width: 325.333px; border-style: solid; border-color: #000000; text-align: left;\"><span style=\"color: #000000;\"><a style=\"color: #000000;\" href=\"http:\/\/ensenyament.gencat.cat\/ca\/tramits\/tramits-temes\/22046-reconeixement-b2-c1-catala?category=\" target=\"_blank\" rel=\"noopener noreferrer\"><strong><span style=\"font-size: 10pt; font-family: arial, helvetica, sans-serif;\">Informaci\u00f3 addicional sobre el reconeixement dels nivells B2 i C1 de catal\u00e0 per escolaritat reglada no universit\u00e0ria<\/span><\/strong><\/a><\/span><\/td>\n<\/tr>\n<\/tbody>\n<\/table>\n","protected":false},"excerpt":{"rendered":"<p>CERTIFICAT NIVELL DE CATAL\u00c0 Qui pot demanar el\u00a0Nivell B\u00a0(Certificat de nivell intermedi de catal\u00e0)? L\u2019alumnat que tingui el T\u00edtol de graduat escolar (EGB), sempre que hagi cursat tota l\u2019EGB a Catalunya i que hagi cursat la mat\u00e8ria de llengua catalana en la totalitat d\u2019aquests estudis a partir del curs 1978\/79. (Compleix aquest requisit la gent [&hellip;]<\/p>\n","protected":false},"author":1,"featured_media":0,"parent":81,"menu_order":9,"comment_status":"closed","ping_status":"closed","template":"page-templates\/side-menu.php","meta":{"_bbp_topic_count":0,"_bbp_reply_count":0,"_bbp_total_topic_count":0,"_bbp_total_reply_count":0,"_bbp_voice_count":0,"_bbp_anonymous_reply_count":0,"_bbp_topic_count_hidden":0,"_bbp_reply_count_hidden":0,"_bbp_forum_subforum_count":0,"site-sidebar-layout":"default","site-content-layout":"","ast-site-content-layout":"","site-content-style":"default","site-sidebar-style":"default","ast-global-header-display":"","ast-banner-title-visibility":"","ast-main-header-display":"","ast-hfb-above-header-display":"","ast-hfb-below-header-display":"","ast-hfb-mobile-header-display":"","site-post-title":"","ast-breadcrumbs-content":"","ast-featured-img":"","footer-sml-layout":"","theme-transparent-header-meta":"","adv-header-id-meta":"","stick-header-meta":"","header-above-stick-meta":"","header-main-stick-meta":"","header-below-stick-meta":"","astra-migrate-meta-layouts":"default","ast-page-background-enabled":"default","ast-page-background-meta":{"desktop":{"background-color":"var(--ast-global-color-4)","background-image":"","background-repeat":"repeat","background-position":"center center","background-size":"auto","background-attachment":"scroll","background-type":"","background-media":"","overlay-type":"","overlay-color":"","overlay-opacity":"","overlay-gradient":""},"tablet":{"background-color":"","background-image":"","background-repeat":"repeat","background-position":"center center","background-size":"auto","background-attachment":"scroll","background-type":"","background-media":"","overlay-type":"","overlay-color":"","overlay-opacity":"","overlay-gradient":""},"mobile":{"background-color":"","background-image":"","background-repeat":"repeat","background-position":"center center","background-size":"auto","background-attachment":"scroll","background-type":"","background-media":"","overlay-type":"","overlay-color":"","overlay-opacity":"","overlay-gradient":""}},"ast-content-background-meta":{"desktop":{"background-color":"var(--ast-global-color-5)","background-image":"","background-repeat":"repeat","background-position":"center center","background-size":"auto","background-attachment":"scroll","background-type":"","background-media":"","overlay-type":"","overlay-color":"","overlay-opacity":"","overlay-gradient":""},"tablet":{"background-color":"var(--ast-global-color-5)","background-image":"","background-repeat":"repeat","background-position":"center center","background-size":"auto","background-attachment":"scroll","background-type":"","background-media":"","overlay-type":"","overlay-color":"","overlay-opacity":"","overlay-gradient":""},"mobile":{"background-color":"var(--ast-global-color-5)","background-image":"","background-repeat":"repeat","background-position":"center center","background-size":"auto","background-attachment":"scroll","background-type":"","background-media":"","overlay-type":"","overlay-color":"","overlay-opacity":"","overlay-gradient":""}},"footnotes":""},"class_list":["post-1046","page","type-page","status-publish","hentry"],"post_mailing_queue_ids":[],"_links":{"self":[{"href":"https:\/\/agora.xtec.cat\/ies-olivar-gran\/wp-json\/wp\/v2\/pages\/1046","targetHints":{"allow":["GET"]}}],"collection":[{"href":"https:\/\/agora.xtec.cat\/ies-olivar-gran\/wp-json\/wp\/v2\/pages"}],"about":[{"href":"https:\/\/agora.xtec.cat\/ies-olivar-gran\/wp-json\/wp\/v2\/types\/page"}],"author":[{"embeddable":true,"href":"https:\/\/agora.xtec.cat\/ies-olivar-gran\/wp-json\/wp\/v2\/users\/1"}],"replies":[{"embeddable":true,"href":"https:\/\/agora.xtec.cat\/ies-olivar-gran\/wp-json\/wp\/v2\/comments?post=1046"}],"version-history":[{"count":4,"href":"https:\/\/agora.xtec.cat\/ies-olivar-gran\/wp-json\/wp\/v2\/pages\/1046\/revisions"}],"predecessor-version":[{"id":8105,"href":"https:\/\/agora.xtec.cat\/ies-olivar-gran\/wp-json\/wp\/v2\/pages\/1046\/revisions\/8105"}],"up":[{"embeddable":true,"href":"https:\/\/agora.xtec.cat\/ies-olivar-gran\/wp-json\/wp\/v2\/pages\/81"}],"wp:attachment":[{"href":"https:\/\/agora.xtec.cat\/ies-olivar-gran\/wp-json\/wp\/v2\/media?parent=1046"}],"curies":[{"name":"wp","href":"https:\/\/api.w.org\/{rel}","templated":true}]}}