{"id":744,"date":"2017-08-29T11:17:50","date_gmt":"2017-08-29T09:17:50","guid":{"rendered":"http:\/\/agora.xtec.cat\/ies-montjuic\/?page_id=744"},"modified":"2017-09-11T22:12:20","modified_gmt":"2017-09-11T20:12:20","slug":"mediacio","status":"publish","type":"page","link":"https:\/\/agora.xtec.cat\/ies-montjuic\/elcentre\/mediacio\/","title":{"rendered":"Conviv\u00e8ncia i mediaci\u00f3"},"content":{"rendered":"<p>La conviv\u00e8ncia als centres \u00e9s fonamental per mantenir les bones relacions i facilitar la feina i el treball de tothom, per\u00f2 dins d&#8217;aquesta conviv\u00e8ncia poden sorgir petites o grans friccions que en l\u2019Institut Montju\u00efc intentant solucionar mitjan\u00e7ant una eina molt efica\u00e7: la mediaci\u00f3.<\/p>\n<p>La mediaci\u00f3 \u00e9s alhora una eina educativa i de creixement personal, l&#8217;alumnat mediador apr\u00e8n a col\u00b7laborar, a escoltar i ajudar als altres en els conflictes que puguin sortir, i l&#8217;alumnat mediat troba una via de soluci\u00f3 pac\u00edfica i dialogada als possibles malentesos i problemes, evitant, d&#8217;aquesta manera, un enquistament de les situacions i una millora en el centre.<\/p>\n<div class=\"contingut\">\n<p><a href=\"http:\/\/agora.xtec.cat\/ies-montjuic\/wp-content\/uploads\/usu1274\/2017\/08\/simposi_bulling01.jpg\"><img loading=\"lazy\" decoding=\"async\" class=\"alignnone wp-image-1130\" src=\"http:\/\/agora.xtec.cat\/ies-montjuic\/wp-content\/uploads\/usu1274\/2017\/08\/simposi_bulling01.jpg\" alt=\"\" width=\"264\" height=\"198\" srcset=\"https:\/\/agora.xtec.cat\/ies-montjuic\/wp-content\/uploads\/usu1274\/2017\/08\/simposi_bulling01.jpg 567w, https:\/\/agora.xtec.cat\/ies-montjuic\/wp-content\/uploads\/usu1274\/2017\/08\/simposi_bulling01-300x225.jpg 300w, https:\/\/agora.xtec.cat\/ies-montjuic\/wp-content\/uploads\/usu1274\/2017\/08\/simposi_bulling01-200x150.jpg 200w\" sizes=\"auto, (max-width: 264px) 100vw, 264px\" \/><\/a> <a href=\"http:\/\/agora.xtec.cat\/ies-montjuic\/wp-content\/uploads\/usu1274\/2017\/08\/jornada_alumnat_mediador01.jpg\"><img loading=\"lazy\" decoding=\"async\" class=\"alignnone wp-image-1131\" src=\"http:\/\/agora.xtec.cat\/ies-montjuic\/wp-content\/uploads\/usu1274\/2017\/08\/jornada_alumnat_mediador01.jpg\" alt=\"\" width=\"263\" height=\"197\" srcset=\"https:\/\/agora.xtec.cat\/ies-montjuic\/wp-content\/uploads\/usu1274\/2017\/08\/jornada_alumnat_mediador01.jpg 567w, https:\/\/agora.xtec.cat\/ies-montjuic\/wp-content\/uploads\/usu1274\/2017\/08\/jornada_alumnat_mediador01-300x225.jpg 300w, https:\/\/agora.xtec.cat\/ies-montjuic\/wp-content\/uploads\/usu1274\/2017\/08\/jornada_alumnat_mediador01-200x150.jpg 200w\" sizes=\"auto, (max-width: 263px) 100vw, 263px\" \/><\/a><\/p>\n<h5><strong>Activitats que realitzem:<\/strong><\/h5>\n<ul>\n<li style=\"font-weight: 400;\"><span style=\"font-weight: 400;\">Formaci\u00f3 de mediadors\/es<\/span><\/li>\n<li style=\"font-weight: 400;\"><span style=\"font-weight: 400;\">Mediacions entre iguals<\/span><\/li>\n<li style=\"font-weight: 400;\"><span style=\"font-weight: 400;\">Projecte escoles (alumat mediador va al cursos superiors a les escoles referents a realitzar un petit taller amb jocs col\u00b7laboratius i explicaci\u00f3 de qu\u00e8 \u00e9s la mediaci\u00f3<\/span><\/li>\n<li style=\"font-weight: 400;\"><span style=\"font-weight: 400;\">Projecte mentoria. \u00a0L\u2019alumnat de 1r de Batxillerat fa de mentor\/a d\u2019alumnat de 1r d\u2019ESO per facilitar la seva integraci\u00f3 en el centre, actuant com un company o amic gran al centre que ajuda en aquests primers mesos, o durant tot el curs si es considera necessari<\/span><\/li>\n<li style=\"font-weight: 400;\"><span style=\"font-weight: 400;\">Jornada Alumnat Mediador. \u00a0Des de fa molt cursos participem activament en la Jornada d\u2019Alumnat Mediador de la ciutat de Barcelona, no solament com a institut membre de l\u2019organitzaci\u00f3 de la mateixa, sin\u00f3 tamb\u00e9 amb l\u2019assist\u00e8ncia d\u2019un grup d\u2019alumnes<\/span><\/li>\n<\/ul>\n<p><img loading=\"lazy\" decoding=\"async\" class=\"alignnone wp-image-1134\" src=\"http:\/\/agora.xtec.cat\/ies-montjuic\/wp-content\/uploads\/usu1274\/2017\/08\/simposi_bulling02.jpg\" alt=\"\" width=\"263\" height=\"197\" srcset=\"https:\/\/agora.xtec.cat\/ies-montjuic\/wp-content\/uploads\/usu1274\/2017\/08\/simposi_bulling02.jpg 567w, https:\/\/agora.xtec.cat\/ies-montjuic\/wp-content\/uploads\/usu1274\/2017\/08\/simposi_bulling02-300x225.jpg 300w, https:\/\/agora.xtec.cat\/ies-montjuic\/wp-content\/uploads\/usu1274\/2017\/08\/simposi_bulling02-200x150.jpg 200w\" sizes=\"auto, (max-width: 263px) 100vw, 263px\" \/>\u00a0<img loading=\"lazy\" decoding=\"async\" class=\"alignnone wp-image-1133\" src=\"http:\/\/agora.xtec.cat\/ies-montjuic\/wp-content\/uploads\/usu1274\/2017\/08\/mediacio_collserola02.jpg\" alt=\"\" width=\"260\" height=\"195\" srcset=\"https:\/\/agora.xtec.cat\/ies-montjuic\/wp-content\/uploads\/usu1274\/2017\/08\/mediacio_collserola02.jpg 567w, https:\/\/agora.xtec.cat\/ies-montjuic\/wp-content\/uploads\/usu1274\/2017\/08\/mediacio_collserola02-300x225.jpg 300w, https:\/\/agora.xtec.cat\/ies-montjuic\/wp-content\/uploads\/usu1274\/2017\/08\/mediacio_collserola02-200x150.jpg 200w\" sizes=\"auto, (max-width: 260px) 100vw, 260px\" \/>\u00a0<img loading=\"lazy\" decoding=\"async\" class=\"alignnone wp-image-1132\" src=\"http:\/\/agora.xtec.cat\/ies-montjuic\/wp-content\/uploads\/usu1274\/2017\/08\/mediacio_collserola01.jpg\" alt=\"\" width=\"263\" height=\"198\" srcset=\"https:\/\/agora.xtec.cat\/ies-montjuic\/wp-content\/uploads\/usu1274\/2017\/08\/mediacio_collserola01.jpg 567w, https:\/\/agora.xtec.cat\/ies-montjuic\/wp-content\/uploads\/usu1274\/2017\/08\/mediacio_collserola01-300x225.jpg 300w, https:\/\/agora.xtec.cat\/ies-montjuic\/wp-content\/uploads\/usu1274\/2017\/08\/mediacio_collserola01-200x150.jpg 200w\" sizes=\"auto, (max-width: 263px) 100vw, 263px\" \/><\/p>\n<h5><strong>El curs passat es van realitzar les seg\u00fcents activitats:<\/strong><\/h5>\n<ul>\n<li style=\"font-weight: 400;\"><strong>Mediacions entre iguals<\/strong><\/li>\n<li style=\"font-weight: 400;\"><span style=\"font-weight: 400;\"><strong>Projecte escoles<\/strong>, van anar a cinc escoles (Can Clos, El Polvor\u00ed, SEAT, Ramon Casas i Enric Granados)<\/span><\/li>\n<li style=\"font-weight: 400;\"><span style=\"font-weight: 400;\"><strong>Mentoria,<\/strong> alumnat de 1r de batxillerat va fer de mentor\/a d\u2019alumnat de 1r d\u2019ESO<\/span><\/li>\n<li style=\"font-weight: 400;\"><span style=\"font-weight: 400;\"><strong>Simposi Contra el Bullying<\/strong>, de la Fundaci\u00f3 FC Barcelona, assist\u00e8ncia al mateix amb alumnat mediador<\/span><\/li>\n<li style=\"font-weight: 400;\"><span style=\"font-weight: 400;\"><strong>Formaci\u00f3 en Collserola<\/strong>, tres sortides a Parc de Collserola per a realitza tasques de neteja a la muntanya conjuntament amb activitats formatives per a futurs mediadors\/es<\/span><\/li>\n<li style=\"font-weight: 400;\"><span style=\"font-weight: 400;\"><strong>Jornada Alumnat Mediador<\/strong> a l\u2019INS Mos\u00e9s Broggi, participaci\u00f3 en l\u2019organitzaci\u00f3 i assist\u00e8ncia al mateix amb 25 alumnes mediadors\/es<\/span><\/li>\n<\/ul>\n<p>&nbsp;<\/p>\n<\/div>\n<ul class=\"ademas\">\n<li><a title=\"Veure contingut multim\u00e8dia\" href=\"https:\/\/drive.google.com\/file\/d\/0B9nmfuikruh9NjhFV3FlOGxYQVE\/view?usp=sharing\">Sol\u00b7licitud per a demanar una mediaci\u00f3<\/a><\/li>\n<\/ul>\n<div class=\"contingut\">\n<pre><\/pre>\n<\/div>\n","protected":false},"excerpt":{"rendered":"<p>La conviv\u00e8ncia als centres \u00e9s fonamental per mantenir les bones relacions i facilitar la feina i el treball de tothom, per\u00f2 dins d&#8217;aquesta conviv\u00e8ncia poden sorgir petites o grans friccions que en l\u2019Institut Montju\u00efc intentant solucionar mitjan\u00e7ant una eina molt efica\u00e7: la mediaci\u00f3.<br \/>\nLa mediaci\u00f3 \u00e9s&hellip;  <a href=\"https:\/\/agora.xtec.cat\/ies-montjuic\/elcentre\/mediacio\/\" title=\"Read Conviv\u00e8ncia i mediaci\u00f3\">Llegeix m\u00e9s\u00bb<\/a><\/p>\n","protected":false},"author":1,"featured_media":0,"parent":19,"menu_order":0,"comment_status":"closed","ping_status":"closed","template":"","meta":{"_bbp_topic_count":0,"_bbp_reply_count":0,"_bbp_total_topic_count":0,"_bbp_total_reply_count":0,"_bbp_voice_count":0,"_bbp_anonymous_reply_count":0,"_bbp_topic_count_hidden":0,"_bbp_reply_count_hidden":0,"_bbp_forum_subforum_count":0,"footnotes":""},"class_list":["post-744","page","type-page","status-publish","hentry"],"post_mailing_queue_ids":[],"_links":{"self":[{"href":"https:\/\/agora.xtec.cat\/ies-montjuic\/wp-json\/wp\/v2\/pages\/744","targetHints":{"allow":["GET"]}}],"collection":[{"href":"https:\/\/agora.xtec.cat\/ies-montjuic\/wp-json\/wp\/v2\/pages"}],"about":[{"href":"https:\/\/agora.xtec.cat\/ies-montjuic\/wp-json\/wp\/v2\/types\/page"}],"author":[{"embeddable":true,"href":"https:\/\/agora.xtec.cat\/ies-montjuic\/wp-json\/wp\/v2\/users\/1"}],"replies":[{"embeddable":true,"href":"https:\/\/agora.xtec.cat\/ies-montjuic\/wp-json\/wp\/v2\/comments?post=744"}],"version-history":[{"count":3,"href":"https:\/\/agora.xtec.cat\/ies-montjuic\/wp-json\/wp\/v2\/pages\/744\/revisions"}],"predecessor-version":[{"id":1135,"href":"https:\/\/agora.xtec.cat\/ies-montjuic\/wp-json\/wp\/v2\/pages\/744\/revisions\/1135"}],"up":[{"embeddable":true,"href":"https:\/\/agora.xtec.cat\/ies-montjuic\/wp-json\/wp\/v2\/pages\/19"}],"wp:attachment":[{"href":"https:\/\/agora.xtec.cat\/ies-montjuic\/wp-json\/wp\/v2\/media?parent=744"}],"curies":[{"name":"wp","href":"https:\/\/api.w.org\/{rel}","templated":true}]}}