{"id":4933,"date":"2025-11-12T11:25:49","date_gmt":"2025-11-12T10:25:49","guid":{"rendered":"https:\/\/agora.xtec.cat\/ies-montjuic\/?page_id=4933"},"modified":"2026-04-09T12:42:51","modified_gmt":"2026-04-09T10:42:51","slug":"calendari-escolar","status":"publish","type":"page","link":"https:\/\/agora.xtec.cat\/ies-montjuic\/calendari-escolar\/","title":{"rendered":"Calendari escolar"},"content":{"rendered":"<p data-start=\"0\" data-end=\"343\">Us presentem el <strong data-start=\"16\" data-end=\"37\">Calendari Escolar<\/strong> corresponent al curs actual, on trobareu les dates d\u2019inici i final de les classes, els per\u00edodes de vacances, les jornades festives i altres dies no lectius. Aquest document \u00e9s una eina \u00fatil per a tota la comunitat educativa, ja que permet planificar amb antelaci\u00f3 les activitats acad\u00e8miques i familiars.<\/p>\n<p data-start=\"345\" data-end=\"439\">Per consultar o descarregar el calendari complet en format PDF, feu clic a l\u2019enlla\u00e7 seg\u00fcent:<\/p>\n<p data-start=\"441\" data-end=\"493\"><a href=\"https:\/\/drive.google.com\/file\/d\/1zvrrZY0XrtImdQNRQ4OjyJ_57DcElmQH\/view?usp=sharing\"><strong data-start=\"444\" data-end=\"491\">Calendari Escolar 2025 &#8211; 2026<\/strong><\/a><\/p>\n<p data-start=\"495\" data-end=\"590\" data-is-last-node=\"\" data-is-only-node=\"\">L\u2019Institut Montju\u00efc us desitja un bon curs escolar ple d\u2019aprenentatges, conviv\u00e8ncia i il\u00b7lusi\u00f3!<\/p>\n","protected":false},"excerpt":{"rendered":"<p>Us presentem el Calendari Escolar corresponent al curs actual, on trobareu les dates d\u2019inici i final de les classes, els per\u00edodes de vacances, les jornades festives i altres dies no lectius. Aquest document \u00e9s una eina \u00fatil per a tota la comunitat educativa, ja que&hellip;  <a href=\"https:\/\/agora.xtec.cat\/ies-montjuic\/calendari-escolar\/\" title=\"Read Calendari escolar\">Llegeix m\u00e9s\u00bb<\/a><\/p>\n","protected":false},"author":22,"featured_media":0,"parent":0,"menu_order":0,"comment_status":"closed","ping_status":"closed","template":"","meta":{"_bbp_topic_count":0,"_bbp_reply_count":0,"_bbp_total_topic_count":0,"_bbp_total_reply_count":0,"_bbp_voice_count":0,"_bbp_anonymous_reply_count":0,"_bbp_topic_count_hidden":0,"_bbp_reply_count_hidden":0,"_bbp_forum_subforum_count":0,"footnotes":""},"class_list":["post-4933","page","type-page","status-publish","hentry"],"post_mailing_queue_ids":[],"_links":{"self":[{"href":"https:\/\/agora.xtec.cat\/ies-montjuic\/wp-json\/wp\/v2\/pages\/4933","targetHints":{"allow":["GET"]}}],"collection":[{"href":"https:\/\/agora.xtec.cat\/ies-montjuic\/wp-json\/wp\/v2\/pages"}],"about":[{"href":"https:\/\/agora.xtec.cat\/ies-montjuic\/wp-json\/wp\/v2\/types\/page"}],"author":[{"embeddable":true,"href":"https:\/\/agora.xtec.cat\/ies-montjuic\/wp-json\/wp\/v2\/users\/22"}],"replies":[{"embeddable":true,"href":"https:\/\/agora.xtec.cat\/ies-montjuic\/wp-json\/wp\/v2\/comments?post=4933"}],"version-history":[{"count":2,"href":"https:\/\/agora.xtec.cat\/ies-montjuic\/wp-json\/wp\/v2\/pages\/4933\/revisions"}],"predecessor-version":[{"id":4963,"href":"https:\/\/agora.xtec.cat\/ies-montjuic\/wp-json\/wp\/v2\/pages\/4933\/revisions\/4963"}],"wp:attachment":[{"href":"https:\/\/agora.xtec.cat\/ies-montjuic\/wp-json\/wp\/v2\/media?parent=4933"}],"curies":[{"name":"wp","href":"https:\/\/api.w.org\/{rel}","templated":true}]}}