{"id":195,"date":"2014-09-22T10:39:39","date_gmt":"2014-09-22T10:39:39","guid":{"rendered":"http:\/\/agora.xtec.cat\/ies-montjuic\/?page_id=195"},"modified":"2021-03-23T13:56:42","modified_gmt":"2021-03-23T12:56:42","slug":"estudis","status":"publish","type":"page","link":"https:\/\/agora.xtec.cat\/ies-montjuic\/estudis\/","title":{"rendered":"Estudis"},"content":{"rendered":"<h4>ESO<\/h4>\n<div class=\"entry-content\" style=\"color: #444444;\">\n<p>L&#8217;Institut Montju\u00efc t\u00e9 <strong>quatre<\/strong><strong>\u00a0l\u00ednies<\/strong> <strong>de 1r d&#8217;ESO<\/strong> i\u00a0<strong>tres l\u00ednies <\/strong>per als alumnes de 2n, 3r i de 4t. Tamb\u00e9 tenim una <strong>Aula d&#8217;Acollida<\/strong> per als alumnes nouvinguts.<\/p>\n<p>&nbsp;<\/p>\n<header>\n<h4>Batxillerat<\/h4>\n<\/header>\n<div class=\"entry-content\">\n<div class=\"contingut\">\n<p>Oferim dues modalitats:<\/p>\n<ul>\n<li><strong>Ci\u00e8ncies i tecnologia<\/strong><\/li>\n<li><strong>Humanitats i ci\u00e8ncies socials<\/strong><\/li>\n<\/ul>\n<p>L\u2019oferta concreta de mat\u00e8ries del nostre institut la teniu a\u00a0<a href=\"https:\/\/institutmontjuic.cat\/media\/pdfs\/0.650626001494863915.pdf\">l\u2019arxiu adjunt.<\/a><br \/>\n<a href=\"http:\/\/www.educaweb.cat\/continguts\/educatius\/batxillerat\/\">Aqu\u00ed<\/a>\u00a0teniu m\u00e9s informaci\u00f3 sobre el Batxillerat a Catalunya (orientaci\u00f3)<\/p>\n<p>Si voleu cursar alguna mat\u00e8ria que no estigui en la nostra oferta presencial\u00a0la podreu\u00a0<a href=\"http:\/\/ioc.xtec.cat\/educacio\/batx-itineraris\/curriculum\">cursar a dist\u00e0ncia per la IOC<\/a>. Podeu cursar una mat\u00e8ria de modalitat anual (2 blocs = 4 hores\/set)) o b\u00e9 dues espec\u00edficques semestrals (1+1 bloc = 4 hores\/set)<\/p>\n<p>Si el que voleu fer un cop acabeu el batxillerat \u00e9s un Grau universitari, podeu consultar l\u2019arxiu amb la\u00a0<a href=\"https:\/\/institutmontjuic.cat\/media\/pdfs\/0.653625001494863915.pdf\">Taula de ponderacions per les proves PAU<\/a>. All\u00e0 s\u2019indican les mat\u00e8ries que puntuen m\u00e9s segons el Grau i la Universitat a la que voleu accedir.<\/p>\n<p><strong>Enlla\u00e7os relacionats<\/strong><\/p>\n<\/div>\n<ul class=\"enlaces\">\n<li><a href=\"https:\/\/drive.google.com\/open?id=0B9nmfuikruh9WGVPcnpFdjJUS1k\">Itineraris Batxillerat Institut Montju\u00efc<\/a><\/li>\n<li><a href=\"https:\/\/drive.google.com\/open?id=0B9nmfuikruh9b2dPaG15QjU3RGM\">Taula de Ponderacions PAU Catalunya<\/a><\/li>\n<li><a title=\"M\u00e9s informaci\u00f3 relacionada\" href=\"http:\/\/ioc.xtec.cat\/educacio\/batx-itineraris\/curriculum\">Mat\u00e8ries a dist\u00e0ncia per la IOC<\/a><\/li>\n<li><a title=\"M\u00e9s informaci\u00f3 relacionada\" href=\"http:\/\/www.educaweb.cat\/continguts\/educatius\/batxillerat\/\">Batxillerat a Catalunya (web d\u2019orientaci\u00f3)<\/a><\/li>\n<\/ul>\n<\/div>\n<\/div>\n<header class=\"entry-header\" style=\"color: #444444;\">\n<h1 class=\"entry-title\" style=\"font-weight: 400; color: #087eb6;\"><\/h1>\n<\/header>\n","protected":false},"excerpt":{"rendered":"<p>ESO<\/p>\n<p>L&#8217;Institut Montju\u00efc t\u00e9 quatre\u00a0l\u00ednies de 1r d&#8217;ESO i\u00a0tres l\u00ednies per als alumnes de 2n, 3r i de 4t. Tamb\u00e9 tenim una Aula d&#8217;Acollida per als alumnes nouvinguts.<br \/>\n&nbsp;<\/p>\n<p>Batxillerat<\/p>\n<p>Oferim dues modalitats:<\/p>\n<ul>\n<li>Ci\u00e8ncies i tecnologia<\/li>\n<li>Humanitats i ci\u00e8ncies socials<\/li>\n<\/ul>\n<p>L\u2019oferta concreta de mat\u00e8ries del nostre institut la teniu a\u00a0<a href=\"https:\/\/institutmontjuic.cat\/media\/pdfs\/0.650626001494863915.pdf\">l\u2019arxiu adjunt.<\/a><br \/>\n<a&hellip;  <a href=\"https:\/\/agora.xtec.cat\/ies-montjuic\/estudis\/\" title=\"Read Estudis\">Llegeix m\u00e9s\u00bb<\/a><\/p>\n","protected":false},"author":1,"featured_media":0,"parent":0,"menu_order":0,"comment_status":"closed","ping_status":"closed","template":"","meta":{"_bbp_topic_count":0,"_bbp_reply_count":0,"_bbp_total_topic_count":0,"_bbp_total_reply_count":0,"_bbp_voice_count":0,"_bbp_anonymous_reply_count":0,"_bbp_topic_count_hidden":0,"_bbp_reply_count_hidden":0,"_bbp_forum_subforum_count":0,"footnotes":""},"class_list":["post-195","page","type-page","status-publish","hentry"],"post_mailing_queue_ids":[],"_links":{"self":[{"href":"https:\/\/agora.xtec.cat\/ies-montjuic\/wp-json\/wp\/v2\/pages\/195","targetHints":{"allow":["GET"]}}],"collection":[{"href":"https:\/\/agora.xtec.cat\/ies-montjuic\/wp-json\/wp\/v2\/pages"}],"about":[{"href":"https:\/\/agora.xtec.cat\/ies-montjuic\/wp-json\/wp\/v2\/types\/page"}],"author":[{"embeddable":true,"href":"https:\/\/agora.xtec.cat\/ies-montjuic\/wp-json\/wp\/v2\/users\/1"}],"replies":[{"embeddable":true,"href":"https:\/\/agora.xtec.cat\/ies-montjuic\/wp-json\/wp\/v2\/comments?post=195"}],"version-history":[{"count":4,"href":"https:\/\/agora.xtec.cat\/ies-montjuic\/wp-json\/wp\/v2\/pages\/195\/revisions"}],"predecessor-version":[{"id":3798,"href":"https:\/\/agora.xtec.cat\/ies-montjuic\/wp-json\/wp\/v2\/pages\/195\/revisions\/3798"}],"wp:attachment":[{"href":"https:\/\/agora.xtec.cat\/ies-montjuic\/wp-json\/wp\/v2\/media?parent=195"}],"curies":[{"name":"wp","href":"https:\/\/api.w.org\/{rel}","templated":true}]}}