{"id":935,"date":"2015-02-26T12:21:27","date_gmt":"2015-02-26T12:21:27","guid":{"rendered":"http:\/\/institutmollerussa.com\/?page_id=935"},"modified":"2021-06-26T14:41:39","modified_gmt":"2021-06-26T12:41:39","slug":"estudis-serveis","status":"publish","type":"page","link":"https:\/\/agora.xtec.cat\/ies-mollerussa\/estudis-serveis\/","title":{"rendered":"Estudis serveis"},"content":{"rendered":"<h3><img loading=\"lazy\" decoding=\"async\" class=\"alignleft size-medium wp-image-938\" src=\"https:\/\/agora.xtec.cat\/ies-mollerussa\/wp-content\/uploads\/usu2499\/2021\/06\/banner_ei-300x168.jpg\" alt=\"banner_ei\" width=\"300\" height=\"168\" \/>Educaci\u00f3 infantil<\/h3>\n<p>T\u2019agraden els infants? Vols formar part d\u2019una etapa molt important en el seu creixement? Si fas el cicle de T\u00e8cnic d\u2019educaci\u00f3 infantil tindr\u00e0s una titulaci\u00f3 per treballar com a educador\/a en llars d\u2019infants, ludoteques, escoles, \u2026 o amb infants en situaci\u00f3 de risc social i les seves fam\u00edlies.<\/p>\n<hr \/>\n<h3><img loading=\"lazy\" decoding=\"async\" class=\"alignleft size-medium wp-image-939\" src=\"https:\/\/agora.xtec.cat\/ies-mollerussa\/wp-content\/uploads\/usu2499\/2021\/06\/tapsd-300x225-1.jpg\" alt=\"tapsd\" width=\"300\" height=\"225\" \/>Atenci\u00f3 a persones en situaci\u00f3 de depend\u00e8ncia<\/h3>\n<p>Atendre i tenir cura en la vida di\u00e0ria de persones i col\u00b7lectius amb necessitats especials de salut f\u00edsica, ps\u00edquica i social: persones grans, discapacitades, convalescents que pateixen malalties cr\u00f2niques; aplicar les estrat\u00e8gies i els procediments m\u00e9s adequat per mantenir-ne i millorar-ne l\u2019autonomia personal, les relacions amb l\u2019entorn i la inserci\u00f3 ocupacional.<\/p>\n<hr \/>\n<p>&nbsp;<\/p>\n<h1 class=\"column-header-image\">Oferta formativa i plans d\u2019estudi oficials<\/h1>\n<ul>\n<li><a href=\"https:\/\/agora.xtec.cat\/ies-mollerussa\/wp-content\/uploads\/usu2499\/2021\/06\/tapsd.pdf\" target=\"_blank\" rel=\"noopener noreferrer\">Atenci\u00f3 a persones en situaci\u00f3 de depend\u00e8ncia<\/a> (<a href=\"http:\/\/www.xtec.cat\/alfresco\/d\/d\/workspace\/SpacesStore\/05a9c469-2019-4cb8-abfb-8c113cb7b8a2\/f_SC10_atencio_persones_dependencia_v280612.doc\" target=\"_blank\" rel=\"noopener noreferrer\">Curr\u00edculum oficial SC10<\/a>)<\/li>\n<li><a href=\"https:\/\/agora.xtec.cat\/ies-mollerussa\/wp-content\/uploads\/usu2499\/2021\/06\/curs_educacio_infantil.pdf\" target=\"_blank\" rel=\"noopener noreferrer\">Educaci\u00f3 infantil<\/a> (<a href=\"http:\/\/www.xtec.cat\/alfresco\/d\/d\/workspace\/SpacesStore\/09109afc-8c4f-449e-b431-be6fb2a24d4d\/f_SCB0_infantil_300412.doc\" target=\"_blank\" rel=\"noopener noreferrer\">Curr\u00edculum oficial SCB0<\/a>)<\/li>\n<\/ul>\n","protected":false},"excerpt":{"rendered":"<p>\t\t\t\t\t\t&hellip;  <a href=\"https:\/\/agora.xtec.cat\/ies-mollerussa\/estudis-serveis\/\" title=\"Read Estudis serveis\">Llegeix m\u00e9s\u00bb<\/a><\/p>\n","protected":false},"author":1,"featured_media":0,"parent":0,"menu_order":0,"comment_status":"closed","ping_status":"open","template":"","meta":{"_bbp_topic_count":0,"_bbp_reply_count":0,"_bbp_total_topic_count":0,"_bbp_total_reply_count":0,"_bbp_voice_count":0,"_bbp_anonymous_reply_count":0,"_bbp_topic_count_hidden":0,"_bbp_reply_count_hidden":0,"_bbp_forum_subforum_count":0,"footnotes":""},"class_list":["post-935","page","type-page","status-publish","hentry"],"post_mailing_queue_ids":[],"_links":{"self":[{"href":"https:\/\/agora.xtec.cat\/ies-mollerussa\/wp-json\/wp\/v2\/pages\/935","targetHints":{"allow":["GET"]}}],"collection":[{"href":"https:\/\/agora.xtec.cat\/ies-mollerussa\/wp-json\/wp\/v2\/pages"}],"about":[{"href":"https:\/\/agora.xtec.cat\/ies-mollerussa\/wp-json\/wp\/v2\/types\/page"}],"author":[{"embeddable":true,"href":"https:\/\/agora.xtec.cat\/ies-mollerussa\/wp-json\/wp\/v2\/users\/1"}],"replies":[{"embeddable":true,"href":"https:\/\/agora.xtec.cat\/ies-mollerussa\/wp-json\/wp\/v2\/comments?post=935"}],"version-history":[{"count":3,"href":"https:\/\/agora.xtec.cat\/ies-mollerussa\/wp-json\/wp\/v2\/pages\/935\/revisions"}],"predecessor-version":[{"id":5634,"href":"https:\/\/agora.xtec.cat\/ies-mollerussa\/wp-json\/wp\/v2\/pages\/935\/revisions\/5634"}],"wp:attachment":[{"href":"https:\/\/agora.xtec.cat\/ies-mollerussa\/wp-json\/wp\/v2\/media?parent=935"}],"curies":[{"name":"wp","href":"https:\/\/api.w.org\/{rel}","templated":true}]}}

<h3><img loading="lazy" decoding="async" class="alignleft size-medium wp-image-938" src="https://agora.xtec.cat/ies-mollerussa/wp-content/uploads/usu2499/2021/06/banner_ei-300x168.jpg" alt="banner_ei" width="300" height="168" />Educació infantil</h3>
<p>T’agraden els infants? Vols formar part d’una etapa molt important en el seu creixement? Si fas el cicle de Tècnic d’educació infantil tindràs una titulació per treballar com a educador/a en llars d’infants, ludoteques, escoles, … o amb infants en situació de risc social i les seves famílies.</p>
<hr />
<h3><img loading="lazy" decoding="async" class="alignleft size-medium wp-image-939" src="https://agora.xtec.cat/ies-mollerussa/wp-content/uploads/usu2499/2021/06/tapsd-300x225-1.jpg" alt="tapsd" width="300" height="225" />Atenció a persones en situació de dependència</h3>
<p>Atendre i tenir cura en la vida diària de persones i col·lectius amb necessitats especials de salut física, psíquica i social: persones grans, discapacitades, convalescents que pateixen malalties cròniques; aplicar les estratègies i els procediments més adequat per mantenir-ne i millorar-ne l’autonomia personal, les relacions amb l’entorn i la inserció ocupacional.</p>
<hr />
<p>&nbsp;</p>
<h1 class="column-header-image">Oferta formativa i plans d’estudi oficials</h1>
<ul>
<li><a href="https://agora.xtec.cat/ies-mollerussa/wp-content/uploads/usu2499/2021/06/tapsd.pdf" target="_blank" rel="noopener noreferrer">Atenció a persones en situació de dependència</a> (<a href="http://www.xtec.cat/alfresco/d/d/workspace/SpacesStore/05a9c469-2019-4cb8-abfb-8c113cb7b8a2/f_SC10_atencio_persones_dependencia_v280612.doc" target="_blank" rel="noopener noreferrer">Currículum oficial SC10</a>)</li>
<li><a href="https://agora.xtec.cat/ies-mollerussa/wp-content/uploads/usu2499/2021/06/curs_educacio_infantil.pdf" target="_blank" rel="noopener noreferrer">Educació infantil</a> (<a href="http://www.xtec.cat/alfresco/d/d/workspace/SpacesStore/09109afc-8c4f-449e-b431-be6fb2a24d4d/f_SCB0_infantil_300412.doc" target="_blank" rel="noopener noreferrer">Currículum oficial SCB0</a>)</li>
</ul>

<p>						&hellip;  <a href="https://agora.xtec.cat/ies-mollerussa/estudis-serveis/" title="Read Estudis serveis">Llegeix més»</a></p>
