{"id":7729,"date":"2025-02-10T17:27:25","date_gmt":"2025-02-10T16:27:25","guid":{"rendered":"https:\/\/agora.xtec.cat\/ies-mollerussa\/?page_id=7729"},"modified":"2025-02-10T17:27:25","modified_gmt":"2025-02-10T16:27:25","slug":"proveidors","status":"publish","type":"page","link":"https:\/\/agora.xtec.cat\/ies-mollerussa\/proveidors\/","title":{"rendered":"Prove\u00efdors"},"content":{"rendered":"<p><strong>Prove\u00efdors<\/strong><\/p>\n<p>Els criteris que es tindran en compte per homologar un prove\u00efdor s\u00f3n els seg\u00fcents:<\/p>\n<ul>\n<li>Preu i condicions econ\u00f2miques<\/li>\n<li>Oferta<\/li>\n<li>Facilitat de compra<\/li>\n<li>Terminis de lliurament<\/li>\n<li>Servei postvenda<\/li>\n<\/ul>\n<p><strong>Avaluaci\u00f3 de prove\u00efdors<\/strong><\/p>\n<p>Als prove\u00efdors se\u2019ls realitzar\u00e0 una avaluaci\u00f3 ordin\u00e0ria anual un cop tancat l\u2019exercici econ\u00f2mic, o una avaluaci\u00f3 extraordin\u00e0ria en qualsevol moment a petici\u00f3 d\u2019un cap de departament, secretari o director.<\/p>\n<p>L\u2019avaluaci\u00f3 ser\u00e0 realitzada pel Secretari i els caps de departament amb incid\u00e8ncies en el servei, les quals queden reflectides en els registres de compres departamentals<\/p>\n<p>Els criteri que es tindran en compte en l\u2019avaluaci\u00f3 ser\u00e0 els seg\u00fcent:<\/p>\n<ul>\n<li>Nombre de incid\u00e8ncies del servei o canvis en els criteris d\u2019homologaci\u00f3 inicial, reflectides en la valoraci\u00f3 dels caps de departament.<\/li>\n<\/ul>\n<p>Si el nombre de incid\u00e8ncies es consideren greus \u00e9s pot considerar una avaluaci\u00f3 negativa, la qual cosa implica la sortida del registre de prove\u00efdors homologats.<\/p>\n","protected":false},"excerpt":{"rendered":"<p>Prove\u00efdors<br \/>\nEls criteris que es tindran en compte per homologar un prove\u00efdor s\u00f3n els seg\u00fcents:<\/p>\n<ul>\n<li>Preu i condicions econ\u00f2miques<\/li>\n<li>Oferta<\/li>\n<li>Facilitat de compra<\/li>\n<li>Terminis de lliurament<\/li>\n<li>Servei postvenda<\/li>\n<\/ul>\n<p>Avaluaci\u00f3 de prove\u00efdors<br \/>\nAls prove\u00efdors se\u2019ls realitzar\u00e0 una avaluaci\u00f3 ordin\u00e0ria anual un cop tancat l\u2019exercici econ\u00f2mic, o una avaluaci\u00f3 extraordin\u00e0ria en qualsevol moment a petici\u00f3&hellip;  <a href=\"https:\/\/agora.xtec.cat\/ies-mollerussa\/proveidors\/\" title=\"Read Prove\u00efdors\">Llegeix m\u00e9s\u00bb<\/a><\/p>\n","protected":false},"author":3,"featured_media":0,"parent":0,"menu_order":0,"comment_status":"closed","ping_status":"closed","template":"","meta":{"_bbp_topic_count":0,"_bbp_reply_count":0,"_bbp_total_topic_count":0,"_bbp_total_reply_count":0,"_bbp_voice_count":0,"_bbp_anonymous_reply_count":0,"_bbp_topic_count_hidden":0,"_bbp_reply_count_hidden":0,"_bbp_forum_subforum_count":0,"footnotes":""},"class_list":["post-7729","page","type-page","status-publish","hentry"],"post_mailing_queue_ids":[],"_links":{"self":[{"href":"https:\/\/agora.xtec.cat\/ies-mollerussa\/wp-json\/wp\/v2\/pages\/7729","targetHints":{"allow":["GET"]}}],"collection":[{"href":"https:\/\/agora.xtec.cat\/ies-mollerussa\/wp-json\/wp\/v2\/pages"}],"about":[{"href":"https:\/\/agora.xtec.cat\/ies-mollerussa\/wp-json\/wp\/v2\/types\/page"}],"author":[{"embeddable":true,"href":"https:\/\/agora.xtec.cat\/ies-mollerussa\/wp-json\/wp\/v2\/users\/3"}],"replies":[{"embeddable":true,"href":"https:\/\/agora.xtec.cat\/ies-mollerussa\/wp-json\/wp\/v2\/comments?post=7729"}],"version-history":[{"count":1,"href":"https:\/\/agora.xtec.cat\/ies-mollerussa\/wp-json\/wp\/v2\/pages\/7729\/revisions"}],"predecessor-version":[{"id":7730,"href":"https:\/\/agora.xtec.cat\/ies-mollerussa\/wp-json\/wp\/v2\/pages\/7729\/revisions\/7730"}],"wp:attachment":[{"href":"https:\/\/agora.xtec.cat\/ies-mollerussa\/wp-json\/wp\/v2\/media?parent=7729"}],"curies":[{"name":"wp","href":"https:\/\/api.w.org\/{rel}","templated":true}]}}

Proveïdors

<p><strong>Proveïdors</strong></p>
<p>Els criteris que es tindran en compte per homologar un proveïdor són els següents:</p>
<ul>
<li>Preu i condicions econòmiques</li>
<li>Oferta</li>
<li>Facilitat de compra</li>
<li>Terminis de lliurament</li>
<li>Servei postvenda</li>
</ul>
<p><strong>Avaluació de proveïdors</strong></p>
<p>Als proveïdors se’ls realitzarà una avaluació ordinària anual un cop tancat l’exercici econòmic, o una avaluació extraordinària en qualsevol moment a petició d’un cap de departament, secretari o director.</p>
<p>L’avaluació serà realitzada pel Secretari i els caps de departament amb incidències en el servei, les quals queden reflectides en els registres de compres departamentals</p>
<p>Els criteri que es tindran en compte en l’avaluació serà els següent:</p>
<ul>
<li>Nombre de incidències del servei o canvis en els criteris d’homologació inicial, reflectides en la valoració dels caps de departament.</li>
</ul>
<p>Si el nombre de incidències es consideren greus és pot considerar una avaluació negativa, la qual cosa implica la sortida del registre de proveïdors homologats.</p>

<p>Proveïdors<br />
Els criteris que es tindran en compte per homologar un proveïdor són els següents:</p>
<ul>
<li>Preu i condicions econòmiques</li>
<li>Oferta</li>
<li>Facilitat de compra</li>
<li>Terminis de lliurament</li>
<li>Servei postvenda</li>
</ul>
<p>Avaluació de proveïdors<br />
Als proveïdors se’ls realitzarà una avaluació ordinària anual un cop tancat l’exercici econòmic, o una avaluació extraordinària en qualsevol moment a petició&hellip;  <a href="https://agora.xtec.cat/ies-mollerussa/proveidors/" title="Read Proveïdors">Llegeix més»</a></p>
