{"id":7572,"date":"2024-11-14T17:14:32","date_gmt":"2024-11-14T16:14:32","guid":{"rendered":"https:\/\/agora.xtec.cat\/ies-mollerussa\/?page_id=7572"},"modified":"2024-12-05T12:20:28","modified_gmt":"2024-12-05T11:20:28","slug":"criteris-de-seleccio","status":"publish","type":"page","link":"https:\/\/agora.xtec.cat\/ies-mollerussa\/criteris-de-seleccio\/","title":{"rendered":"Criteris de selecci\u00f3 d&#8217;alumnes"},"content":{"rendered":"<p><strong>Requisits:<\/strong><\/p>\n<ol>\n<li style=\"font-weight: 400;\" aria-level=\"1\"><span style=\"font-weight: 400;\">No tenir cap incid\u00e8ncia en el registre de control de l&#8217;institut (iEduca).<\/span><\/li>\n<li style=\"font-weight: 400;\" aria-level=\"1\"><span style=\"font-weight: 400;\">Requisits ling\u00fc\u00edstics:<\/span>\n<ol style=\"list-style-type: upper-alpha;\">\n<li style=\"font-weight: 400;\" aria-level=\"2\"><span style=\"font-weight: 400;\">Tenir el diploma B1 de la llengua del pa\u00eds d\u2019acollida o d&#8217;angl\u00e8s.\u00a0<\/span><\/li>\n<li style=\"font-weight: 400;\" aria-level=\"2\"><span style=\"font-weight: 400;\">Alternativament, si no es t\u00e9 cap diploma, caldr\u00e0 presentar un informe del professor d\u2019angl\u00e8s de l&#8217;institut i demostrar el nivell en una prova espec\u00edfica.<\/span><\/li>\n<\/ol>\n<\/li>\n<\/ol>\n<p><strong>M\u00e8rits <\/strong>(m\u00e0xim: 100 punts):<\/p>\n<p><strong>1. Rendiment acad\u00e8mic <\/strong>(m\u00e0xim: 20 punts):<\/p>\n<ul>\n<li style=\"list-style-type: none;\">\n<ul>\n<li>Butllet\u00ed de notes<\/li>\n<li>Informe de l&#8217;equip docent<\/li>\n<\/ul>\n<\/li>\n<\/ul>\n<p><strong>2. Diplomes de lleng\u00fces <\/strong>(m\u00e0xim: 36 punts):<\/p>\n<table style=\"border-collapse: collapse; width: 57.157%;\">\n<thead>\n<tr>\n<td style=\"width: 19.4194%; text-align: center; vertical-align: middle;\">Diploma<\/td>\n<td style=\"width: 20.5205%; text-align: center; vertical-align: middle;\">Llengua del pa\u00eds d&#8217;acollida<\/td>\n<td style=\"width: 17.2172%; text-align: center; vertical-align: middle;\">Angl\u00e8s*<\/td>\n<\/tr>\n<\/thead>\n<tbody>\n<tr>\n<td style=\"width: 19.4194%; text-align: center; vertical-align: middle;\">B1<\/td>\n<td style=\"width: 20.5205%; text-align: center; vertical-align: middle;\">5<\/td>\n<td style=\"width: 17.2172%; text-align: center; vertical-align: middle;\">4<\/td>\n<\/tr>\n<tr>\n<td style=\"width: 19.4194%; text-align: center; vertical-align: middle;\">B2<\/td>\n<td style=\"width: 20.5205%; text-align: center; vertical-align: middle;\">10<\/td>\n<td style=\"width: 17.2172%; text-align: center; vertical-align: middle;\">8<\/td>\n<\/tr>\n<tr>\n<td style=\"width: 19.4194%; text-align: center; vertical-align: middle;\">C1<\/td>\n<td style=\"width: 20.5205%; text-align: center; vertical-align: middle;\">15<\/td>\n<td style=\"width: 17.2172%; text-align: center; vertical-align: middle;\">12<\/td>\n<\/tr>\n<tr>\n<td style=\"width: 19.4194%; text-align: center; vertical-align: middle;\">C2<\/td>\n<td style=\"width: 20.5205%; text-align: center; vertical-align: middle;\">20<\/td>\n<td style=\"width: 17.2172%; text-align: center; vertical-align: middle;\">16<\/td>\n<\/tr>\n<\/tbody>\n<\/table>\n<p>* Nom\u00e9s si la llengua del pa\u00eds d&#8217;acollida no \u00e9s l&#8217;anglesa<\/p>\n<p><strong>3. Avaluaci\u00f3 de la comissi\u00f3 de selecci\u00f3 <\/strong>(m\u00e0xim: 44 punts):<\/p>\n<ul>\n<li>Curr\u00edculum en format Europass en angl\u00e8s o la llengua del pa\u00eds d&#8217;acollida<\/li>\n<li>Carta de motivaci\u00f3 en angl\u00e8s o la llengua del pa\u00eds d&#8217;acollida<\/li>\n<li>Entrevista en angl\u00e8s o la llengua del pa\u00eds d&#8217;acollida<\/li>\n<\/ul>\n<table style=\"border-collapse: collapse; width: 100%;\">\n<tbody>\n<tr>\n<td style=\"width: 11.1111%;\" rowspan=\"3\"><strong>Criteri<\/strong><\/td>\n<td style=\"width: 44.4444%; text-align: center; vertical-align: middle;\" colspan=\"4\"><strong>Curr\u00edculum i carta de motivaci\u00f3<\/strong> (m\u00e0xim: 12 punts)<\/td>\n<td style=\"width: 44.4444%; text-align: center; vertical-align: middle;\" colspan=\"4\"><strong>Entrevista <\/strong>(m\u00e0xim: 32 punts)<\/td>\n<\/tr>\n<tr>\n<td style=\"width: 88.8888%; text-align: center; vertical-align: middle;\" colspan=\"8\"><strong>Nivell<\/strong><\/td>\n<\/tr>\n<tr style=\"height: 48px;\">\n<td style=\"width: 11.1111%; height: 48px; text-align: center; vertical-align: middle;\"><strong>Baix<\/strong><\/td>\n<td style=\"width: 11.1111%; height: 48px; text-align: center; vertical-align: middle;\"><strong>Moderadament baix<\/strong><\/td>\n<td style=\"width: 11.1111%; height: 48px; text-align: center; vertical-align: middle;\"><strong>Moderadament alt<\/strong><\/td>\n<td style=\"width: 11.1111%; height: 48px; text-align: center; vertical-align: middle;\"><strong>Alt<\/strong><\/td>\n<td style=\"width: 11.1111%; height: 48px; text-align: center; vertical-align: middle;\"><strong>Baix<\/strong><\/td>\n<td style=\"width: 11.1111%; height: 48px; text-align: center; vertical-align: middle;\"><strong>Moderadament baix<\/strong><\/td>\n<td style=\"width: 11.1111%; height: 48px; text-align: center; vertical-align: middle;\"><strong>Moderadament alt<\/strong><\/td>\n<td style=\"width: 11.1111%; height: 48px; text-align: center; vertical-align: middle;\"><strong>Alt<\/strong><\/td>\n<\/tr>\n<tr style=\"height: 48px;\">\n<td style=\"width: 11.1111%; height: 48px;\">Autonomia personal<\/td>\n<td style=\"width: 11.1111%; text-align: center; vertical-align: middle;\">0<\/td>\n<td style=\"width: 11.1111%; text-align: center; vertical-align: middle;\">1<\/td>\n<td style=\"width: 11.1111%; text-align: center; vertical-align: middle;\">2<\/td>\n<td style=\"width: 11.1111%; text-align: center; vertical-align: middle;\">3<\/td>\n<td style=\"width: 11.1111%; text-align: center; vertical-align: middle;\">0<\/td>\n<td style=\"width: 11.1111%; text-align: center; vertical-align: middle;\">3<\/td>\n<td style=\"width: 11.1111%; text-align: center; vertical-align: middle;\">5<\/td>\n<td style=\"width: 11.1111%; text-align: center; vertical-align: middle;\">8<\/td>\n<\/tr>\n<tr style=\"height: 63px;\">\n<td style=\"width: 11.1111%; height: 63px;\">Iniciativa i motivaci\u00f3 professionals<\/td>\n<td style=\"width: 11.1111%; text-align: center; vertical-align: middle;\">0<\/td>\n<td style=\"width: 11.1111%; text-align: center; vertical-align: middle;\">1<\/td>\n<td style=\"width: 11.1111%; text-align: center; vertical-align: middle;\">2<\/td>\n<td style=\"width: 11.1111%; text-align: center; vertical-align: middle;\">3<\/td>\n<td style=\"width: 11.1111%; text-align: center; vertical-align: middle;\">0<\/td>\n<td style=\"width: 11.1111%; text-align: center; vertical-align: middle;\">3<\/td>\n<td style=\"width: 11.1111%; text-align: center; vertical-align: middle;\">5<\/td>\n<td style=\"width: 11.1111%; text-align: center; vertical-align: middle;\">8<\/td>\n<\/tr>\n<tr style=\"height: 32px;\">\n<td style=\"width: 11.1111%; height: 32px;\">Adaptabilitat<\/td>\n<td style=\"width: 11.1111%; text-align: center; vertical-align: middle;\">0<\/td>\n<td style=\"width: 11.1111%; text-align: center; vertical-align: middle;\">1<\/td>\n<td style=\"width: 11.1111%; text-align: center; vertical-align: middle;\">2<\/td>\n<td style=\"width: 11.1111%; text-align: center; vertical-align: middle;\">3<\/td>\n<td style=\"width: 11.1111%; text-align: center; vertical-align: middle;\">0<\/td>\n<td style=\"width: 11.1111%; text-align: center; vertical-align: middle;\">3<\/td>\n<td style=\"width: 11.1111%; text-align: center; vertical-align: middle;\">5<\/td>\n<td style=\"width: 11.1111%; text-align: center; vertical-align: middle;\">8<\/td>\n<\/tr>\n<tr style=\"height: 48px;\">\n<td style=\"width: 11.1111%; height: 48px;\">Capacitat de comunicaci\u00f3<\/td>\n<td style=\"width: 11.1111%; text-align: center; vertical-align: middle;\">0<\/td>\n<td style=\"width: 11.1111%; text-align: center; vertical-align: middle;\">1<\/td>\n<td style=\"width: 11.1111%; text-align: center; vertical-align: middle;\">2<\/td>\n<td style=\"width: 11.1111%; text-align: center; vertical-align: middle;\">3<\/td>\n<td style=\"width: 11.1111%; text-align: center; vertical-align: middle;\">0<\/td>\n<td style=\"width: 11.1111%; text-align: center; vertical-align: middle;\">3<\/td>\n<td style=\"width: 11.1111%; text-align: center; vertical-align: middle;\">5<\/td>\n<td style=\"width: 11.1111%; text-align: center; vertical-align: middle;\">8<\/td>\n<\/tr>\n<\/tbody>\n<\/table>\n","protected":false},"excerpt":{"rendered":"<p>Requisits:<\/p>\n<ol>\n<li style=\"font-weight: 400;\" aria-level=\"1\">No tenir cap incid\u00e8ncia en el registre de control de l&#8217;institut (iEduca).<\/li>\n<li style=\"font-weight: 400;\" aria-level=\"1\">Requisits ling\u00fc\u00edstics:\n<ol style=\"list-style-type: upper-alpha;\">\n<li style=\"font-weight: 400;\" aria-level=\"2\">Tenir el diploma B1 de la llengua del pa\u00eds d\u2019acollida o d&#8217;angl\u00e8s.\u00a0<\/li>\n<li style=\"font-weight: 400;\" aria-level=\"2\">Alternativament, si no es t\u00e9 cap diploma, caldr\u00e0&hellip;  <a href=\"https:\/\/agora.xtec.cat\/ies-mollerussa\/criteris-de-seleccio\/\" title=\"Read Criteris de selecci\u00f3 d&#8217;alumnes\">Llegeix m\u00e9s\u00bb<\/a><br \/>\n","protected":false},"author":13,"featured_media":0,"parent":0,"menu_order":0,"comment_status":"closed","ping_status":"closed","template":"","meta":{"_bbp_topic_count":0,"_bbp_reply_count":0,"_bbp_total_topic_count":0,"_bbp_total_reply_count":0,"_bbp_voice_count":0,"_bbp_anonymous_reply_count":0,"_bbp_topic_count_hidden":0,"_bbp_reply_count_hidden":0,"_bbp_forum_subforum_count":0,"footnotes":""},"class_list":["post-7572","page","type-page","status-publish","hentry"],"post_mailing_queue_ids":[],"_links":{"self":[{"href":"https:\/\/agora.xtec.cat\/ies-mollerussa\/wp-json\/wp\/v2\/pages\/7572","targetHints":{"allow":["GET"]}}],"collection":[{"href":"https:\/\/agora.xtec.cat\/ies-mollerussa\/wp-json\/wp\/v2\/pages"}],"about":[{"href":"https:\/\/agora.xtec.cat\/ies-mollerussa\/wp-json\/wp\/v2\/types\/page"}],"author":[{"embeddable":true,"href":"https:\/\/agora.xtec.cat\/ies-mollerussa\/wp-json\/wp\/v2\/users\/13"}],"replies":[{"embeddable":true,"href":"https:\/\/agora.xtec.cat\/ies-mollerussa\/wp-json\/wp\/v2\/comments?post=7572"}],"version-history":[{"count":6,"href":"https:\/\/agora.xtec.cat\/ies-mollerussa\/wp-json\/wp\/v2\/pages\/7572\/revisions"}],"predecessor-version":[{"id":7627,"href":"https:\/\/agora.xtec.cat\/ies-mollerussa\/wp-json\/wp\/v2\/pages\/7572\/revisions\/7627"}],"wp:attachment":[{"href":"https:\/\/agora.xtec.cat\/ies-mollerussa\/wp-json\/wp\/v2\/media?parent=7572"}],"curies":[{"name":"wp","href":"https:\/\/api.w.org\/{rel}","templated":true}]}}