{"id":7565,"date":"2024-11-14T17:03:56","date_gmt":"2024-11-14T16:03:56","guid":{"rendered":"https:\/\/agora.xtec.cat\/ies-mollerussa\/?page_id=7565"},"modified":"2024-11-14T17:03:56","modified_gmt":"2024-11-14T16:03:56","slug":"presentacio-erasmus","status":"publish","type":"page","link":"https:\/\/agora.xtec.cat\/ies-mollerussa\/presentacio-erasmus\/","title":{"rendered":"Presentaci\u00f3 Erasmus+"},"content":{"rendered":"<p>Erasmus+ \u00e9s un programa de mobilitat internacional de la Uni\u00f3 Europea per tal que els estudiants europeus de diferents nivells (inclosa la formaci\u00f3 professional) puguin fer estades curtes (entre un i sis mesos) en un altre estat membre, tant per a estudiar-hi com per a fer-hi pr\u00e0ctiques en empresa.<\/p>\n<p>Si fas un cicle de grau superior i vols completar els teus estudis a l&#8217;Institut Mollerussa a l&#8217;estranger, practicant una llengua, coneixent una altra cultura i una altra manera de treballar, fes un cop d&#8217;ull al programa Erasmus+ i a les <a href=\"https:\/\/agora.xtec.cat\/ies-mollerussa\/?page_id=7567&amp;preview=true\">diferents opcions<\/a> que et proposem des del centre.<\/p>\n","protected":false},"excerpt":{"rendered":"<p>Erasmus+ \u00e9s un programa de mobilitat internacional de la Uni\u00f3 Europea per tal que els estudiants europeus de diferents nivells (inclosa la formaci\u00f3 professional) puguin fer estades curtes (entre un i sis mesos) en un altre estat membre, tant per a estudiar-hi com per a&hellip;  <a href=\"https:\/\/agora.xtec.cat\/ies-mollerussa\/presentacio-erasmus\/\" title=\"Read Presentaci\u00f3 Erasmus+\">Llegeix m\u00e9s\u00bb<\/a><\/p>\n","protected":false},"author":13,"featured_media":0,"parent":0,"menu_order":0,"comment_status":"closed","ping_status":"closed","template":"","meta":{"_bbp_topic_count":0,"_bbp_reply_count":0,"_bbp_total_topic_count":0,"_bbp_total_reply_count":0,"_bbp_voice_count":0,"_bbp_anonymous_reply_count":0,"_bbp_topic_count_hidden":0,"_bbp_reply_count_hidden":0,"_bbp_forum_subforum_count":0,"footnotes":""},"class_list":["post-7565","page","type-page","status-publish","hentry"],"post_mailing_queue_ids":[],"_links":{"self":[{"href":"https:\/\/agora.xtec.cat\/ies-mollerussa\/wp-json\/wp\/v2\/pages\/7565","targetHints":{"allow":["GET"]}}],"collection":[{"href":"https:\/\/agora.xtec.cat\/ies-mollerussa\/wp-json\/wp\/v2\/pages"}],"about":[{"href":"https:\/\/agora.xtec.cat\/ies-mollerussa\/wp-json\/wp\/v2\/types\/page"}],"author":[{"embeddable":true,"href":"https:\/\/agora.xtec.cat\/ies-mollerussa\/wp-json\/wp\/v2\/users\/13"}],"replies":[{"embeddable":true,"href":"https:\/\/agora.xtec.cat\/ies-mollerussa\/wp-json\/wp\/v2\/comments?post=7565"}],"version-history":[{"count":3,"href":"https:\/\/agora.xtec.cat\/ies-mollerussa\/wp-json\/wp\/v2\/pages\/7565\/revisions"}],"predecessor-version":[{"id":7587,"href":"https:\/\/agora.xtec.cat\/ies-mollerussa\/wp-json\/wp\/v2\/pages\/7565\/revisions\/7587"}],"wp:attachment":[{"href":"https:\/\/agora.xtec.cat\/ies-mollerussa\/wp-json\/wp\/v2\/media?parent=7565"}],"curies":[{"name":"wp","href":"https:\/\/api.w.org\/{rel}","templated":true}]}}

Presentació Erasmus+

<p>Erasmus+ és un programa de mobilitat internacional de la Unió Europea per tal que els estudiants europeus de diferents nivells (inclosa la formació professional) puguin fer estades curtes (entre un i sis mesos) en un altre estat membre, tant per a estudiar-hi com per a fer-hi pràctiques en empresa.</p>
<p>Si fas un cicle de grau superior i vols completar els teus estudis a l&#8217;Institut Mollerussa a l&#8217;estranger, practicant una llengua, coneixent una altra cultura i una altra manera de treballar, fes un cop d&#8217;ull al programa Erasmus+ i a les <a href="https://agora.xtec.cat/ies-mollerussa/?page_id=7567&amp;preview=true">diferents opcions</a> que et proposem des del centre.</p>

<p>Erasmus+ és un programa de mobilitat internacional de la Unió Europea per tal que els estudiants europeus de diferents nivells (inclosa la formació professional) puguin fer estades curtes (entre un i sis mesos) en un altre estat membre, tant per a estudiar-hi com per a&hellip;  <a href="https://agora.xtec.cat/ies-mollerussa/presentacio-erasmus/" title="Read Presentació Erasmus+">Llegeix més»</a></p>
