{"id":690,"date":"2014-09-09T22:28:09","date_gmt":"2014-09-09T22:28:09","guid":{"rendered":"http:\/\/institutmollerussa.com\/?page_id=458"},"modified":"2025-02-06T14:27:34","modified_gmt":"2025-02-06T13:27:34","slug":"estudis-fp","status":"publish","type":"page","link":"https:\/\/agora.xtec.cat\/ies-mollerussa\/estudis-fp\/","title":{"rendered":"Estudis Formaci\u00f3 Professional, PFI, IFE, T\u00e8cnics Esportius"},"content":{"rendered":"<p>Et preocupes pel teu futur professional? Vols introduir-te en el mon laboral amb garanties? Ets a l\u2019atur i vols ampliar les teves compet\u00e8ncies laborals?<\/p>\n<p>La Formaci\u00f3 professional et dona respostes reals per a la vida real, formaci\u00f3 pr\u00e0ctica i una borsa de m\u00e9s de 300 empreses on aplicar els coneixements adquirits i cr\u00e9ixer professionalment. Tot aix\u00f2 i m\u00e9s \u00e9s l\u2019Institut Mollerussa <strong>el Campus que Forma Professionals<\/strong> en el que pots trobar una extensa oferta de titulacions oficials reglades en diversos \u00e0mbits.<\/p>\n<hr \/>\n<div id=\"column1\">\n<div class=\"column-text\">\n<h3 class=\"column-header-image\"><strong>ACTIVITATS AGR\u00c0RIES<\/strong><\/h3>\n<p><a href=\"https:\/\/agora.xtec.cat\/ies-mollerussa\/wp-content\/uploads\/usu2499\/2021\/06\/agropecuaria.jpg\"><img loading=\"lazy\" decoding=\"async\" class=\"size-full wp-image-5321 alignright\" src=\"https:\/\/agora.xtec.cat\/ies-mollerussa\/wp-content\/uploads\/usu2499\/2021\/06\/agropecuaria.jpg\" alt=\"\" width=\"300\" height=\"225\" srcset=\"https:\/\/agora.xtec.cat\/ies-mollerussa\/wp-content\/uploads\/usu2499\/2021\/06\/agropecuaria.jpg 300w, https:\/\/agora.xtec.cat\/ies-mollerussa\/wp-content\/uploads\/usu2499\/2021\/06\/agropecuaria-200x150.jpg 200w\" sizes=\"auto, (max-width: 300px) 100vw, 300px\" \/><\/a>El centre ofereix els seg\u00fcents cursos de la fam\u00edlia professional d\u2019agr\u00e0ria:<\/p>\n<ul>\n<li>Activitats eq\u00fcestres (GM)<\/li>\n<li>Producci\u00f3 agropecu\u00e0ria (GM)<\/li>\n<li>Jardineria i Floristeria (GM)<\/li>\n<li>Ramaderia i assist\u00e8ncia en sanitat animal (GS)<\/li>\n<li>Gesti\u00f3 forestal i del medi natural (GS)<\/li>\n<li>Paisatgisme i medi rural \u2013 Perfil agroramader (GS)<\/li>\n<\/ul>\n<div class=\"columnmore\" style=\"text-align: left;\"><a href=\"https:\/\/agora.xtec.cat\/ies-mollerussa\/estudis-agraria\/\">m\u00e9s informaci\u00f3<\/a><\/div>\n<div>\n<hr \/>\n<\/div>\n<\/div>\n<\/div>\n<div>\n<div id=\"column1\">\n<div class=\"column-text\">\n<h3 class=\"column-header-image\"><strong>ADMINISTRACI\u00d3 I GESTI\u00d3<\/strong><\/h3>\n<p><a href=\"https:\/\/agora.xtec.cat\/ies-mollerussa\/wp-content\/uploads\/usu2499\/2021\/06\/administratiu.jpg\"><img loading=\"lazy\" decoding=\"async\" class=\"size-full wp-image-5320 alignright\" src=\"https:\/\/agora.xtec.cat\/ies-mollerussa\/wp-content\/uploads\/usu2499\/2021\/06\/administratiu.jpg\" alt=\"\" width=\"300\" height=\"225\" srcset=\"https:\/\/agora.xtec.cat\/ies-mollerussa\/wp-content\/uploads\/usu2499\/2021\/06\/administratiu.jpg 300w, https:\/\/agora.xtec.cat\/ies-mollerussa\/wp-content\/uploads\/usu2499\/2021\/06\/administratiu-200x150.jpg 200w\" sizes=\"auto, (max-width: 300px) 100vw, 300px\" \/><\/a>Si vols exercir en empreses i\/o institucions del sector p\u00fablic i\/o privat, en \u00e0rees on es requereixin funcions de secretariat; sector financer (banca, caixes, corporacions, assegurances i altres serveis financers), Administraci\u00f3 p\u00fablica, el cicle formatiu de gesti\u00f3 administrativa \u00e9s el teu lloc.<\/p>\n<ul>\n<li><a href=\"https:\/\/agora.xtec.cat\/ies-mollerussa\/wp-content\/uploads\/usu2499\/2021\/06\/triptic-ag10-ga.pdf\" target=\"_blank\" rel=\"noopener noreferrer\">Gesti\u00f3 administrativa<\/a> (GM)<\/li>\n<\/ul>\n<hr \/>\n<\/div>\n<\/div>\n<\/div>\n<div>\n<div id=\"column2\">\n<div class=\"column-text\">\n<h3 class=\"column-header-image\"><strong>IND\u00daSTRIES EXTRACTIVES<\/strong><\/h3>\n<p><img loading=\"lazy\" decoding=\"async\" class=\"size-full wp-image-5329 alignright\" src=\"https:\/\/agora.xtec.cat\/ies-mollerussa\/wp-content\/uploads\/usu2499\/2021\/06\/giratoria.jpg\" alt=\"\" width=\"300\" height=\"225\" srcset=\"https:\/\/agora.xtec.cat\/ies-mollerussa\/wp-content\/uploads\/usu2499\/2021\/06\/giratoria.jpg 300w, https:\/\/agora.xtec.cat\/ies-mollerussa\/wp-content\/uploads\/usu2499\/2021\/06\/giratoria-200x150.jpg 200w\" sizes=\"auto, (max-width: 300px) 100vw, 300px\" \/>Gr\u00e0cies a la col\u00b7laboraci\u00f3 de moltes empreses i entitats del sector, i als espais i equips de maquin\u00e0ria de qu\u00e8 disposem al nostre centre, us podem oferir les dues formacions seg\u00fcents, que gaudeixen d\u2019un ALT GRAU D\u2019INSERCI\u00d3 LABORAL.<\/p>\n<ul>\n<li>Excavacions i Sondatges (GM)<\/li>\n<li>Pedra Natural\u00a0(GM)<strong><br \/>\n<\/strong><\/li>\n<\/ul>\n<div class=\"columnmore\"><a href=\"https:\/\/agora.xtec.cat\/ies-mollerussa\/industries-extractives\/\">m\u00e9s informaci\u00f3<\/a><\/div>\n<\/div>\n<\/div>\n<\/div>\n<div>\n<hr \/>\n<\/div>\n<div>\n<div id=\"column2\">\n<div class=\"column-text\">\n<h3 class=\"column-header-image\"><strong>INFORM\u00c0TICA <\/strong><\/h3>\n<p><img loading=\"lazy\" decoding=\"async\" class=\"size-full wp-image-5327 alignright\" src=\"https:\/\/agora.xtec.cat\/ies-mollerussa\/wp-content\/uploads\/usu2499\/2021\/06\/cfi_main.jpg\" alt=\"\" width=\"300\" height=\"225\" srcset=\"https:\/\/agora.xtec.cat\/ies-mollerussa\/wp-content\/uploads\/usu2499\/2021\/06\/cfi_main.jpg 300w, https:\/\/agora.xtec.cat\/ies-mollerussa\/wp-content\/uploads\/usu2499\/2021\/06\/cfi_main-200x150.jpg 200w\" sizes=\"auto, (max-width: 300px) 100vw, 300px\" \/><\/p>\n<p>El perfil d\u2019inform\u00e0tic torna a estar molt demandat, aprofita aquesta oportunitat! Estudiar algun dels cicles t\u2019ajudar\u00e0 en la teva inserci\u00f3 laboral.<\/p>\n<ul>\n<li>Sistemes microinform\u00e0tics i xarxes (GM)<\/li>\n<\/ul>\n<ul>\n<li>Desenvolupament d\u2019aplicacions web (GS)<\/li>\n<li>Administraci\u00f3 de sistemes inform\u00e0tics en xarxa (GS)<br \/>\n<strong>Modalitat 3\u00d72 (3 anys 2 t\u00edtols)<\/strong><\/li>\n<\/ul>\n<div class=\"columnmore\"><a href=\"https:\/\/agora.xtec.cat\/ies-mollerussa\/estudis-informatica\/\">m\u00e9s informaci\u00f3<\/a><\/div>\n<\/div>\n<\/div>\n<\/div>\n<div><\/div>\n<div>\n<hr \/>\n<\/div>\n<div>\n<h3 class=\"column-header-image\"><strong>ACTIVITATS F\u00cdSIQUES I ESPORTIVES<\/strong><\/h3>\n<p><img loading=\"lazy\" decoding=\"async\" class=\"alignright size-full wp-image-5325\" src=\"https:\/\/agora.xtec.cat\/ies-mollerussa\/wp-content\/uploads\/usu2499\/2021\/06\/cafemn2016.jpg\" alt=\"\" width=\"300\" height=\"225\" srcset=\"https:\/\/agora.xtec.cat\/ies-mollerussa\/wp-content\/uploads\/usu2499\/2021\/06\/cafemn2016.jpg 300w, https:\/\/agora.xtec.cat\/ies-mollerussa\/wp-content\/uploads\/usu2499\/2021\/06\/cafemn2016-200x150.jpg 200w\" sizes=\"auto, (max-width: 300px) 100vw, 300px\" \/>T\u2019agrada l\u2019esport i la natura? Fes-ne una professi\u00f3!<br \/>\nEstudia el cicle de Guia en el Medi Natural i de Temps de Lleure. Aquests estudis capaciten per organitzar itineraris i guiar grups per entorns naturals de muntanya baixa i mitjana, terreny nevat de tipus n\u00f2rdic, cavitats de dificultat baixa, barrancs de risc baix, medi aqu\u00e0tic i instal\u00b7lacions d\u2019oci i aventura (progressant a peu, amb cordes, en bicicleta, en embarcacions i a cavall), aix\u00ed com dinamitzar activitats de temps de lleure, adaptant les activitats a la tipologia dels participants, i respectant el medi ambient i garantint-ne la qualitat i la seguretat<br \/>\nDiverteix-te mentre estudies i et procures un futur.<\/p>\n<ul>\n<li><a href=\"https:\/\/www.canva.com\/design\/DAD7-CnflSM\/C5naJ1I-OUkqyJlFN2S6jQ\/view?utm_content=DAD7-CnflSM&amp;utm_campaign=designshare&amp;utm_medium=link&amp;utm_source=publishsharelink\" target=\"_blank\" rel=\"noopener noreferrer\">Guia en el Medi Natural i de Temps de Lleure<\/a> (GM)<\/li>\n<\/ul>\n<hr \/>\n<\/div>\n<div id=\"column2\">\n<div class=\"column-text\">\n<h3 class=\"column-header-image\"><strong>TRANSPORT I MANTENIMENT DE VEHICLES<\/strong><\/h3>\n<p><img loading=\"lazy\" decoding=\"async\" class=\"alignright size-full wp-image-5328\" src=\"https:\/\/agora.xtec.cat\/ies-mollerussa\/wp-content\/uploads\/usu2499\/2021\/06\/electromecanica.jpg\" alt=\"\" width=\"300\" height=\"225\" srcset=\"https:\/\/agora.xtec.cat\/ies-mollerussa\/wp-content\/uploads\/usu2499\/2021\/06\/electromecanica.jpg 300w, https:\/\/agora.xtec.cat\/ies-mollerussa\/wp-content\/uploads\/usu2499\/2021\/06\/electromecanica-200x150.jpg 200w\" sizes=\"auto, (max-width: 300px) 100vw, 300px\" \/>Cicle de la fam\u00edlia de transport i manteniment de vehicles(TMV), amb l\u2019objectiu de col\u00b7laborar amb empreses del sector que permet realitzar pr\u00e0ctiques te\u00f2rico-manipulatives sobre maquin\u00e0ria real que cedeixen al centre. <strong>Bona sortida professional amb possibilitat de lloc de treball<\/strong>.<\/p>\n<ul>\n<li><a href=\"https:\/\/agora.xtec.cat\/ies-mollerussa\/wp-content\/uploads\/usu2499\/2022\/05\/o_TM30_Electromecanica_maquinaria_15042020.docx\">Electromec\u00e0nica de maquin\u00e0ria<\/a><\/li>\n<\/ul>\n<div><\/div>\n<\/div>\n<\/div>\n<hr \/>\n<div id=\"column2\">\n<div class=\"column-text\">\n<h3 class=\"column-header-image\"><strong>SERVEIS SOCIOCULTURALS I A LA COMUNITAT<\/strong><\/h3>\n<p><img loading=\"lazy\" decoding=\"async\" class=\"alignright size-full wp-image-5334\" src=\"https:\/\/agora.xtec.cat\/ies-mollerussa\/wp-content\/uploads\/usu2499\/2021\/06\/tapsd.jpg\" alt=\"\" width=\"300\" height=\"225\" srcset=\"https:\/\/agora.xtec.cat\/ies-mollerussa\/wp-content\/uploads\/usu2499\/2021\/06\/tapsd.jpg 300w, https:\/\/agora.xtec.cat\/ies-mollerussa\/wp-content\/uploads\/usu2499\/2021\/06\/tapsd-200x150.jpg 200w\" sizes=\"auto, (max-width: 300px) 100vw, 300px\" \/>El centre ofereix els seg\u00fcents cursos d\u2019aquesta fam\u00edlia professional:<\/p>\n<ul>\n<li>Atenci\u00f3 a persones en situaci\u00f3 de depend\u00e8ncia<\/li>\n<li>Educaci\u00f3 infantil<\/li>\n<\/ul>\n<div class=\"columnmore\"><a href=\"https:\/\/agora.xtec.cat\/ies-mollerussa\/estudis-serveis\/\">m\u00e9s informaci\u00f3<\/a><\/div>\n<\/div>\n<\/div>\n<div><\/div>\n<div>\n<hr \/>\n<\/div>\n<div>\n<div id=\"column2\">\n<div class=\"column-text\">\n<h3 class=\"column-header-image\"><strong>ENSENYAMENTS ESPECIALS H\u00cdPICA<\/strong><\/h3>\n<p><img loading=\"lazy\" decoding=\"async\" class=\"alignright size-full wp-image-5324\" src=\"https:\/\/agora.xtec.cat\/ies-mollerussa\/wp-content\/uploads\/usu2499\/2021\/06\/cafemn.jpg\" alt=\"\" width=\"400\" height=\"400\" srcset=\"https:\/\/agora.xtec.cat\/ies-mollerussa\/wp-content\/uploads\/usu2499\/2021\/06\/cafemn.jpg 400w, https:\/\/agora.xtec.cat\/ies-mollerussa\/wp-content\/uploads\/usu2499\/2021\/06\/cafemn-150x150.jpg 150w, https:\/\/agora.xtec.cat\/ies-mollerussa\/wp-content\/uploads\/usu2499\/2021\/06\/cafemn-300x300.jpg 300w\" sizes=\"auto, (max-width: 400px) 100vw, 400px\" \/><\/p>\n<ul>\n<li>T\u00e8cnic esportiu en disciplines h\u00edpiques de resist\u00e8ncia, orientaci\u00f3 i turisme eq\u00fcestre<\/li>\n<li>T\u00e8cnic esportiu en disciplines h\u00edpiques de salt, doma i concurs complert<\/li>\n<\/ul>\n<div class=\"columnmore\"><a href=\"https:\/\/agora.xtec.cat\/ies-mollerussa\/estudis-ensenyaments-especials\/\" target=\"_blank\" rel=\"noopener noreferrer\">m\u00e9s informaci\u00f3<\/a><\/div>\n<\/div>\n<\/div>\n<\/div>\n<div><\/div>\n<div>\n<hr \/>\n<\/div>\n<div>\n<div id=\"column2\">\n<div class=\"column-text\">\n<h3 class=\"column-header-image\"><strong><a id=\"IFE\"><\/a>IFE \u2013 ITINERARI FORMATIU ESPEC\u00cdFIC<\/strong><\/h3>\n<p><img loading=\"lazy\" decoding=\"async\" class=\"alignright size-full wp-image-5330\" src=\"https:\/\/agora.xtec.cat\/ies-mollerussa\/wp-content\/uploads\/usu2499\/2021\/06\/IFE-1-300x300.jpg\" alt=\"\" width=\"300\" height=\"300\" srcset=\"https:\/\/agora.xtec.cat\/ies-mollerussa\/wp-content\/uploads\/usu2499\/2021\/06\/IFE-1-300x300.jpg 300w, https:\/\/agora.xtec.cat\/ies-mollerussa\/wp-content\/uploads\/usu2499\/2021\/06\/IFE-1-300x300-150x150.jpg 150w\" sizes=\"auto, (max-width: 300px) 100vw, 300px\" \/>Ensenyaments professionals adre\u00e7ats a alumnes entre 16 i 20 anys amb necessitats educatives especials.<\/p>\n<ul>\n<li><a href=\"https:\/\/agora.xtec.cat\/ies-mollerussa\/wp-content\/uploads\/usu2499\/2021\/06\/triptic-Presentaci\u00f3-IFE-19-20.pdf\">Cura d\u2019animals i espais verds<\/a><\/li>\n<\/ul>\n<div class=\"columnmore\"><\/div>\n<\/div>\n<\/div>\n<\/div>\n<div><\/div>\n<div>\n<hr \/>\n<\/div>\n<div>\n<div id=\"column2\">\n<div class=\"column-text\">\n<h3 class=\"column-header-image\"><strong>PROGRAMA FORMACI\u00d3 I INSERCI\u00d3<\/strong><strong> \u2013 PTT<\/strong><\/h3>\n<figure class=\"figure wp-caption alignright\"><img loading=\"lazy\" decoding=\"async\" class=\" wp-image-5333\" src=\"https:\/\/agora.xtec.cat\/ies-mollerussa\/wp-content\/uploads\/usu2499\/2021\/06\/PTT-1-534x1024.jpg\" alt=\"\" width=\"155\" height=\"297\" srcset=\"https:\/\/agora.xtec.cat\/ies-mollerussa\/wp-content\/uploads\/usu2499\/2021\/06\/PTT-1-534x1024.jpg 534w, https:\/\/agora.xtec.cat\/ies-mollerussa\/wp-content\/uploads\/usu2499\/2021\/06\/PTT-1-157x300.jpg 157w, https:\/\/agora.xtec.cat\/ies-mollerussa\/wp-content\/uploads\/usu2499\/2021\/06\/PTT-1.jpg 600w\" sizes=\"auto, (max-width: 155px) 100vw, 155px\" \/><figcaption class=\"wp-caption-text\">binary comment<\/figcaption><\/figure>\n<ul>\n<li>Auxiliar de comer\u00e7 atenci\u00f3 al p\u00fablic<\/li>\n<\/ul>\n<p>Aquests estudis capaciten per dur a terme t\u00e8cniques d\u2019atenci\u00f3 al client, gestionar comandes, venda de productes, gestionar arxius, dissenyar i muntar aparadors, utilitzar programes inform\u00e0tics de gesti\u00f3 i disseny<\/p>\n<div><\/div>\n<div><a href=\"https:\/\/agora.xtec.cat\/ies-mollerussa\/wp-content\/uploads\/usu2499\/2025\/02\/Triptic_PTT_-24_25_Molle.pdf\" target=\"_blank\" rel=\"noopener\">Tr\u00edptic Informatiu<\/a><\/div>\n<\/div>\n<\/div>\n<\/div>\n<div><\/div>\n<div><\/div>\n<div><\/div>\n<div>\n<div id=\"column2\">\n<div class=\"column-text\">\n<div class=\"columnmore\"><a href=\"https:\/\/www.youtube.com\/watch?v=HrUkaXnKQQo\" target=\"_blank\" rel=\"noopener noreferrer\">V\u00eddeo<\/a><\/div>\n<div><\/div>\n<\/div>\n<\/div>\n<\/div>\n<div><\/div>\n<div><\/div>\n<div>\n<hr \/>\n<\/div>\n<div>\n<div id=\"column2\">\n<div class=\"column-text\">\n<h3 class=\"column-header-image\"><strong>PROGRAMA FORMACI\u00d3 I INSERCI\u00d3 &#8211; PIP<br \/>\n<\/strong><\/h3>\n<ul>\n<li>Auxiliar de reparaci\u00f3 i manteniment de vehicles lleugers<\/li>\n<li>Auxiliar de construcci\u00f3<\/li>\n<li><a href=\"https:\/\/agora.xtec.cat\/ies-mollerussa\/wp-content\/uploads\/usu2499\/2022\/03\/diptic-PFI.pdf\" target=\"_blank\" rel=\"noopener\">M\u00e9s informaci\u00f3<\/a><a href=\"https:\/\/agora.xtec.cat\/ies-mollerussa\/wp-content\/uploads\/usu2499\/2023\/03\/pfi-PIP.jpg\"><img loading=\"lazy\" decoding=\"async\" class=\"size-full wp-image-6663 alignright\" src=\"https:\/\/agora.xtec.cat\/ies-mollerussa\/wp-content\/uploads\/usu2499\/2023\/03\/pfi-PIP.jpg\" alt=\"\" width=\"400\" height=\"300\" srcset=\"https:\/\/agora.xtec.cat\/ies-mollerussa\/wp-content\/uploads\/usu2499\/2023\/03\/pfi-PIP.jpg 400w, https:\/\/agora.xtec.cat\/ies-mollerussa\/wp-content\/uploads\/usu2499\/2023\/03\/pfi-PIP-300x225.jpg 300w, https:\/\/agora.xtec.cat\/ies-mollerussa\/wp-content\/uploads\/usu2499\/2023\/03\/pfi-PIP-200x150.jpg 200w\" sizes=\"auto, (max-width: 400px) 100vw, 400px\" \/><\/a><\/li>\n<\/ul>\n<div class=\"columnmore\"><\/div>\n<\/div>\n<\/div>\n<\/div>\n<div>\n<hr \/>\n<\/div>\n<div><\/div>\n","protected":false},"excerpt":{"rendered":"<p>\t\t\t\t\t\t&hellip;  <a href=\"https:\/\/agora.xtec.cat\/ies-mollerussa\/estudis-fp\/\" title=\"Read Estudis Formaci\u00f3 Professional, PFI, IFE, T\u00e8cnics Esportius\">Llegeix m\u00e9s\u00bb<\/a><\/p>\n","protected":false},"author":1,"featured_media":0,"parent":0,"menu_order":0,"comment_status":"closed","ping_status":"open","template":"","meta":{"_bbp_topic_count":0,"_bbp_reply_count":0,"_bbp_total_topic_count":0,"_bbp_total_reply_count":0,"_bbp_voice_count":0,"_bbp_anonymous_reply_count":0,"_bbp_topic_count_hidden":0,"_bbp_reply_count_hidden":0,"_bbp_forum_subforum_count":0,"footnotes":""},"class_list":["post-690","page","type-page","status-publish","hentry"],"post_mailing_queue_ids":[],"_links":{"self":[{"href":"https:\/\/agora.xtec.cat\/ies-mollerussa\/wp-json\/wp\/v2\/pages\/690","targetHints":{"allow":["GET"]}}],"collection":[{"href":"https:\/\/agora.xtec.cat\/ies-mollerussa\/wp-json\/wp\/v2\/pages"}],"about":[{"href":"https:\/\/agora.xtec.cat\/ies-mollerussa\/wp-json\/wp\/v2\/types\/page"}],"author":[{"embeddable":true,"href":"https:\/\/agora.xtec.cat\/ies-mollerussa\/wp-json\/wp\/v2\/users\/1"}],"replies":[{"embeddable":true,"href":"https:\/\/agora.xtec.cat\/ies-mollerussa\/wp-json\/wp\/v2\/comments?post=690"}],"version-history":[{"count":7,"href":"https:\/\/agora.xtec.cat\/ies-mollerussa\/wp-json\/wp\/v2\/pages\/690\/revisions"}],"predecessor-version":[{"id":7722,"href":"https:\/\/agora.xtec.cat\/ies-mollerussa\/wp-json\/wp\/v2\/pages\/690\/revisions\/7722"}],"wp:attachment":[{"href":"https:\/\/agora.xtec.cat\/ies-mollerussa\/wp-json\/wp\/v2\/media?parent=690"}],"curies":[{"name":"wp","href":"https:\/\/api.w.org\/{rel}","templated":true}]}}