{"id":588,"date":"2014-10-15T08:07:56","date_gmt":"2014-10-15T08:07:56","guid":{"rendered":"http:\/\/institutmollerussa.com\/?page_id=588"},"modified":"2021-07-27T23:43:57","modified_gmt":"2021-07-27T21:43:57","slug":"reconeixement","status":"publish","type":"page","link":"https:\/\/agora.xtec.cat\/ies-mollerussa\/reconeixement\/","title":{"rendered":"Reconeixement"},"content":{"rendered":"<p><img loading=\"lazy\" decoding=\"async\" class=\"size-full wp-image-589 alignleft\" src=\"http:\/\/institutmollerussa.com\/wp-content\/uploads\/2014\/10\/LOGO_Reconeixement.jpg\" alt=\"Reconeixement\" width=\"84\" height=\"84\" \/><\/p>\n<h1><span style=\"color: #333399;\">Servei de reconeixement d&#8217;aprenentatges en la formaci\u00f3 professional<\/span><\/h1>\n<p style=\"text-align: center;\"><a href=\"http:\/\/queestudiar.gencat.cat\/ca\/estudis\/fp\/mesures-flexib\/reconeixement-academic\/\" target=\"_blank\" rel=\"noopener noreferrer\">Informaci\u00f3 detallada a la web de la Generalitat<\/a><\/p>\n<p class=\"Estilo20\">El reconeixement acad\u00e8mic dels aprenentatges assolits mitjan\u00e7ant l&#8217;experi\u00e8ncia laboral o en activitats socials \u00e9s un servei que presta el centre educatiu, a sol\u2022licitud de la persona interessada, i de forma personalitzada. El proc\u00e9s permet posar en valor aquells aprenentatges que han adquirit i obtenir la correspond\u00e8ncia amb els ensenyaments de formaci\u00f3 professional del sistema educatiu.<\/p>\n<p class=\"Estilo20\">\u00danicament, es poden recon\u00e8ixer els aprenentatges relacionats amb els cr\u00e8dits, o unitats formatives que derivin d&#8217;unitats de compet\u00e8ncia dels t\u00edtols de formaci\u00f3 professional inicial. El reconeixement acad\u00e8mic conclou amb un certificat oficial expedit pel centre educatiu on hi constaran els cr\u00e8dits o unitats formatives reconegudes .<\/p>\n<p class=\"Estilo20\">Requisit previ: haver superat positivament el proc\u00e9s de <b> Servei d&#8217;Assessorament de la FPI, <\/b> tenir 18 anys complert i acreditar un m\u00ednim de dos anys d&#8217;experi\u00e8ncia laboral o en activitats socials en el sector professional relacionat amb el cicle formatiu del qual es volen recon\u00e8ixer els aprenentatges.<\/p>\n<blockquote><p>Consulteu les darreres novetats, terminis, documentaci\u00f3, llistats, etc. a la secci\u00f3 de noticies de la web o al tauler del centre<\/p>\n<p style=\"text-align: center;\"><strong><a href=\"https:\/\/agora.xtec.cat\/ies-mollerussa\/tag\/reconeixement\/\">Darreres novetats sobre reconeixement<\/a><\/strong><\/p>\n<\/blockquote>\n<h2 class=\"Estilo17\"><span style=\"color: #333399;\">Carta de comprom\u00eds de qualitat dels serveis:<\/span><\/h2>\n<ul>\n<li class=\"Estilo17\"><span class=\"Estilnegre\">El centre es compromet a prestar el servei en els seg\u00fcents termes de qualitat:<\/span> <a href=\"https:\/\/agora.xtec.cat\/ies-mollerussa\/wp-content\/uploads\/usu2499\/2021\/07\/carta_compromis_assess_reconx_v61.pdf\">carta_compromis_assess_reconx_v61<\/a><\/li>\n<\/ul>\n<h2 class=\"Estilo17\"><span style=\"color: #333399;\">Oferta de CICLES FORMATIUS de l&#8217;institut Mollerussa :<\/span><\/h2>\n<ul>\n<li><a href=\"https:\/\/agora.xtec.cat\/ies-mollerussa\/estudis-fp\/\">Consulteu la web Estudis de FP en aquesta mateixa web<\/a><\/li>\n<\/ul>\n<h1 class=\"Estilo17\"><span style=\"color: #333399;\">Calendari del proc\u00e9s:<\/span><\/h1>\n<ul>\n<li>Consulteu els darrers calendaris del proc\u00e9s de reconeixement:<br \/>\n<a href=\"https:\/\/agora.xtec.cat\/ies-mollerussa\/wp-content\/uploads\/usu2499\/2021\/07\/Calendari_reconeixement_1a-fase.docx\">Calendari_reconeixement_1\u00aa-fase<\/a><br \/>\n<a href=\"https:\/\/agora.xtec.cat\/ies-mollerussa\/wp-content\/uploads\/usu2499\/2021\/07\/Calendari_reconeixement_2a-fase.docx\">Calendari_reconeixement_2\u00aa-fase<\/a><\/li>\n<\/ul>\n<h1 class=\"Estilo17\"><span style=\"color: #333399;\">Sol\u00b7licitud i inscripci\u00f3 al servei de reconeixement:<\/span><\/h1>\n<p class=\"Estilo17\"><span class=\"Estilnegre\">Cal portar els documents al registre del centre.<\/span><\/p>\n<ul>\n<li><a href=\"https:\/\/agora.xtec.cat\/ies-mollerussa\/wp-content\/uploads\/usu2499\/2021\/07\/Sollicitud-al-servei-de-reconeix.doc\">Sol\u00b7licitud-al-servei-de-reconeix<\/a> (Fitxer MS Word)<\/li>\n<li><a href=\"https:\/\/agora.xtec.cat\/ies-mollerussa\/wp-content\/uploads\/usu2499\/2021\/07\/Full-dInscripcio-al-servei-de-rconeixement_public.doc\">Full-dInscripci\u00f3-al-servei-de-rconeixement_public<\/a> (Fitxer MS Word)<\/li>\n<\/ul>\n<h1 class=\"Estilo17\"><span style=\"color: #333399;\">Llistat admesos:<\/span><\/h1>\n<p>La llista d&#8217;admesos es publicar\u00e0 al taulell d&#8217;anuncis del centre.<\/p>\n<h2 class=\"Estilo17\"><span style=\"color: #333399;\">Preu del Servei:<\/span><\/h2>\n<p class=\"Estilo17\"><span class=\"Estilnegre\">Segons el nombre de cr\u00e8dits o unitats formatives. <\/span><\/p>\n<h2 class=\"Estilo17\"><span style=\"color: #333399;\">Normativa :<\/span><\/h2>\n<p class=\"Estilo20\" style=\"text-align: justify;\">Resoluci\u00f3 ENS\/1891\/2012, de 23 d&#8217;agost, d&#8217;organitzaci\u00f3 de diverses mesures flexibilitzadores i actuacions en la formaci\u00f3 professional inicial (DOGC n\u00fam. 6220, de 26.9.2012) <a href=\"http:\/\/www20.gencat.cat\/portal\/site\/portaldogc\/menuitem.c973d2fc58aa0083e4492d92b0c0e1a0\/?vgnextoid=485946a6e5dfe210VgnVCM1000000b0c1e0aRCRD&amp;appInstanceName=default&amp;action=fitxa&amp;documentId=617026&amp;language=ca_ES\"> RESOLUCIO<\/a><b><\/b><\/p>\n","protected":false},"excerpt":{"rendered":"<p>\t\t\t\t\t\t&hellip;  <a href=\"https:\/\/agora.xtec.cat\/ies-mollerussa\/reconeixement\/\" title=\"Read Reconeixement\">Llegeix m\u00e9s\u00bb<\/a><\/p>\n","protected":false},"author":1,"featured_media":0,"parent":0,"menu_order":0,"comment_status":"closed","ping_status":"open","template":"","meta":{"_bbp_topic_count":0,"_bbp_reply_count":0,"_bbp_total_topic_count":0,"_bbp_total_reply_count":0,"_bbp_voice_count":0,"_bbp_anonymous_reply_count":0,"_bbp_topic_count_hidden":0,"_bbp_reply_count_hidden":0,"_bbp_forum_subforum_count":0,"footnotes":""},"class_list":["post-588","page","type-page","status-publish","hentry"],"post_mailing_queue_ids":[],"_links":{"self":[{"href":"https:\/\/agora.xtec.cat\/ies-mollerussa\/wp-json\/wp\/v2\/pages\/588","targetHints":{"allow":["GET"]}}],"collection":[{"href":"https:\/\/agora.xtec.cat\/ies-mollerussa\/wp-json\/wp\/v2\/pages"}],"about":[{"href":"https:\/\/agora.xtec.cat\/ies-mollerussa\/wp-json\/wp\/v2\/types\/page"}],"author":[{"embeddable":true,"href":"https:\/\/agora.xtec.cat\/ies-mollerussa\/wp-json\/wp\/v2\/users\/1"}],"replies":[{"embeddable":true,"href":"https:\/\/agora.xtec.cat\/ies-mollerussa\/wp-json\/wp\/v2\/comments?post=588"}],"version-history":[{"count":3,"href":"https:\/\/agora.xtec.cat\/ies-mollerussa\/wp-json\/wp\/v2\/pages\/588\/revisions"}],"predecessor-version":[{"id":5731,"href":"https:\/\/agora.xtec.cat\/ies-mollerussa\/wp-json\/wp\/v2\/pages\/588\/revisions\/5731"}],"wp:attachment":[{"href":"https:\/\/agora.xtec.cat\/ies-mollerussa\/wp-json\/wp\/v2\/media?parent=588"}],"curies":[{"name":"wp","href":"https:\/\/api.w.org\/{rel}","templated":true}]}}