{"id":550,"date":"2014-10-10T08:07:25","date_gmt":"2014-10-10T08:07:25","guid":{"rendered":"http:\/\/institutmollerussa.com\/?page_id=550"},"modified":"2021-06-13T18:45:28","modified_gmt":"2021-06-13T16:45:28","slug":"practiques-en-empresa","status":"publish","type":"page","link":"https:\/\/agora.xtec.cat\/ies-mollerussa\/practiques-en-empresa\/","title":{"rendered":"Pr\u00e0ctiques en empresa"},"content":{"rendered":"<p>S\u00f3n pr\u00e0ctiques i estades formatives no laborals que realitza l\u2019alumnat d\u2019ensenyaments postobligatoris en centres de treball, mitjan\u00e7ant un conveni de col\u00b7laboraci\u00f3 que subscriuen el centre docent i l\u2019empresa. <a title=\"Pr\u00e0ctiques en empresa\" href=\"https:\/\/sites.google.com\/a\/xtec.cat\/fct-ins-mollerussa\/\" target=\"_blank\" rel=\"noopener noreferrer\"><img loading=\"lazy\" decoding=\"async\" class=\"alignright size-full wp-image-5477\" src=\"https:\/\/agora.xtec.cat\/ies-mollerussa\/wp-content\/uploads\/usu2499\/2021\/06\/fct-empresa1.jpg\" alt=\"\" width=\"322\" height=\"201\" srcset=\"https:\/\/agora.xtec.cat\/ies-mollerussa\/wp-content\/uploads\/usu2499\/2021\/06\/fct-empresa1.jpg 322w, https:\/\/agora.xtec.cat\/ies-mollerussa\/wp-content\/uploads\/usu2499\/2021\/06\/fct-empresa1-300x187.jpg 300w\" sizes=\"auto, (max-width: 322px) 100vw, 322px\" \/><\/a>La formaci\u00f3 pr\u00e0ctica en centres de treball tamb\u00e9 es pot dur a terme en empreses de fora del territori catal\u00e0. Aquestes pr\u00e0ctiques formen part del programa formatiu curricular d\u2019aquests ensenyaments.<\/p>\n<p><strong>Qu\u00e8 comporten per a l&#8217;alumnat?<\/strong><\/p>\n<ul>\n<li>El coneixement del m\u00f3n laboral i de l\u2019empresa.<\/li>\n<li>La possibilitat d\u2019estar en contacte amb la tecnologia m\u00e9s avan\u00e7ada.<\/li>\n<li>La compleci\u00f3 de la seva formaci\u00f3 professional, per capacitar-se per a la seva incorporaci\u00f3 al m\u00f3n laboral.<\/li>\n<li>L\u2019obtenci\u00f3 d\u2019una formaci\u00f3 adaptada a llocs de treball espec\u00edfics.<\/li>\n<li>L\u2019acostament a la cultura d\u2019empresa.<\/li>\n<li>L\u2019experi\u00e8ncia en el m\u00f3n laboral com a pas previ per a la primera ocupaci\u00f3.<\/li>\n<li>L\u2019inici del seu historial professional acreditat amb el quadern de pr\u00e0ctiques.<\/li>\n<li>La superaci\u00f3 del cr\u00e8dit de formaci\u00f3 en centres de treball per a l\u2019alumnat de cicles formatius.<\/li>\n<li>La possibilitat de fer les pr\u00e0ctiques en empreses europees, ja sigui amb una beca Erasmus o amb finan\u00e7ament a c\u00e0rrec de l&#8217;alumne<\/li>\n<\/ul>\n<p><strong>Qu\u00e8 ofereixen a l&#8217;empresa?<\/strong><\/p>\n<ul>\n<li>Captar futur personal qualificat.<\/li>\n<li>Col\u00b7laborar en la formaci\u00f3 del\/de la jove aprenent\/a.<\/li>\n<li>Oferir l\u2019acc\u00e9s del\/de la jove estudiant\/a a la seva primera ocupaci\u00f3.<\/li>\n<li>Relacionar-se amb els centres docents.<\/li>\n<li>No implica serveis retribu\u00efts ni vinculaci\u00f3 laboral.<\/li>\n<\/ul>\n","protected":false},"excerpt":{"rendered":"<p>\t\t\t\t\t\t&hellip;  <a href=\"https:\/\/agora.xtec.cat\/ies-mollerussa\/practiques-en-empresa\/\" title=\"Read Pr\u00e0ctiques en empresa\">Llegeix m\u00e9s\u00bb<\/a><\/p>\n","protected":false},"author":1,"featured_media":0,"parent":0,"menu_order":0,"comment_status":"closed","ping_status":"open","template":"","meta":{"_bbp_topic_count":0,"_bbp_reply_count":0,"_bbp_total_topic_count":0,"_bbp_total_reply_count":0,"_bbp_voice_count":0,"_bbp_anonymous_reply_count":0,"_bbp_topic_count_hidden":0,"_bbp_reply_count_hidden":0,"_bbp_forum_subforum_count":0,"footnotes":""},"class_list":["post-550","page","type-page","status-publish","hentry"],"post_mailing_queue_ids":[],"_links":{"self":[{"href":"https:\/\/agora.xtec.cat\/ies-mollerussa\/wp-json\/wp\/v2\/pages\/550","targetHints":{"allow":["GET"]}}],"collection":[{"href":"https:\/\/agora.xtec.cat\/ies-mollerussa\/wp-json\/wp\/v2\/pages"}],"about":[{"href":"https:\/\/agora.xtec.cat\/ies-mollerussa\/wp-json\/wp\/v2\/types\/page"}],"author":[{"embeddable":true,"href":"https:\/\/agora.xtec.cat\/ies-mollerussa\/wp-json\/wp\/v2\/users\/1"}],"replies":[{"embeddable":true,"href":"https:\/\/agora.xtec.cat\/ies-mollerussa\/wp-json\/wp\/v2\/comments?post=550"}],"version-history":[{"count":1,"href":"https:\/\/agora.xtec.cat\/ies-mollerussa\/wp-json\/wp\/v2\/pages\/550\/revisions"}],"predecessor-version":[{"id":5478,"href":"https:\/\/agora.xtec.cat\/ies-mollerussa\/wp-json\/wp\/v2\/pages\/550\/revisions\/5478"}],"wp:attachment":[{"href":"https:\/\/agora.xtec.cat\/ies-mollerussa\/wp-json\/wp\/v2\/media?parent=550"}],"curies":[{"name":"wp","href":"https:\/\/api.w.org\/{rel}","templated":true}]}}

Pràctiques en empresa

<p>Són pràctiques i estades formatives no laborals que realitza l’alumnat d’ensenyaments postobligatoris en centres de treball, mitjançant un conveni de col·laboració que subscriuen el centre docent i l’empresa. <a title="Pràctiques en empresa" href="https://sites.google.com/a/xtec.cat/fct-ins-mollerussa/" target="_blank" rel="noopener noreferrer"><img loading="lazy" decoding="async" class="alignright size-full wp-image-5477" src="https://agora.xtec.cat/ies-mollerussa/wp-content/uploads/usu2499/2021/06/fct-empresa1.jpg" alt="" width="322" height="201" srcset="https://agora.xtec.cat/ies-mollerussa/wp-content/uploads/usu2499/2021/06/fct-empresa1.jpg 322w, https://agora.xtec.cat/ies-mollerussa/wp-content/uploads/usu2499/2021/06/fct-empresa1-300x187.jpg 300w" sizes="auto, (max-width: 322px) 100vw, 322px" /></a>La formació pràctica en centres de treball també es pot dur a terme en empreses de fora del territori català. Aquestes pràctiques formen part del programa formatiu curricular d’aquests ensenyaments.</p>
<p><strong>Què comporten per a l&#8217;alumnat?</strong></p>
<ul>
<li>El coneixement del món laboral i de l’empresa.</li>
<li>La possibilitat d’estar en contacte amb la tecnologia més avançada.</li>
<li>La compleció de la seva formació professional, per capacitar-se per a la seva incorporació al món laboral.</li>
<li>L’obtenció d’una formació adaptada a llocs de treball específics.</li>
<li>L’acostament a la cultura d’empresa.</li>
<li>L’experiència en el món laboral com a pas previ per a la primera ocupació.</li>
<li>L’inici del seu historial professional acreditat amb el quadern de pràctiques.</li>
<li>La superació del crèdit de formació en centres de treball per a l’alumnat de cicles formatius.</li>
<li>La possibilitat de fer les pràctiques en empreses europees, ja sigui amb una beca Erasmus o amb finançament a càrrec de l&#8217;alumne</li>
</ul>
<p><strong>Què ofereixen a l&#8217;empresa?</strong></p>
<ul>
<li>Captar futur personal qualificat.</li>
<li>Col·laborar en la formació del/de la jove aprenent/a.</li>
<li>Oferir l’accés del/de la jove estudiant/a a la seva primera ocupació.</li>
<li>Relacionar-se amb els centres docents.</li>
<li>No implica serveis retribuïts ni vinculació laboral.</li>
</ul>

<p>						&hellip;  <a href="https://agora.xtec.cat/ies-mollerussa/practiques-en-empresa/" title="Read Pràctiques en empresa">Llegeix més»</a></p>
