{"id":27,"date":"2014-09-17T16:24:03","date_gmt":"2014-09-17T16:24:03","guid":{"rendered":"http:\/\/agora.xtec.cat\/ies-mollerussa\/?page_id=27"},"modified":"2021-06-10T13:30:51","modified_gmt":"2021-06-10T11:30:51","slug":"historia","status":"publish","type":"page","link":"https:\/\/agora.xtec.cat\/ies-mollerussa\/campus\/historia\/","title":{"rendered":"Hist\u00f2ria"},"content":{"rendered":"<p><img loading=\"lazy\" decoding=\"async\" class=\"size-full wp-image-5371 aligncenter\" src=\"https:\/\/agora.xtec.cat\/ies-mollerussa\/wp-content\/uploads\/usu2499\/2021\/06\/historia1.jpg\" alt=\"\" width=\"618\" height=\"114\" srcset=\"https:\/\/agora.xtec.cat\/ies-mollerussa\/wp-content\/uploads\/usu2499\/2021\/06\/historia1.jpg 618w, https:\/\/agora.xtec.cat\/ies-mollerussa\/wp-content\/uploads\/usu2499\/2021\/06\/historia1-300x55.jpg 300w\" sizes=\"auto, (max-width: 618px) 100vw, 618px\" \/><\/p>\n<p><b>Inici<br \/>\n<\/b>L\u2019inici del centre com a instituci\u00f3 educativa es remunta a l\u2019any 1950 quan l\u2019Ajuntament de Mollerussa va cedir a la \u201cDelegaci\u00f3n Nacional de Sindicatos\u201d unes 19 ha de terreny a la partida de \u201cLa Serra\u201d, per a construir-hi una escola dedicada a l\u2019ensenyament agr\u00edcola i ramader en benefici dels pagesos i ramaders de la zona.<\/p>\n<figure class=\"figure wp-caption aligncenter\"><img loading=\"lazy\" decoding=\"async\" class=\"wp-image-5372 size-medium\" src=\"https:\/\/agora.xtec.cat\/ies-mollerussa\/wp-content\/uploads\/usu2499\/2021\/06\/historia2-300x177.jpg\" alt=\"\" width=\"300\" height=\"177\" srcset=\"https:\/\/agora.xtec.cat\/ies-mollerussa\/wp-content\/uploads\/usu2499\/2021\/06\/historia2-300x177.jpg 300w, https:\/\/agora.xtec.cat\/ies-mollerussa\/wp-content\/uploads\/usu2499\/2021\/06\/historia2.jpg 559w\" sizes=\"auto, (max-width: 300px) 100vw, 300px\" \/><figcaption class=\"wp-caption-text\">Obres de construcci\u00f3 (any 1951)<\/figcaption><\/figure>\n<figure class=\"figure wp-caption aligncenter\"><img loading=\"lazy\" decoding=\"async\" class=\"wp-image-5373 size-medium\" src=\"https:\/\/agora.xtec.cat\/ies-mollerussa\/wp-content\/uploads\/usu2499\/2021\/06\/historia3-300x177.jpg\" alt=\"\" width=\"300\" height=\"177\" srcset=\"https:\/\/agora.xtec.cat\/ies-mollerussa\/wp-content\/uploads\/usu2499\/2021\/06\/historia3-300x177.jpg 300w, https:\/\/agora.xtec.cat\/ies-mollerussa\/wp-content\/uploads\/usu2499\/2021\/06\/historia3.jpg 559w\" sizes=\"auto, (max-width: 300px) 100vw, 300px\" \/><figcaption class=\"wp-caption-text\">Acte inaugural (any 1952)<\/figcaption><\/figure>\n<figure class=\"figure wp-caption aligncenter\"><img loading=\"lazy\" decoding=\"async\" class=\"wp-image-5374 size-medium\" src=\"https:\/\/agora.xtec.cat\/ies-mollerussa\/wp-content\/uploads\/usu2499\/2021\/06\/historia4-300x177.jpg\" alt=\"\" width=\"300\" height=\"177\" srcset=\"https:\/\/agora.xtec.cat\/ies-mollerussa\/wp-content\/uploads\/usu2499\/2021\/06\/historia4-300x177.jpg 300w, https:\/\/agora.xtec.cat\/ies-mollerussa\/wp-content\/uploads\/usu2499\/2021\/06\/historia4.jpg 559w\" sizes=\"auto, (max-width: 300px) 100vw, 300px\" \/><figcaption class=\"wp-caption-text\">Alumnes del curs de capat\u00e0s agr\u00edcola<\/figcaption><\/figure>\n<figure class=\"figure wp-caption aligncenter\"><img loading=\"lazy\" decoding=\"async\" class=\"wp-image-5375 size-medium\" src=\"https:\/\/agora.xtec.cat\/ies-mollerussa\/wp-content\/uploads\/usu2499\/2021\/06\/historia_10-300x226-300x226.jpg\" alt=\"\" width=\"300\" height=\"226\" srcset=\"https:\/\/agora.xtec.cat\/ies-mollerussa\/wp-content\/uploads\/usu2499\/2021\/06\/historia_10-300x226.jpg 300w, https:\/\/agora.xtec.cat\/ies-mollerussa\/wp-content\/uploads\/usu2499\/2021\/06\/historia_10-300x226-200x150.jpg 200w\" sizes=\"auto, (max-width: 300px) 100vw, 300px\" \/><figcaption class=\"wp-caption-text\">Vista a\u00e8ria<\/figcaption><\/figure>\n<p>&nbsp;<\/p>\n<p>La Delegaci\u00f3n Nacional de Sindicatos, veient \u00e0mplies possibilitats i considerant idoni l\u2019empla\u00e7ament de l\u2019escola, va adquirir els terrenys colindants fins a arribar a l\u2019extensi\u00f3 actual de 33 ha.<br \/>\nA l\u2019extinci\u00f3 de La Delegaci\u00f3 Nacional de Sindicatos, l\u2019any 1975 es va traspassar el centre a Presid\u00e8ncia de Govern. Des de 1977 fins a 1983 va passar al Departament de Treball (INEM) i finalment, l\u2019octubre de 1983 va ser transferit al Departament d\u2019Ensenyament de la Generalitat de Catalunya, del qual dep\u00e8n a l\u2019actualitat.<\/p>\n<p>&nbsp;<\/p>\n<figure class=\"figure wp-caption aligncenter\"><img loading=\"lazy\" decoding=\"async\" class=\"wp-image-5377 size-medium\" src=\"https:\/\/agora.xtec.cat\/ies-mollerussa\/wp-content\/uploads\/usu2499\/2021\/06\/historia5-300x177.jpg\" alt=\"\" width=\"300\" height=\"177\" srcset=\"https:\/\/agora.xtec.cat\/ies-mollerussa\/wp-content\/uploads\/usu2499\/2021\/06\/historia5-300x177.jpg 300w, https:\/\/agora.xtec.cat\/ies-mollerussa\/wp-content\/uploads\/usu2499\/2021\/06\/historia5.jpg 559w\" sizes=\"auto, (max-width: 300px) 100vw, 300px\" \/><figcaption class=\"wp-caption-text\">Actes festius (any 1954)<\/figcaption><\/figure>\n<p><img loading=\"lazy\" decoding=\"async\" class=\"wp-image-5378 size-medium aligncenter\" src=\"https:\/\/agora.xtec.cat\/ies-mollerussa\/wp-content\/uploads\/usu2499\/2021\/06\/historia6-300x176-300x176.jpg\" alt=\"\" width=\"300\" height=\"176\" \/> <img loading=\"lazy\" decoding=\"async\" class=\"size-large wp-image-5379 aligncenter\" src=\"https:\/\/agora.xtec.cat\/ies-mollerussa\/wp-content\/uploads\/usu2499\/2021\/06\/historia7-300x176.jpg\" alt=\"\" width=\"300\" height=\"176\" \/> <img loading=\"lazy\" decoding=\"async\" class=\"size-large wp-image-5380 aligncenter\" src=\"https:\/\/agora.xtec.cat\/ies-mollerussa\/wp-content\/uploads\/usu2499\/2021\/06\/historia8-300x176.jpg\" alt=\"\" width=\"300\" height=\"176\" \/><\/p>\n<p><strong>TRAJECT\u00d2RIA EDUCATIVA I PROFESSIONAL DE \u201cL\u2019IES AGR\u00c0RIA L\u2019URGELL\u201d<\/strong><br \/>\nAt\u00e8s que el nostre centre es va crear per a satisfer les necessitats d\u2019agricultors i ramaders de Mollerussa i comarques, les ensenyances que s\u2019hi han impartit i s\u2019hi imparteixen, tenen un marcat car\u00e0cter agropecuari. Justament per aquest fet, s\u2019associa el nostre centre amb l\u2019antic nom de \u201cGranja Escola\u201d tot i que des de 1977 el seu nom oficial va ser IES Agr\u00e0ria l\u2019Urgell.<\/p>\n<p><img loading=\"lazy\" decoding=\"async\" class=\"aligncenter size-medium wp-image-5381\" src=\"https:\/\/agora.xtec.cat\/ies-mollerussa\/wp-content\/uploads\/usu2499\/2021\/06\/historia9-215x300-215x300.jpg\" alt=\"\" width=\"215\" height=\"300\" \/><\/p>\n<p>Certament, l\u2019experi\u00e8ncia en cursos relacionades amb el m\u00f3n de l\u2019agricultura i ramaderia \u00e9s \u00e0mplia i destacable. Els estudis impartits des de la creaci\u00f3 del centre, en aquesta l\u00ednia, s\u00f3n diversos i entre ells podem destacar:<\/p>\n<ul>\n<li>Any 1952.- Es van comen\u00e7ar a impartir els primers cursos monogr\u00e0fics de formaci\u00f3 Professional. Les modalitats ofertades eren les de Tractorista, Maquin\u00e0ria Agr\u00edcola, Plagues del Camp, Fructicultura, Ind\u00fastries L\u00e0cties i Pr\u00e0ctiques Agropecu\u00e0ries per als Batxillers Laborals.<\/li>\n<li>Des de 1957 a 1964: Cursos de Capatassos agr\u00edcoles, per coordinaci\u00f3 entre La Direcci\u00f3n General de Coordinaci\u00f3n, Cr\u00e9dito y Capacitaci\u00f3n Agraria del Ministeri d\u2019Agricultura i la Direcci\u00f3n nacional de la Obra Sindical \u201cColonizaci\u00f3n\u201d.<\/li>\n<li>A partir de 1962.- Cursos de Formaci\u00f3 Professional Intensiva de 3 mesos de durada sobre Avicultura, Ramaderia, Maquin\u00e0ria Agr\u00edcola i Fructicultura. En total es varen realitzar prop de 100 cursos.<\/li>\n<li>Des de 1965 a 1970: Cap d\u2019explotaci\u00f3, per coordinaci\u00f3 entre La Direcci\u00f3n General de Coordinaci\u00f3n, Cr\u00e9dito y Capacitaci\u00f3n Agraria del Ministeri d\u2019Agricultura i la Direcci\u00f3n nacional de la Obra Sindical \u201cColonizaci\u00f3n\u201d.<\/li>\n<li>1973 a 1983.- Cursos de Capatassos ramaders per coordinaci\u00f3 entre La Direcci\u00f3n General de Coordinaci\u00f3n, Cr\u00e9dito y Capacitaci\u00f3n Agraria del Ministeri d\u2019Agricultura i la Direcci\u00f3n nacional de la Obra Sindical \u201cColonizaci\u00f3n\u201d.<\/li>\n<li>1976.- El Ministeri d\u2019Educaci\u00f3 i Ci\u00e8ncia autoritza al nostre centre a impartir la Formaci\u00f3 Professional de la branca Agr\u00e0ria.<br \/>\nL\u2019any 1989 es van comen\u00e7ar els estudis de Batxillerat cient\u00edfic i M\u00f2duls professionals.<\/li>\n<\/ul>\n<p>A partir d\u2019aquest moment, el centre augmenta la seva oferta d\u2019estudis dins de la formaci\u00f3 reglada i el Departament d\u2019Ensenyament decideix crear l\u2019IES La Serra. Aix\u00ed doncs, l\u2019any 1996, l\u2019IES La Serra neix (dins les instal\u00b7lacions de l\u2019IES Agr\u00e0ria l\u2019Urgell) ofertant els Estudis d\u2019ESO i de Batxillerat i perfilant-se com un institut independent del nostre.<\/p>\n<p><strong>Donada la gran varietat d\u2019estudis impartits, l\u2019IES Agr\u00e0ria l\u2019Urgell canvia de nom l\u2019any 2006 per IES Mollerussa<\/strong><\/p>\n<p>Paral\u00b7lelament, l\u2019IES inicia la seva traject\u00f2ria ampliant i diversificant l\u2019oferta formativa, especialitzant-se en els cicles formatius ofertats actualment.<\/p>\n<p>&nbsp;<\/p>\n<p>&nbsp;<\/p>\n<p>&nbsp;<\/p>\n","protected":false},"excerpt":{"rendered":"<p>Inici<br \/>\nL\u2019inici del centre com a instituci\u00f3 educativa es remunta a l\u2019any 1950 quan l\u2019Ajuntament de Mollerussa va cedir a la \u201cDelegaci\u00f3n Nacional de Sindicatos\u201d unes 19 ha de terreny a la partida de \u201cLa Serra\u201d, per a construir-hi una escola dedicada a l\u2019ensenyament agr\u00edcola i&hellip;  <a href=\"https:\/\/agora.xtec.cat\/ies-mollerussa\/campus\/historia\/\" title=\"Read Hist\u00f2ria\">Llegeix m\u00e9s\u00bb<\/a><\/p>\n","protected":false},"author":1,"featured_media":0,"parent":19,"menu_order":20,"comment_status":"closed","ping_status":"closed","template":"page-templates\/side-menu.php","meta":{"_bbp_topic_count":0,"_bbp_reply_count":0,"_bbp_total_topic_count":0,"_bbp_total_reply_count":0,"_bbp_voice_count":0,"_bbp_anonymous_reply_count":0,"_bbp_topic_count_hidden":0,"_bbp_reply_count_hidden":0,"_bbp_forum_subforum_count":0,"footnotes":""},"class_list":["post-27","page","type-page","status-publish","hentry"],"post_mailing_queue_ids":[],"_links":{"self":[{"href":"https:\/\/agora.xtec.cat\/ies-mollerussa\/wp-json\/wp\/v2\/pages\/27","targetHints":{"allow":["GET"]}}],"collection":[{"href":"https:\/\/agora.xtec.cat\/ies-mollerussa\/wp-json\/wp\/v2\/pages"}],"about":[{"href":"https:\/\/agora.xtec.cat\/ies-mollerussa\/wp-json\/wp\/v2\/types\/page"}],"author":[{"embeddable":true,"href":"https:\/\/agora.xtec.cat\/ies-mollerussa\/wp-json\/wp\/v2\/users\/1"}],"replies":[{"embeddable":true,"href":"https:\/\/agora.xtec.cat\/ies-mollerussa\/wp-json\/wp\/v2\/comments?post=27"}],"version-history":[{"count":4,"href":"https:\/\/agora.xtec.cat\/ies-mollerussa\/wp-json\/wp\/v2\/pages\/27\/revisions"}],"predecessor-version":[{"id":5385,"href":"https:\/\/agora.xtec.cat\/ies-mollerussa\/wp-json\/wp\/v2\/pages\/27\/revisions\/5385"}],"up":[{"embeddable":true,"href":"https:\/\/agora.xtec.cat\/ies-mollerussa\/wp-json\/wp\/v2\/pages\/19"}],"wp:attachment":[{"href":"https:\/\/agora.xtec.cat\/ies-mollerussa\/wp-json\/wp\/v2\/media?parent=27"}],"curies":[{"name":"wp","href":"https:\/\/api.w.org\/{rel}","templated":true}]}}

Història

<p><img loading="lazy" decoding="async" class="size-full wp-image-5371 aligncenter" src="https://agora.xtec.cat/ies-mollerussa/wp-content/uploads/usu2499/2021/06/historia1.jpg" alt="" width="618" height="114" srcset="https://agora.xtec.cat/ies-mollerussa/wp-content/uploads/usu2499/2021/06/historia1.jpg 618w, https://agora.xtec.cat/ies-mollerussa/wp-content/uploads/usu2499/2021/06/historia1-300x55.jpg 300w" sizes="auto, (max-width: 618px) 100vw, 618px" /></p>
<p><b>Inici<br />
</b>L’inici del centre com a institució educativa es remunta a l’any 1950 quan l’Ajuntament de Mollerussa va cedir a la “Delegación Nacional de Sindicatos” unes 19 ha de terreny a la partida de “La Serra”, per a construir-hi una escola dedicada a l’ensenyament agrícola i ramader en benefici dels pagesos i ramaders de la zona.</p>
<figure class="figure wp-caption aligncenter"><img loading="lazy" decoding="async" class="wp-image-5372 size-medium" src="https://agora.xtec.cat/ies-mollerussa/wp-content/uploads/usu2499/2021/06/historia2-300x177.jpg" alt="" width="300" height="177" srcset="https://agora.xtec.cat/ies-mollerussa/wp-content/uploads/usu2499/2021/06/historia2-300x177.jpg 300w, https://agora.xtec.cat/ies-mollerussa/wp-content/uploads/usu2499/2021/06/historia2.jpg 559w" sizes="auto, (max-width: 300px) 100vw, 300px" /><figcaption class="wp-caption-text">Obres de construcció (any 1951)</figcaption></figure>
<figure class="figure wp-caption aligncenter"><img loading="lazy" decoding="async" class="wp-image-5373 size-medium" src="https://agora.xtec.cat/ies-mollerussa/wp-content/uploads/usu2499/2021/06/historia3-300x177.jpg" alt="" width="300" height="177" srcset="https://agora.xtec.cat/ies-mollerussa/wp-content/uploads/usu2499/2021/06/historia3-300x177.jpg 300w, https://agora.xtec.cat/ies-mollerussa/wp-content/uploads/usu2499/2021/06/historia3.jpg 559w" sizes="auto, (max-width: 300px) 100vw, 300px" /><figcaption class="wp-caption-text">Acte inaugural (any 1952)</figcaption></figure>
<figure class="figure wp-caption aligncenter"><img loading="lazy" decoding="async" class="wp-image-5374 size-medium" src="https://agora.xtec.cat/ies-mollerussa/wp-content/uploads/usu2499/2021/06/historia4-300x177.jpg" alt="" width="300" height="177" srcset="https://agora.xtec.cat/ies-mollerussa/wp-content/uploads/usu2499/2021/06/historia4-300x177.jpg 300w, https://agora.xtec.cat/ies-mollerussa/wp-content/uploads/usu2499/2021/06/historia4.jpg 559w" sizes="auto, (max-width: 300px) 100vw, 300px" /><figcaption class="wp-caption-text">Alumnes del curs de capatàs agrícola</figcaption></figure>
<figure class="figure wp-caption aligncenter"><img loading="lazy" decoding="async" class="wp-image-5375 size-medium" src="https://agora.xtec.cat/ies-mollerussa/wp-content/uploads/usu2499/2021/06/historia_10-300x226-300x226.jpg" alt="" width="300" height="226" srcset="https://agora.xtec.cat/ies-mollerussa/wp-content/uploads/usu2499/2021/06/historia_10-300x226.jpg 300w, https://agora.xtec.cat/ies-mollerussa/wp-content/uploads/usu2499/2021/06/historia_10-300x226-200x150.jpg 200w" sizes="auto, (max-width: 300px) 100vw, 300px" /><figcaption class="wp-caption-text">Vista aèria</figcaption></figure>
<p>&nbsp;</p>
<p>La Delegación Nacional de Sindicatos, veient àmplies possibilitats i considerant idoni l’emplaçament de l’escola, va adquirir els terrenys colindants fins a arribar a l’extensió actual de 33 ha.<br />
A l’extinció de La Delegació Nacional de Sindicatos, l’any 1975 es va traspassar el centre a Presidència de Govern. Des de 1977 fins a 1983 va passar al Departament de Treball (INEM) i finalment, l’octubre de 1983 va ser transferit al Departament d’Ensenyament de la Generalitat de Catalunya, del qual depèn a l’actualitat.</p>
<p>&nbsp;</p>
<figure class="figure wp-caption aligncenter"><img loading="lazy" decoding="async" class="wp-image-5377 size-medium" src="https://agora.xtec.cat/ies-mollerussa/wp-content/uploads/usu2499/2021/06/historia5-300x177.jpg" alt="" width="300" height="177" srcset="https://agora.xtec.cat/ies-mollerussa/wp-content/uploads/usu2499/2021/06/historia5-300x177.jpg 300w, https://agora.xtec.cat/ies-mollerussa/wp-content/uploads/usu2499/2021/06/historia5.jpg 559w" sizes="auto, (max-width: 300px) 100vw, 300px" /><figcaption class="wp-caption-text">Actes festius (any 1954)</figcaption></figure>
<p><img loading="lazy" decoding="async" class="wp-image-5378 size-medium aligncenter" src="https://agora.xtec.cat/ies-mollerussa/wp-content/uploads/usu2499/2021/06/historia6-300x176-300x176.jpg" alt="" width="300" height="176" /> <img loading="lazy" decoding="async" class="size-large wp-image-5379 aligncenter" src="https://agora.xtec.cat/ies-mollerussa/wp-content/uploads/usu2499/2021/06/historia7-300x176.jpg" alt="" width="300" height="176" /> <img loading="lazy" decoding="async" class="size-large wp-image-5380 aligncenter" src="https://agora.xtec.cat/ies-mollerussa/wp-content/uploads/usu2499/2021/06/historia8-300x176.jpg" alt="" width="300" height="176" /></p>
<p><strong>TRAJECTÒRIA EDUCATIVA I PROFESSIONAL DE “L’IES AGRÀRIA L’URGELL”</strong><br />
Atès que el nostre centre es va crear per a satisfer les necessitats d’agricultors i ramaders de Mollerussa i comarques, les ensenyances que s’hi han impartit i s’hi imparteixen, tenen un marcat caràcter agropecuari. Justament per aquest fet, s’associa el nostre centre amb l’antic nom de “Granja Escola” tot i que des de 1977 el seu nom oficial va ser IES Agrària l’Urgell.</p>
<p><img loading="lazy" decoding="async" class="aligncenter size-medium wp-image-5381" src="https://agora.xtec.cat/ies-mollerussa/wp-content/uploads/usu2499/2021/06/historia9-215x300-215x300.jpg" alt="" width="215" height="300" /></p>
<p>Certament, l’experiència en cursos relacionades amb el món de l’agricultura i ramaderia és àmplia i destacable. Els estudis impartits des de la creació del centre, en aquesta línia, són diversos i entre ells podem destacar:</p>
<ul>
<li>Any 1952.- Es van començar a impartir els primers cursos monogràfics de formació Professional. Les modalitats ofertades eren les de Tractorista, Maquinària Agrícola, Plagues del Camp, Fructicultura, Indústries Làcties i Pràctiques Agropecuàries per als Batxillers Laborals.</li>
<li>Des de 1957 a 1964: Cursos de Capatassos agrícoles, per coordinació entre La Dirección General de Coordinación, Crédito y Capacitación Agraria del Ministeri d’Agricultura i la Dirección nacional de la Obra Sindical “Colonización”.</li>
<li>A partir de 1962.- Cursos de Formació Professional Intensiva de 3 mesos de durada sobre Avicultura, Ramaderia, Maquinària Agrícola i Fructicultura. En total es varen realitzar prop de 100 cursos.</li>
<li>Des de 1965 a 1970: Cap d’explotació, per coordinació entre La Dirección General de Coordinación, Crédito y Capacitación Agraria del Ministeri d’Agricultura i la Dirección nacional de la Obra Sindical “Colonización”.</li>
<li>1973 a 1983.- Cursos de Capatassos ramaders per coordinació entre La Dirección General de Coordinación, Crédito y Capacitación Agraria del Ministeri d’Agricultura i la Dirección nacional de la Obra Sindical “Colonización”.</li>
<li>1976.- El Ministeri d’Educació i Ciència autoritza al nostre centre a impartir la Formació Professional de la branca Agrària.<br />
L’any 1989 es van començar els estudis de Batxillerat científic i Mòduls professionals.</li>
</ul>
<p>A partir d’aquest moment, el centre augmenta la seva oferta d’estudis dins de la formació reglada i el Departament d’Ensenyament decideix crear l’IES La Serra. Així doncs, l’any 1996, l’IES La Serra neix (dins les instal·lacions de l’IES Agrària l’Urgell) ofertant els Estudis d’ESO i de Batxillerat i perfilant-se com un institut independent del nostre.</p>
<p><strong>Donada la gran varietat d’estudis impartits, l’IES Agrària l’Urgell canvia de nom l’any 2006 per IES Mollerussa</strong></p>
<p>Paral·lelament, l’IES inicia la seva trajectòria ampliant i diversificant l’oferta formativa, especialitzant-se en els cicles formatius ofertats actualment.</p>
<p>&nbsp;</p>
<p>&nbsp;</p>
<p>&nbsp;</p>

<p>Inici<br />
L’inici del centre com a institució educativa es remunta a l’any 1950 quan l’Ajuntament de Mollerussa va cedir a la “Delegación Nacional de Sindicatos” unes 19 ha de terreny a la partida de “La Serra”, per a construir-hi una escola dedicada a l’ensenyament agrícola i&hellip;  <a href="https://agora.xtec.cat/ies-mollerussa/campus/historia/" title="Read Història">Llegeix més»</a></p>
