{"id":69,"date":"2014-09-18T10:15:07","date_gmt":"2014-09-18T10:15:07","guid":{"rendered":"http:\/\/agora.xtec.cat\/ies-merce-rodoreda\/?page_id=69"},"modified":"2025-09-08T12:06:24","modified_gmt":"2025-09-08T10:06:24","slug":"menjador-escolar","status":"publish","type":"page","link":"https:\/\/agora.xtec.cat\/ies-merce-rodoreda\/afa\/menjador-escolar\/","title":{"rendered":"Servei de Menjador Escolar"},"content":{"rendered":"<p><a href=\"https:\/\/agora.xtec.cat\/ies-merce-rodoreda\/wp-content\/uploads\/usu644\/2022\/06\/Menjador1.jpeg\"><img loading=\"lazy\" decoding=\"async\" class=\"wp-image-12159 aligncenter\" src=\"https:\/\/agora.xtec.cat\/ies-merce-rodoreda\/wp-content\/uploads\/usu644\/2022\/06\/Menjador1-1024x768.jpeg\" alt=\"\" width=\"557\" height=\"418\" srcset=\"https:\/\/agora.xtec.cat\/ies-merce-rodoreda\/wp-content\/uploads\/usu644\/2022\/06\/Menjador1-1024x768.jpeg 1024w, https:\/\/agora.xtec.cat\/ies-merce-rodoreda\/wp-content\/uploads\/usu644\/2022\/06\/Menjador1-300x225.jpeg 300w, https:\/\/agora.xtec.cat\/ies-merce-rodoreda\/wp-content\/uploads\/usu644\/2022\/06\/Menjador1-768x576.jpeg 768w, https:\/\/agora.xtec.cat\/ies-merce-rodoreda\/wp-content\/uploads\/usu644\/2022\/06\/Menjador1-1536x1152.jpeg 1536w, https:\/\/agora.xtec.cat\/ies-merce-rodoreda\/wp-content\/uploads\/usu644\/2022\/06\/Menjador1-2048x1536.jpeg 2048w, https:\/\/agora.xtec.cat\/ies-merce-rodoreda\/wp-content\/uploads\/usu644\/2022\/06\/Menjador1-200x150.jpeg 200w\" sizes=\"auto, (max-width: 557px) 100vw, 557px\" \/><\/a><\/p>\n<div class=\"entry-content\">\n<p>Des de l&#8217;AFA gestionem el <strong>servei de menjador.<\/strong><\/p>\n<p><strong>Objectius<\/strong><\/p>\n<ul>\n<li>Garantir la correcta alimentaci\u00f3 dels joves<\/li>\n<\/ul>\n<\/div>\n<p><strong>Men\u00fas<\/strong><\/p>\n<table style=\"border-collapse: collapse; width: 100%; height: 646px;\">\n<tbody>\n<tr style=\"height: 550px;\">\n<td style=\"width: 100%; background-color: #cbf7ee; height: 550px;\">Consten d&#8217;un <strong>primer plat, d&#8217;un segon plat, fruita o iogurt, pa i aigua<\/strong>. Els productes que s&#8217;utilitzen al menjador escolar s\u00f3n de<strong> quil\u00f2metre zero<\/strong> i es compren di\u00e0riament per cuinar a la cuina del menjador<a href=\"https:\/\/agora.xtec.cat\/ies-merce-rodoreda\/wp-content\/uploads\/usu644\/2022\/06\/piramide_alimentaria_ca.jpeg\"><img loading=\"lazy\" decoding=\"async\" class=\"wp-image-12201 aligncenter\" src=\"https:\/\/agora.xtec.cat\/ies-merce-rodoreda\/wp-content\/uploads\/usu644\/2022\/06\/piramide_alimentaria_ca.jpeg\" alt=\"\" width=\"545\" height=\"432\" srcset=\"https:\/\/agora.xtec.cat\/ies-merce-rodoreda\/wp-content\/uploads\/usu644\/2022\/06\/piramide_alimentaria_ca.jpeg 722w, https:\/\/agora.xtec.cat\/ies-merce-rodoreda\/wp-content\/uploads\/usu644\/2022\/06\/piramide_alimentaria_ca-300x238.jpeg 300w\" sizes=\"auto, (max-width: 545px) 100vw, 545px\" \/><\/a><\/td>\n<\/tr>\n<tr style=\"height: 96px;\">\n<td style=\"width: 100%; background-color: #f2d0eb; height: 96px;\">\n<p style=\"text-align: center;\"><span style=\"color: #0000ff;\">Podeu consultar el <strong>men\u00fa del mes<\/strong> actual fent click aqu\u00ed: <a style=\"color: #0000ff;\" href=\"https:\/\/agora.xtec.cat\/ies-merce-rodoreda\/tag\/menu-menjador\" target=\"_blank\" rel=\"noopener\">MENUS<\/a><\/span><\/p>\n<p>Els<strong> men\u00fas s&#8217;adapten<\/strong> a qualsevol tipus d&#8217;<strong>al\u00b7l\u00e8rgia, intoler\u00e0ncia, diabetis.<\/strong><\/td>\n<\/tr>\n<\/tbody>\n<\/table>\n<div class=\"entry-content\">\n<p><strong>Horari<\/strong><\/p>\n<ul style=\"list-style-type: disc;\">\n<li>Tots els dies lectius (segons calendari escolar del centre) a partir de les 14:30h<\/li>\n<\/ul>\n<p><strong>Preu curs 25-26:<br \/>\n<\/strong><\/p>\n<ul>\n<li>Assistents fixes: <strong>7,13\u20ac<\/strong> per \u00e0pat<\/li>\n<li>Assistents espor\u00e0dics:\u00a0 <strong>7,85\u20ac<\/strong> per \u00e0pat<\/li>\n<\/ul>\n<p><strong><span style=\"color: #000000;\">Assistents fixes: Inscripcions<br \/>\n<\/span><\/strong><\/p>\n<p style=\"text-align: justify;\"><span style=\"color: #000000;\"><span style=\"text-decoration: underline;\">Tots els assistents fixes han de formalitzar una inscripci\u00f3<\/span>, independentment de si tenen beca concedida o no. <\/span><\/p>\n<p style=\"text-align: justify;\"><span style=\"color: #000000;\">Tant si us inscriviu per primer cop o continueu <\/span>necessitant<span style=\"color: #000000;\">\u00a0del servei al migdia, ens heu de fer arribar la inscripci\u00f3 que trobareu\u00a0<\/span><a href=\"https:\/\/agora.xtec.cat\/ies-merce-rodoreda\/docs\/full-dinscripcio-al-servei-de-menjador\/\" target=\"_blank\" rel=\"noopener\"><strong>aqu\u00ed<\/strong><\/a><strong>,\u00a0<\/strong><span style=\"color: #000000;\">degudament omplerta i signada. Us preguem que ens feu retorn de la mateixa el m\u00e9s aviat possible per a poder fer una bona previsi\u00f3 i atenci\u00f3 del menjador i dels vostres fills\/es. La poden entregar els joves directament al Benjam\u00edn (responsable de la cantina) o ens la podeu enviar escanejada al correu de l&#8217;AFA (<a href=\"mailto:afa@iesmercerodoreda.com\">afa@iesmercerodoreda.com<\/a>).<br \/>\n<\/span><\/p>\n<p style=\"text-align: justify;\">En cas que algun jove presenti intoler\u00e0ncia o al\u00b7l\u00e8rgia aliment\u00e0ria, preguem que informeu degudament a la sol\u00b7licitud per tal d\u2019evitar situacions de risc.<\/p>\n<p style=\"text-align: justify;\">En cas de que el jove no assisteixi al servei un dia,\u00a0<strong>heu d\u2019avisar el dia abans fins a les 15h (<\/strong>el jove pot avisar en persona al Benjam\u00edn o b\u00e9 per correu electr\u00f2nic a l&#8217;adre\u00e7a <strong><a href=\"mailto:cantina@iesmercerodoreda.com\">cantina@iesmercerodoreda.com<\/a>)<\/strong>, en cas contrari, haurem de fer el cobrament del dia, ja que la despesa del dinar ja s\u2019haur\u00e0 fet.<\/p>\n<p>Igualment si el mateix dia decidiu que no es queden per qualsevol motiu, us demanem que aviseu a primera hora del mat\u00ed al mateix correu de la cantina, ja que tot i que el men\u00fa s&#8217;haur\u00e0 de cobrar igualment, al menys no es quedar\u00e0 preparat i desaprofitat.<\/p>\n<\/div>\n<div class=\"entry-content\">\n<p style=\"text-align: justify;\">El cobrament del rebut es fa durant els deu primers dies del mes seg\u00fcent.<\/p>\n<p><strong>Assistents espor\u00e0dics<\/strong><\/p>\n<p style=\"text-align: justify;\">Pels joves que requereixin del servei de manera espor\u00e0dica no han de fer inscripci\u00f3. Hauran d&#8217;avisar al Benjam\u00edn (en persona o b\u00e9 per correu a l&#8217;adre\u00e7a <strong><a href=\"mailto:cantina@iesmercerodoreda.com\">cantina@iesmercerodoreda.com<\/a>)<\/strong> <strong>el mateix dia abans de la hora del pati<\/strong>. El pagament ser\u00e0 en efectiu.<\/p>\n<p><strong>Dubtes<\/strong><\/p>\n<p>Per qualsevol consulta ens podeu escriure a <a href=\"mailto:afa@iesmercerodoreda.com\">afa<span class=\"\">@iesmercerodoreda.com<\/span><\/a>.<\/p>\n<\/div>\n","protected":false},"excerpt":{"rendered":"<p>Des de l&#8217;AFA gestionem el servei de menjador. Objectius Garantir la correcta alimentaci\u00f3 dels joves Men\u00fas Consten d&#8217;un primer plat, [&hellip;]<\/p>\n","protected":false},"author":2,"featured_media":0,"parent":2124,"menu_order":3,"comment_status":"closed","ping_status":"closed","template":"","meta":{"site-sidebar-layout":"default","site-content-layout":"","ast-site-content-layout":"default","site-content-style":"default","site-sidebar-style":"default","ast-global-header-display":"","ast-banner-title-visibility":"","ast-main-header-display":"","ast-hfb-above-header-display":"","ast-hfb-below-header-display":"","ast-hfb-mobile-header-display":"","site-post-title":"","ast-breadcrumbs-content":"","ast-featured-img":"","footer-sml-layout":"","theme-transparent-header-meta":"","adv-header-id-meta":"","stick-header-meta":"","header-above-stick-meta":"","header-main-stick-meta":"","header-below-stick-meta":"","astra-migrate-meta-layouts":"set","ast-page-background-enabled":"default","ast-page-background-meta":{"desktop":{"background-color":"var(--ast-global-color-4)","background-image":"","background-repeat":"repeat","background-position":"center center","background-size":"auto","background-attachment":"scroll","background-type":"","background-media":"","overlay-type":"","overlay-color":"","overlay-opacity":"","overlay-gradient":""},"tablet":{"background-color":"","background-image":"","background-repeat":"repeat","background-position":"center center","background-size":"auto","background-attachment":"scroll","background-type":"","background-media":"","overlay-type":"","overlay-color":"","overlay-opacity":"","overlay-gradient":""},"mobile":{"background-color":"","background-image":"","background-repeat":"repeat","background-position":"center center","background-size":"auto","background-attachment":"scroll","background-type":"","background-media":"","overlay-type":"","overlay-color":"","overlay-opacity":"","overlay-gradient":""}},"ast-content-background-meta":{"desktop":{"background-color":"var(--ast-global-color-5)","background-image":"","background-repeat":"repeat","background-position":"center center","background-size":"auto","background-attachment":"scroll","background-type":"","background-media":"","overlay-type":"","overlay-color":"","overlay-opacity":"","overlay-gradient":""},"tablet":{"background-color":"var(--ast-global-color-5)","background-image":"","background-repeat":"repeat","background-position":"center center","background-size":"auto","background-attachment":"scroll","background-type":"","background-media":"","overlay-type":"","overlay-color":"","overlay-opacity":"","overlay-gradient":""},"mobile":{"background-color":"var(--ast-global-color-5)","background-image":"","background-repeat":"repeat","background-position":"center center","background-size":"auto","background-attachment":"scroll","background-type":"","background-media":"","overlay-type":"","overlay-color":"","overlay-opacity":"","overlay-gradient":""}},"footnotes":""},"class_list":["post-69","page","type-page","status-publish","hentry"],"post_mailing_queue_ids":[],"_links":{"self":[{"href":"https:\/\/agora.xtec.cat\/ies-merce-rodoreda\/wp-json\/wp\/v2\/pages\/69","targetHints":{"allow":["GET"]}}],"collection":[{"href":"https:\/\/agora.xtec.cat\/ies-merce-rodoreda\/wp-json\/wp\/v2\/pages"}],"about":[{"href":"https:\/\/agora.xtec.cat\/ies-merce-rodoreda\/wp-json\/wp\/v2\/types\/page"}],"author":[{"embeddable":true,"href":"https:\/\/agora.xtec.cat\/ies-merce-rodoreda\/wp-json\/wp\/v2\/users\/2"}],"replies":[{"embeddable":true,"href":"https:\/\/agora.xtec.cat\/ies-merce-rodoreda\/wp-json\/wp\/v2\/comments?post=69"}],"version-history":[{"count":6,"href":"https:\/\/agora.xtec.cat\/ies-merce-rodoreda\/wp-json\/wp\/v2\/pages\/69\/revisions"}],"predecessor-version":[{"id":18077,"href":"https:\/\/agora.xtec.cat\/ies-merce-rodoreda\/wp-json\/wp\/v2\/pages\/69\/revisions\/18077"}],"up":[{"embeddable":true,"href":"https:\/\/agora.xtec.cat\/ies-merce-rodoreda\/wp-json\/wp\/v2\/pages\/2124"}],"wp:attachment":[{"href":"https:\/\/agora.xtec.cat\/ies-merce-rodoreda\/wp-json\/wp\/v2\/media?parent=69"}],"curies":[{"name":"wp","href":"https:\/\/api.w.org\/{rel}","templated":true}]}}