{"id":16270,"date":"2024-12-30T17:49:39","date_gmt":"2024-12-30T16:49:39","guid":{"rendered":"https:\/\/agora.xtec.cat\/ies-merce-rodoreda\/?page_id=16270"},"modified":"2024-12-30T22:58:28","modified_gmt":"2024-12-30T21:58:28","slug":"organitzem-la-cursa-del-merce","status":"publish","type":"page","link":"https:\/\/agora.xtec.cat\/ies-merce-rodoreda\/projectes-transversals\/organitzem-la-cursa-del-merce\/","title":{"rendered":"Organitzem la Cursa del Merc\u00e8?"},"content":{"rendered":"\n<p>En els darrers anys, hem constatat un abandonament progressiu de la pr\u00e0ctica d&#8217;activitat f\u00edsico-esportiva fora de l&#8217;\u00e0mbit escolar en la transici\u00f3 de l\u2019etapa de prim\u00e0ria cap a la secund\u00e0ria. L\u2019adolesc\u00e8ncia, etapa crucial per a l\u2019adquisici\u00f3 d\u2019un estil de vida saludable i de valors socials i c\u00edvics, requereix de la pres\u00e8ncia d\u2019un entorn propici pel desenvolupament d\u2019activitats culturals, educatives i esportives que promoguin i assegurin la pr\u00e0ctica d\u2019activitat f\u00edsica a l\u2019entorn local. En aquest context, des de la mat\u00e8ria d\u2019Educaci\u00f3 F\u00edsica de l\u2019Institut Merc\u00e8 Rodoreda de L\u2019Hospitalet de Llobregat, hem dut a terme una situaci\u00f3 d\u2019aprenentatge a 4t d\u2019ESO anomenada: <em>\u201cOrganitzem la Cursa del Merc\u00e8?\u201d<\/em>.<\/p>\n\n\n\n<h2 class=\"wp-block-heading\" style=\"font-size:20px\">Objectius <\/h2>\n\n\n\n<ul class=\"wp-block-list\">\n<li>Promoure l\u2019adquisici\u00f3 d\u2019h\u00e0bits saludables i conductes positives que repercuteixin directament en la construcci\u00f3 d\u2019una ciutadania responsable a L\u2019Hospitalet de Llobregat.&nbsp;<\/li>\n\n\n\n<li>Dinamitzar la xarxa educativa entre les escoles de prim\u00e0ria p\u00fabliques del districte I (barris del Centre, San Feliu i Sant Josep) i l\u2019Institut Merc\u00e8 Rodoreda.<\/li>\n\n\n\n<li>Estendre la metodologia d\u2019Aprenentatge Servei a la comunitat com a agent transformador del barri i de l\u2019entorn social.<\/li>\n\n\n\n<li>Col\u00b7laborar amb els comer\u00e7os de la zona per a generar un impacte econ\u00f2mic positius mitjan\u00e7ant la promoci\u00f3 dels seus serveis i productes.<\/li>\n<\/ul>\n\n\n\n<p>En aquest projecte, cada grup classe ha dissenyat la seva Cursa del Merc\u00e8, distribu\u00efts en cinc grups d\u2019experts als quals hem anomenat comissions:<em> coordinaci\u00f3, administrativa, difusi\u00f3 i m\u00e0rqueting, log\u00edstica i recursos humans i t\u00e8cnica.<\/em> Mitjan\u00e7ant la participaci\u00f3 activa de l\u2019alumnat en el disseny, planificaci\u00f3 i organitzaci\u00f3 de la cursa, fomentem habilitats com la interdepend\u00e8ncia positiva, el di\u00e0leg i la comunicaci\u00f3.<\/p>\n\n\n\n<figure class=\"wp-block-video\"><video autoplay controls src=\"https:\/\/player.instantvideocloud.net\/#\/embed\/2d8f57f9b3\/2c140648-e617-7297-1bd4-d5e0692ca7da\" playsinline><\/video><\/figure>\n","protected":false},"excerpt":{"rendered":"<p>En els darrers anys, hem constatat un abandonament progressiu de la pr\u00e0ctica d&#8217;activitat f\u00edsico-esportiva fora de l&#8217;\u00e0mbit escolar en la [&hellip;]<\/p>\n","protected":false},"author":319,"featured_media":0,"parent":13068,"menu_order":4,"comment_status":"closed","ping_status":"close","template":"","meta":{"site-sidebar-layout":"default","site-content-layout":"","ast-site-content-layout":"default","site-content-style":"default","site-sidebar-style":"default","ast-global-header-display":"","ast-banner-title-visibility":"","ast-main-header-display":"","ast-hfb-above-header-display":"","ast-hfb-below-header-display":"","ast-hfb-mobile-header-display":"","site-post-title":"","ast-breadcrumbs-content":"","ast-featured-img":"","footer-sml-layout":"","theme-transparent-header-meta":"","adv-header-id-meta":"","stick-header-meta":"","header-above-stick-meta":"","header-main-stick-meta":"","header-below-stick-meta":"","astra-migrate-meta-layouts":"set","ast-page-background-enabled":"default","ast-page-background-meta":{"desktop":{"background-color":"var(--ast-global-color-4)","background-image":"","background-repeat":"repeat","background-position":"center center","background-size":"auto","background-attachment":"scroll","background-type":"","background-media":"","overlay-type":"","overlay-color":"","overlay-opacity":"","overlay-gradient":""},"tablet":{"background-color":"","background-image":"","background-repeat":"repeat","background-position":"center center","background-size":"auto","background-attachment":"scroll","background-type":"","background-media":"","overlay-type":"","overlay-color":"","overlay-opacity":"","overlay-gradient":""},"mobile":{"background-color":"","background-image":"","background-repeat":"repeat","background-position":"center center","background-size":"auto","background-attachment":"scroll","background-type":"","background-media":"","overlay-type":"","overlay-color":"","overlay-opacity":"","overlay-gradient":""}},"ast-content-background-meta":{"desktop":{"background-color":"var(--ast-global-color-5)","background-image":"","background-repeat":"repeat","background-position":"center center","background-size":"auto","background-attachment":"scroll","background-type":"","background-media":"","overlay-type":"","overlay-color":"","overlay-opacity":"","overlay-gradient":""},"tablet":{"background-color":"var(--ast-global-color-5)","background-image":"","background-repeat":"repeat","background-position":"center center","background-size":"auto","background-attachment":"scroll","background-type":"","background-media":"","overlay-type":"","overlay-color":"","overlay-opacity":"","overlay-gradient":""},"mobile":{"background-color":"var(--ast-global-color-5)","background-image":"","background-repeat":"repeat","background-position":"center center","background-size":"auto","background-attachment":"scroll","background-type":"","background-media":"","overlay-type":"","overlay-color":"","overlay-opacity":"","overlay-gradient":""}},"footnotes":""},"class_list":["post-16270","page","type-page","status-publish","hentry"],"post_mailing_queue_ids":[],"_links":{"self":[{"href":"https:\/\/agora.xtec.cat\/ies-merce-rodoreda\/wp-json\/wp\/v2\/pages\/16270","targetHints":{"allow":["GET"]}}],"collection":[{"href":"https:\/\/agora.xtec.cat\/ies-merce-rodoreda\/wp-json\/wp\/v2\/pages"}],"about":[{"href":"https:\/\/agora.xtec.cat\/ies-merce-rodoreda\/wp-json\/wp\/v2\/types\/page"}],"author":[{"embeddable":true,"href":"https:\/\/agora.xtec.cat\/ies-merce-rodoreda\/wp-json\/wp\/v2\/users\/319"}],"replies":[{"embeddable":true,"href":"https:\/\/agora.xtec.cat\/ies-merce-rodoreda\/wp-json\/wp\/v2\/comments?post=16270"}],"version-history":[{"count":6,"href":"https:\/\/agora.xtec.cat\/ies-merce-rodoreda\/wp-json\/wp\/v2\/pages\/16270\/revisions"}],"predecessor-version":[{"id":16372,"href":"https:\/\/agora.xtec.cat\/ies-merce-rodoreda\/wp-json\/wp\/v2\/pages\/16270\/revisions\/16372"}],"up":[{"embeddable":true,"href":"https:\/\/agora.xtec.cat\/ies-merce-rodoreda\/wp-json\/wp\/v2\/pages\/13068"}],"wp:attachment":[{"href":"https:\/\/agora.xtec.cat\/ies-merce-rodoreda\/wp-json\/wp\/v2\/media?parent=16270"}],"curies":[{"name":"wp","href":"https:\/\/api.w.org\/{rel}","templated":true}]}}