{"id":1426,"date":"2016-03-13T20:49:14","date_gmt":"2016-03-13T19:49:14","guid":{"rendered":"http:\/\/agora.xtec.cat\/ies-merce-rodoreda\/?page_id=1426"},"modified":"2023-09-08T10:44:42","modified_gmt":"2023-09-08T08:44:42","slug":"assignatures","status":"publish","type":"page","link":"https:\/\/agora.xtec.cat\/ies-merce-rodoreda\/cicles-formatius-medi-ambient\/assignatures\/","title":{"rendered":"L&#8217;antic CFGS Qu\u00edmica Ambiental (assignatures)"},"content":{"rendered":"<p>Aquestes s\u00f3n les assignatures (cr\u00e8dits) que s&#8217;estudien en el cicle formatiu de Qu\u00edmica Ambiental (LOGSE):<\/p>\n<ul>\n<li><strong> <a href=\"http:\/\/www.xtec.cat\/ies-merce-rodoreda\/public\/cicle\/arxius\/1555c01.htm\" target=\"_blank\" rel=\"noopener noreferrer\">Cr\u00e8dit 1. Organitzaci\u00f3 i gesti\u00f3 de la protecci\u00f3 ambiental<\/a><\/strong> (90 h)<\/li>\n<li><strong> <a href=\"http:\/\/www.xtec.cat\/ies-merce-rodoreda\/public\/cicle\/arxius\/1555c02.htm\" target=\"_blank\" rel=\"noopener noreferrer\">Cr\u00e8dit 2. Control d&#8217;emissions a l&#8217;atmosfera<\/a><\/strong>\u00a0 (120 h)<\/li>\n<li><strong> <a href=\"http:\/\/www.xtec.cat\/ies-merce-rodoreda\/public\/cicle\/arxius\/1555c03.htm\">Cr\u00e8dit 3. Control de residus<\/a><\/strong> (90 h)<\/li>\n<li><strong> <a href=\"http:\/\/www.xtec.cat\/ies-merce-rodoreda\/public\/cicle\/arxius\/1555c04.htm\">Cr\u00e8dit 4. T\u00e8cniques d&#8217;an\u00e0lisi fisicoqu\u00edmiques, qu\u00edmiques i microbi\u00f2logiques d&#8217;aig\u00fces<\/a><\/strong> (210 h)<\/li>\n<li><strong> <a href=\"http:\/\/www.xtec.cat\/ies-merce-rodoreda\/public\/cicle\/arxius\/1555c05.htm\" target=\"_blank\" rel=\"noopener noreferrer\">Cr\u00e8dit 5. Estacions depuradores d&#8217;aig\u00fces residuals<\/a><\/strong> (90 h)<\/li>\n<li><strong> <a href=\"http:\/\/www.xtec.cat\/ies-merce-rodoreda\/public\/cicle\/arxius\/1555c06.htm\" target=\"_blank\" rel=\"noopener noreferrer\">Cr\u00e8dit 6. Seguretat qu\u00edmica i higiene industrial<\/a><\/strong> (90 h)<\/li>\n<li><strong> <a href=\"http:\/\/www.xtec.cat\/ies-merce-rodoreda\/public\/cicle\/arxius\/1555c07.htm\" target=\"_blank\" rel=\"noopener noreferrer\">Cr\u00e8dit 7. Relacions en l&#8217;\u00e0mbit de treball<\/a><\/strong> (60 h)<\/li>\n<li><strong> <a href=\"http:\/\/www.xtec.cat\/ies-merce-rodoreda\/public\/cicle\/arxius\/1555c08.htm\" target=\"_blank\" rel=\"noopener noreferrer\">Cr\u00e8dit 8. Formaci\u00f3 i orientaci\u00f3 laboral<\/a><\/strong> (60 h)<\/li>\n<li><strong> <a href=\"http:\/\/agora.xtec.cat\/ies-merce-rodoreda\/cicle-formatiu-de-quimica-ambiental\/practiques-en-empreses-fct\/\" target=\"_blank\" rel=\"noopener noreferrer\">Cr\u00e8dit 9. Formaci\u00f3 en centres de treball <\/a><\/strong>(440 h) [Corresponen a pr\u00e0ctiques en empreses]<\/li>\n<li><strong> <a href=\"http:\/\/www.xtec.cat\/ies-merce-rodoreda\/public\/cicle\/arxius\/1555c10.htm\" target=\"_blank\" rel=\"noopener noreferrer\">Cr\u00e8dit 10. S\u00edntesi <\/a><\/strong>(60 h)<\/li>\n<li><strong>Cr\u00e8dit complementari: Operacions B\u00e0siques de Laboratori i Eines Inform\u00e0tiques<\/strong> (90 h)<\/li>\n<\/ul>\n<p>Desc\u00e0rrega: <strong><a href=\"https:\/\/agora.xtec.cat\/ies-merce-rodoreda\/docs\/criteris-davaluacio-cicle-formatiu-quimica-ambiental\/\" target=\"_blank\" rel=\"noopener noreferrer\">Criteris d&#8217;avaluaci\u00f3 i recuperaci\u00f3 dels cr\u00e8dits.<\/a><\/strong><\/p>\n<p>&nbsp;<\/p>\n","protected":false},"excerpt":{"rendered":"<p>Aquestes s\u00f3n les assignatures (cr\u00e8dits) que s&#8217;estudien en el cicle formatiu de Qu\u00edmica Ambiental (LOGSE): Cr\u00e8dit 1. Organitzaci\u00f3 i gesti\u00f3 [&hellip;]<\/p>\n","protected":false},"author":1,"featured_media":0,"parent":1377,"menu_order":0,"comment_status":"closed","ping_status":"closed","template":"","meta":{"site-sidebar-layout":"default","site-content-layout":"","ast-site-content-layout":"","site-content-style":"default","site-sidebar-style":"default","ast-global-header-display":"","ast-banner-title-visibility":"","ast-main-header-display":"","ast-hfb-above-header-display":"","ast-hfb-below-header-display":"","ast-hfb-mobile-header-display":"","site-post-title":"","ast-breadcrumbs-content":"","ast-featured-img":"","footer-sml-layout":"","theme-transparent-header-meta":"","adv-header-id-meta":"","stick-header-meta":"","header-above-stick-meta":"","header-main-stick-meta":"","header-below-stick-meta":"","astra-migrate-meta-layouts":"default","ast-page-background-enabled":"default","ast-page-background-meta":{"desktop":{"background-color":"var(--ast-global-color-4)","background-image":"","background-repeat":"repeat","background-position":"center center","background-size":"auto","background-attachment":"scroll","background-type":"","background-media":"","overlay-type":"","overlay-color":"","overlay-opacity":"","overlay-gradient":""},"tablet":{"background-color":"","background-image":"","background-repeat":"repeat","background-position":"center center","background-size":"auto","background-attachment":"scroll","background-type":"","background-media":"","overlay-type":"","overlay-color":"","overlay-opacity":"","overlay-gradient":""},"mobile":{"background-color":"","background-image":"","background-repeat":"repeat","background-position":"center center","background-size":"auto","background-attachment":"scroll","background-type":"","background-media":"","overlay-type":"","overlay-color":"","overlay-opacity":"","overlay-gradient":""}},"ast-content-background-meta":{"desktop":{"background-color":"var(--ast-global-color-5)","background-image":"","background-repeat":"repeat","background-position":"center center","background-size":"auto","background-attachment":"scroll","background-type":"","background-media":"","overlay-type":"","overlay-color":"","overlay-opacity":"","overlay-gradient":""},"tablet":{"background-color":"var(--ast-global-color-5)","background-image":"","background-repeat":"repeat","background-position":"center center","background-size":"auto","background-attachment":"scroll","background-type":"","background-media":"","overlay-type":"","overlay-color":"","overlay-opacity":"","overlay-gradient":""},"mobile":{"background-color":"var(--ast-global-color-5)","background-image":"","background-repeat":"repeat","background-position":"center center","background-size":"auto","background-attachment":"scroll","background-type":"","background-media":"","overlay-type":"","overlay-color":"","overlay-opacity":"","overlay-gradient":""}},"footnotes":""},"class_list":["post-1426","page","type-page","status-publish","hentry"],"post_mailing_queue_ids":[],"_links":{"self":[{"href":"https:\/\/agora.xtec.cat\/ies-merce-rodoreda\/wp-json\/wp\/v2\/pages\/1426","targetHints":{"allow":["GET"]}}],"collection":[{"href":"https:\/\/agora.xtec.cat\/ies-merce-rodoreda\/wp-json\/wp\/v2\/pages"}],"about":[{"href":"https:\/\/agora.xtec.cat\/ies-merce-rodoreda\/wp-json\/wp\/v2\/types\/page"}],"author":[{"embeddable":true,"href":"https:\/\/agora.xtec.cat\/ies-merce-rodoreda\/wp-json\/wp\/v2\/users\/1"}],"replies":[{"embeddable":true,"href":"https:\/\/agora.xtec.cat\/ies-merce-rodoreda\/wp-json\/wp\/v2\/comments?post=1426"}],"version-history":[{"count":3,"href":"https:\/\/agora.xtec.cat\/ies-merce-rodoreda\/wp-json\/wp\/v2\/pages\/1426\/revisions"}],"predecessor-version":[{"id":14463,"href":"https:\/\/agora.xtec.cat\/ies-merce-rodoreda\/wp-json\/wp\/v2\/pages\/1426\/revisions\/14463"}],"up":[{"embeddable":true,"href":"https:\/\/agora.xtec.cat\/ies-merce-rodoreda\/wp-json\/wp\/v2\/pages\/1377"}],"wp:attachment":[{"href":"https:\/\/agora.xtec.cat\/ies-merce-rodoreda\/wp-json\/wp\/v2\/media?parent=1426"}],"curies":[{"name":"wp","href":"https:\/\/api.w.org\/{rel}","templated":true}]}}