{"id":13083,"date":"2023-02-01T12:29:29","date_gmt":"2023-02-01T11:29:29","guid":{"rendered":"https:\/\/agora.xtec.cat\/ies-merce-rodoreda\/?page_id=13083"},"modified":"2023-03-30T18:05:49","modified_gmt":"2023-03-30T16:05:49","slug":"edicio-2023","status":"publish","type":"page","link":"https:\/\/agora.xtec.cat\/ies-merce-rodoreda\/projectes-transversals\/3-eso-merces-i-accio\/edicio-2023\/","title":{"rendered":"Edici\u00f3 2023"},"content":{"rendered":"<p style=\"font-weight: 400; text-align: center;\"><strong>NOMINATS ALS PREMIS 2023<\/strong><\/p>\n<p style=\"font-weight: 400;\">\u00a0<strong>MILLOR RELAT<\/strong><\/p>\n<p style=\"font-weight: 400;\">1.- Paula Alc\u00edvar, Karem Julye C\u00e1rdenas, Walid Sahli, Shaheer Meer, Omar Zelaya i V\u00edctor Uri\u00f1a.<\/p>\n<p><span style=\"font-weight: 400;\">2.- \u00c9rick P\u00e9rez, \u00c9rick Ram\u00edrez, Sergi Mejuto, Marc Sanch\u00eds, Pau Garc\u00eda, Brandon Peredo i Ulisses <\/span><span style=\"font-weight: 400;\">Permis\u00e1n.<\/span><\/p>\n<p><span style=\"font-weight: 400;\">3.- Desiree Alvarado, Neus Barba, Raquel Andrade i J\u00falia Gim\u00e9nez.<\/span><\/p>\n<p><span style=\"font-weight: 400;\">4.- Kiyomi Gondra, \u00c1lex Cayla, Joel Chuva, Mat\u00edas Fuentes i Isamar Aray.<\/span><\/p>\n<p><strong>MILLOR GUI\u00d3 LITERARI<\/strong><\/p>\n<p>1.- SUAUMENT:\u00a0Neus Barba, Desir\u00e9e Alvarado, Raquel Andrade, J\u00falia Gim\u00e9nez i Adri\u00e0n Rayo.<\/p>\n<p>2.- RUTINES: Yoel Gonzalez, Josep Machado, Lionel Lamy, Axel Moreno i Pau Cabero.<\/p>\n<p>3.- UNA MORT EQUIVOCADA: Daniel Moreno, Amine Kamel, Miguel Cai, Nicole Lozano i Guillem Vera.<\/p>\n<p>4.- CASUALITATS: Pau Garcia, Sergi Mejuto, Brandon Peredo, \u00c9ric P\u00e9rez, Ulisses Permis\u00e1n, \u00c9ric Ram\u00edrez i Marc Sanch\u00eds.<\/p>\n<p style=\"font-weight: 400;\"><strong>MILLOR GUI\u00d3 T\u00c8CNIC<\/strong><\/p>\n<p style=\"font-weight: 400;\">1.- RUTINES: Yoel gonzalez, Josep Machado, Lionel Lamy, \u00c0xel Moreno i Pau Cabero.<\/p>\n<p><span style=\"font-weight: 400;\">2.- CASUALITATS: <\/span><span style=\"font-weight: 400;\">\u00c9rick P\u00e9rez, \u00c9rick Ram\u00edrez, Sergi Mejuto, Marc Sanch\u00eds, Pau Garc\u00eda, Brandon Peredo i Ulisses <\/span><span style=\"font-weight: 400;\">Permis\u00e1n.<\/span><\/p>\n<p>3.- EL ROBATORI<span style=\"font-weight: 400;\">: <\/span><span style=\"font-weight: 400;\">Aina Gom\u00e0, Isaac Guerrero, Ainhoa Arribas, David Nicol\u00e1s, Sheila Arnau i Victor Azlor.<\/span><\/p>\n<p><span style=\"font-weight: 400;\">4.-\u00a0<\/span><span style=\"font-weight: 400;\">Dani Su\u00e1rez, Xavi Vera, H\u00e9ctor Hidalgo i \u00c0lex Lozano.<\/span><\/p>\n","protected":false},"excerpt":{"rendered":"<p>NOMINATS ALS PREMIS 2023 \u00a0MILLOR RELAT 1.- Paula Alc\u00edvar, Karem Julye C\u00e1rdenas, Walid Sahli, Shaheer Meer, Omar Zelaya i V\u00edctor [&hellip;]<\/p>\n","protected":false},"author":316,"featured_media":0,"parent":13070,"menu_order":0,"comment_status":"closed","ping_status":"closed","template":"","meta":{"site-sidebar-layout":"default","site-content-layout":"","ast-site-content-layout":"","site-content-style":"default","site-sidebar-style":"default","ast-global-header-display":"","ast-banner-title-visibility":"","ast-main-header-display":"","ast-hfb-above-header-display":"","ast-hfb-below-header-display":"","ast-hfb-mobile-header-display":"","site-post-title":"","ast-breadcrumbs-content":"","ast-featured-img":"","footer-sml-layout":"","theme-transparent-header-meta":"","adv-header-id-meta":"","stick-header-meta":"","header-above-stick-meta":"","header-main-stick-meta":"","header-below-stick-meta":"","astra-migrate-meta-layouts":"default","ast-page-background-enabled":"default","ast-page-background-meta":{"desktop":{"background-color":"var(--ast-global-color-4)","background-image":"","background-repeat":"repeat","background-position":"center center","background-size":"auto","background-attachment":"scroll","background-type":"","background-media":"","overlay-type":"","overlay-color":"","overlay-opacity":"","overlay-gradient":""},"tablet":{"background-color":"","background-image":"","background-repeat":"repeat","background-position":"center center","background-size":"auto","background-attachment":"scroll","background-type":"","background-media":"","overlay-type":"","overlay-color":"","overlay-opacity":"","overlay-gradient":""},"mobile":{"background-color":"","background-image":"","background-repeat":"repeat","background-position":"center center","background-size":"auto","background-attachment":"scroll","background-type":"","background-media":"","overlay-type":"","overlay-color":"","overlay-opacity":"","overlay-gradient":""}},"ast-content-background-meta":{"desktop":{"background-color":"var(--ast-global-color-5)","background-image":"","background-repeat":"repeat","background-position":"center center","background-size":"auto","background-attachment":"scroll","background-type":"","background-media":"","overlay-type":"","overlay-color":"","overlay-opacity":"","overlay-gradient":""},"tablet":{"background-color":"var(--ast-global-color-5)","background-image":"","background-repeat":"repeat","background-position":"center center","background-size":"auto","background-attachment":"scroll","background-type":"","background-media":"","overlay-type":"","overlay-color":"","overlay-opacity":"","overlay-gradient":""},"mobile":{"background-color":"var(--ast-global-color-5)","background-image":"","background-repeat":"repeat","background-position":"center center","background-size":"auto","background-attachment":"scroll","background-type":"","background-media":"","overlay-type":"","overlay-color":"","overlay-opacity":"","overlay-gradient":""}},"footnotes":""},"class_list":["post-13083","page","type-page","status-publish","hentry"],"post_mailing_queue_ids":[],"_links":{"self":[{"href":"https:\/\/agora.xtec.cat\/ies-merce-rodoreda\/wp-json\/wp\/v2\/pages\/13083","targetHints":{"allow":["GET"]}}],"collection":[{"href":"https:\/\/agora.xtec.cat\/ies-merce-rodoreda\/wp-json\/wp\/v2\/pages"}],"about":[{"href":"https:\/\/agora.xtec.cat\/ies-merce-rodoreda\/wp-json\/wp\/v2\/types\/page"}],"author":[{"embeddable":true,"href":"https:\/\/agora.xtec.cat\/ies-merce-rodoreda\/wp-json\/wp\/v2\/users\/316"}],"replies":[{"embeddable":true,"href":"https:\/\/agora.xtec.cat\/ies-merce-rodoreda\/wp-json\/wp\/v2\/comments?post=13083"}],"version-history":[{"count":3,"href":"https:\/\/agora.xtec.cat\/ies-merce-rodoreda\/wp-json\/wp\/v2\/pages\/13083\/revisions"}],"predecessor-version":[{"id":13461,"href":"https:\/\/agora.xtec.cat\/ies-merce-rodoreda\/wp-json\/wp\/v2\/pages\/13083\/revisions\/13461"}],"up":[{"embeddable":true,"href":"https:\/\/agora.xtec.cat\/ies-merce-rodoreda\/wp-json\/wp\/v2\/pages\/13070"}],"wp:attachment":[{"href":"https:\/\/agora.xtec.cat\/ies-merce-rodoreda\/wp-json\/wp\/v2\/media?parent=13083"}],"curies":[{"name":"wp","href":"https:\/\/api.w.org\/{rel}","templated":true}]}}