{"id":525,"date":"2017-11-08T20:59:34","date_gmt":"2017-11-08T19:59:34","guid":{"rendered":"http:\/\/agora.xtec.cat\/ies-mediterrania-castelldefels\/?page_id=525"},"modified":"2026-02-02T09:35:56","modified_gmt":"2026-02-02T08:35:56","slug":"horari-secretaria","status":"publish","type":"page","link":"https:\/\/agora.xtec.cat\/ies-mediterrania-castelldefels\/secretaria\/horari-secretaria\/","title":{"rendered":"Horari secretaria"},"content":{"rendered":"\n<p>L&#8217;horari de secretaria, tant presencial com telef\u00f2nic, \u00e9s el seg\u00fcent:<\/p>\n\n\n\n<p class=\"has-medium-font-size\">Horari durant el curs (del 8 de setembre de 2025 al 20 de juny de 2026):<\/p>\n\n\n\n<figure class=\"wp-block-table\"><table class=\"has-fixed-layout\"><tbody><tr><td><strong>Dilluns<\/strong><\/td><td><strong>Dimarts<\/strong><\/td><td><strong>Dimecres<\/strong><\/td><td><strong>Dijous<\/strong><\/td><td><strong>Divendres<\/strong><\/td><\/tr><tr><td>9:00 &#8211; 13:00<\/td><td>9:00 &#8211; 13:00<\/td><td>9:00 &#8211; 13:00<\/td><td>9:00 &#8211; 13:00<\/td><td>9:00 &#8211; 13:00<\/td><\/tr><tr><td>15:30 &#8211; 18:30<\/td><td>15:30 &#8211; 18:30<\/td><td>15:30 &#8211; 18:30<\/td><td>&#8212;<\/td><td>&#8212;<\/td><\/tr><\/tbody><\/table><\/figure>\n\n\n\n<p class=\"has-medium-font-size\">Horari d&#8217;estiu (de l&#8217;1 al 5 de setembre de 2025 i del 22 de juny al 25 de juliol de 2026):<\/p>\n\n\n\n<figure class=\"wp-block-table\"><table class=\"has-fixed-layout\"><tbody><tr><td><strong>Dilluns<\/strong><\/td><td><strong>Dimarts<\/strong><\/td><td><strong>Dimecres<\/strong><\/td><td><strong>Dijous<\/strong><\/td><td><strong>Divendres<\/strong><\/td><\/tr><tr><td>9:00 &#8211; 13:00<\/td><td>9:00 &#8211; 13:00<\/td><td>9:00 &#8211; 13:00<\/td><td>9:00 &#8211; 13:00<\/td><td>9:00 &#8211; 13:00<\/td><\/tr><\/tbody><\/table><\/figure>\n\n\n\n<p class=\"has-medium-font-size\">A l&#8217;agost el centre roman tancat<\/p>\n\n\n\n<p><strong>Tel\u00e8fon:<\/strong> 93 664 16 91<br><strong>Correu electr\u00f2nic:<\/strong> s<span class=\"\">ecretaria@ins-mediterrania.cat<\/span><\/p>\n","protected":false},"excerpt":{"rendered":"<p>L&#8217;horari de secretaria, tant presencial com telef\u00f2nic, \u00e9s el seg\u00fcent: Horari durant el curs (del 8 de setembre de 2025 al 20 de juny de 2026): Dilluns Dimarts Dimecres Dijous Divendres 9:00 &#8211; 13:00 9:00 &#8211; 13:00 9:00 &#8211; 13:00 9:00 &#8211; 13:00 9:00 &#8211; 13:00 15:30 &#8211; 18:30 15:30 &#8211; 18:30 15:30 &#8211; 18:30 [&hellip;]<\/p>\n","protected":false},"author":1,"featured_media":0,"parent":81,"menu_order":10,"comment_status":"closed","ping_status":"closed","template":"","meta":{"_bbp_topic_count":0,"_bbp_reply_count":0,"_bbp_total_topic_count":0,"_bbp_total_reply_count":0,"_bbp_voice_count":0,"_bbp_anonymous_reply_count":0,"_bbp_topic_count_hidden":0,"_bbp_reply_count_hidden":0,"_bbp_forum_subforum_count":0,"site-sidebar-layout":"default","site-content-layout":"","ast-site-content-layout":"default","site-content-style":"default","site-sidebar-style":"default","ast-global-header-display":"","ast-banner-title-visibility":"","ast-main-header-display":"","ast-hfb-above-header-display":"","ast-hfb-below-header-display":"","ast-hfb-mobile-header-display":"","site-post-title":"","ast-breadcrumbs-content":"","ast-featured-img":"","footer-sml-layout":"","theme-transparent-header-meta":"","adv-header-id-meta":"","stick-header-meta":"","header-above-stick-meta":"","header-main-stick-meta":"","header-below-stick-meta":"","astra-migrate-meta-layouts":"set","ast-page-background-enabled":"default","ast-page-background-meta":{"desktop":{"background-color":"var(--ast-global-color-4)","background-image":"","background-repeat":"repeat","background-position":"center center","background-size":"auto","background-attachment":"scroll","background-type":"","background-media":"","overlay-type":"","overlay-color":"","overlay-opacity":"","overlay-gradient":""},"tablet":{"background-color":"","background-image":"","background-repeat":"repeat","background-position":"center center","background-size":"auto","background-attachment":"scroll","background-type":"","background-media":"","overlay-type":"","overlay-color":"","overlay-opacity":"","overlay-gradient":""},"mobile":{"background-color":"","background-image":"","background-repeat":"repeat","background-position":"center center","background-size":"auto","background-attachment":"scroll","background-type":"","background-media":"","overlay-type":"","overlay-color":"","overlay-opacity":"","overlay-gradient":""}},"ast-content-background-meta":{"desktop":{"background-color":"var(--ast-global-color-5)","background-image":"","background-repeat":"repeat","background-position":"center center","background-size":"auto","background-attachment":"scroll","background-type":"","background-media":"","overlay-type":"","overlay-color":"","overlay-opacity":"","overlay-gradient":""},"tablet":{"background-color":"var(--ast-global-color-5)","background-image":"","background-repeat":"repeat","background-position":"center center","background-size":"auto","background-attachment":"scroll","background-type":"","background-media":"","overlay-type":"","overlay-color":"","overlay-opacity":"","overlay-gradient":""},"mobile":{"background-color":"var(--ast-global-color-5)","background-image":"","background-repeat":"repeat","background-position":"center center","background-size":"auto","background-attachment":"scroll","background-type":"","background-media":"","overlay-type":"","overlay-color":"","overlay-opacity":"","overlay-gradient":""}},"footnotes":""},"class_list":["post-525","page","type-page","status-publish","hentry"],"post_mailing_queue_ids":[],"_links":{"self":[{"href":"https:\/\/agora.xtec.cat\/ies-mediterrania-castelldefels\/wp-json\/wp\/v2\/pages\/525","targetHints":{"allow":["GET"]}}],"collection":[{"href":"https:\/\/agora.xtec.cat\/ies-mediterrania-castelldefels\/wp-json\/wp\/v2\/pages"}],"about":[{"href":"https:\/\/agora.xtec.cat\/ies-mediterrania-castelldefels\/wp-json\/wp\/v2\/types\/page"}],"author":[{"embeddable":true,"href":"https:\/\/agora.xtec.cat\/ies-mediterrania-castelldefels\/wp-json\/wp\/v2\/users\/1"}],"replies":[{"embeddable":true,"href":"https:\/\/agora.xtec.cat\/ies-mediterrania-castelldefels\/wp-json\/wp\/v2\/comments?post=525"}],"version-history":[{"count":6,"href":"https:\/\/agora.xtec.cat\/ies-mediterrania-castelldefels\/wp-json\/wp\/v2\/pages\/525\/revisions"}],"predecessor-version":[{"id":12912,"href":"https:\/\/agora.xtec.cat\/ies-mediterrania-castelldefels\/wp-json\/wp\/v2\/pages\/525\/revisions\/12912"}],"up":[{"embeddable":true,"href":"https:\/\/agora.xtec.cat\/ies-mediterrania-castelldefels\/wp-json\/wp\/v2\/pages\/81"}],"wp:attachment":[{"href":"https:\/\/agora.xtec.cat\/ies-mediterrania-castelldefels\/wp-json\/wp\/v2\/media?parent=525"}],"curies":[{"name":"wp","href":"https:\/\/api.w.org\/{rel}","templated":true}]}}

<p>L&#8217;horari de secretaria, tant presencial com telefònic, és el següent:</p>



<p class="has-medium-font-size">Horari durant el curs (del 8 de setembre de 2025 al 20 de juny de 2026):</p>



<figure class="wp-block-table"><table class="has-fixed-layout"><tbody><tr><td><strong>Dilluns</strong></td><td><strong>Dimarts</strong></td><td><strong>Dimecres</strong></td><td><strong>Dijous</strong></td><td><strong>Divendres</strong></td></tr><tr><td>9:00 &#8211; 13:00</td><td>9:00 &#8211; 13:00</td><td>9:00 &#8211; 13:00</td><td>9:00 &#8211; 13:00</td><td>9:00 &#8211; 13:00</td></tr><tr><td>15:30 &#8211; 18:30</td><td>15:30 &#8211; 18:30</td><td>15:30 &#8211; 18:30</td><td>&#8212;</td><td>&#8212;</td></tr></tbody></table></figure>



<p class="has-medium-font-size">Horari d&#8217;estiu (de l&#8217;1 al 5 de setembre de 2025 i del 22 de juny al 25 de juliol de 2026):</p>



<figure class="wp-block-table"><table class="has-fixed-layout"><tbody><tr><td><strong>Dilluns</strong></td><td><strong>Dimarts</strong></td><td><strong>Dimecres</strong></td><td><strong>Dijous</strong></td><td><strong>Divendres</strong></td></tr><tr><td>9:00 &#8211; 13:00</td><td>9:00 &#8211; 13:00</td><td>9:00 &#8211; 13:00</td><td>9:00 &#8211; 13:00</td><td>9:00 &#8211; 13:00</td></tr></tbody></table></figure>



<p class="has-medium-font-size">A l&#8217;agost el centre roman tancat</p>



<p><strong>Telèfon:</strong> 93 664 16 91<br><strong>Correu electrònic:</strong> s<span class="">ecretaria@ins-mediterrania.cat</span></p>

<p>L&#8217;horari de secretaria, tant presencial com telefònic, és el següent: Horari durant el curs (del 8 de setembre de 2025 al 20 de juny de 2026): Dilluns Dimarts Dimecres Dijous Divendres 9:00 &#8211; 13:00 9:00 &#8211; 13:00 9:00 &#8211; 13:00 9:00 &#8211; 13:00 9:00 &#8211; 13:00 15:30 &#8211; 18:30 15:30 &#8211; 18:30 15:30 &#8211; 18:30 [&hellip;]</p>
