{"id":21,"date":"2014-09-17T16:14:14","date_gmt":"2014-09-17T16:14:14","guid":{"rendered":"http:\/\/agora.xtec.cat\/ies-mediterrania-castelldefels\/?page_id=21"},"modified":"2026-01-26T19:23:45","modified_gmt":"2026-01-26T18:23:45","slug":"on-som","status":"publish","type":"page","link":"https:\/\/agora.xtec.cat\/ies-mediterrania-castelldefels\/linstitut\/on-som\/","title":{"rendered":"Dades del centre"},"content":{"rendered":"\n<p class=\"has-medium-font-size\"><strong>ADRE\u00c7A<\/strong><\/p>\n\n\n\n<p><strong>Institut&nbsp;Mediterr\u00e0nia<\/strong><br>Ctra. de la Sentiu,&nbsp;2<br>08860&nbsp;Castelldefels<\/p>\n\n\n\n<p><iframe loading=\"lazy\" src=\"https:\/\/www.google.com\/maps\/embed?pb=!1m18!1m12!1m3!1d2997.9747632789826!2d1.9713111156535152!3d41.287653710134514!2m3!1f0!2f0!3f0!3m2!1i1024!2i768!4f13.1!3m3!1m2!1s0x12a482c726bd1e5b%3A0x5ef556e5b4197908!2sInstitut+Mediterr%C3%A0nia!5e0!3m2!1ses!2ses!4v1480624115521\" width=\"600\" height=\"450\" frameborder=\"0\"><\/iframe><\/p>\n\n\n\n<div style=\"height:30px\" aria-hidden=\"true\" class=\"wp-block-spacer\"><\/div>\n\n\n\n<p class=\"has-medium-font-size\"><strong>COM ARRIBAR-HI<\/strong><\/p>\n\n\n\n<ul class=\"wp-block-list\">\n<li>En tren: Rodalies Barcelona. Parada Castelldefels     <a href=\"http:\/\/rodalies.gencat.cat\/web\/.content\/pdf\/horaris\/R2.pdf\" target=\"_blank\" rel=\"noopener noreferrer\">Horaris tren<\/a><\/li>\n\n\n\n<li>En bus: L\u00ednies CF1. Parada Pl. del Castell <a href=\"https:\/\/moovitapp.com\/index\/es\/transporte_p%C3%BAblico-line-CF1-Barcelona-362-10711-545077-0\" target=\"_blank\" rel=\"noopener noreferrer\">Horaris bus<\/a><\/li>\n<\/ul>\n\n\n\n<div style=\"height:30px\" aria-hidden=\"true\" class=\"wp-block-spacer\"><\/div>\n\n\n\n<p class=\"has-medium-font-size\"><strong>DADES IDENTIFICATIVES I DE COMUNICACI\u00d3&nbsp;<\/strong><\/p>\n\n\n\n<p class=\"has-text-align-left\"><strong>Denominaci\u00f3:<\/strong>&nbsp;&nbsp;&nbsp;Institut Mediterr\u00e0nia<br><strong>Adre\u00e7a:<\/strong>&nbsp;&nbsp; Ctra. de la Sentiu 2<br><span style=\"color: #ffffff;\">00000000<\/span>08860 Castelldefels<br><strong>Tel\u00e8fon:<\/strong>&nbsp;&nbsp;&nbsp;93 664 16 91<br><strong>Fax:<\/strong>&nbsp;&nbsp; 93 664 21 98<br><strong>M\u00f2bil:<\/strong>&nbsp;&nbsp; 692 87 08 64 (pernoctacions)<br><strong>Correu electr\u00f2nic:<\/strong>&nbsp;&nbsp; a8047480@xtec.cat<br><strong>Web \/ Intranet:<\/strong>&nbsp;&nbsp; <a href=\"http:\/\/www.ins-mediterrania.cat\/\">http:\/\/www.ins-mediterrania.cat<\/a><br><strong>Facebook:<\/strong>&nbsp;&nbsp; <a href=\"http:\/\/www.facebook.com\/InstitutMediterrania\">www.facebook.com\/InstitutMediterrania<\/a><br><strong>Twitter:<\/strong>&nbsp;&nbsp; @insmediterrania<br><strong>Codi centre:&nbsp;<\/strong>&nbsp; 08047480<br><strong>NIF:<\/strong>&nbsp;&nbsp; S-0800032-E<\/p>\n\n\n\n<div style=\"height:30px\" aria-hidden=\"true\" class=\"wp-block-spacer\"><\/div>\n\n\n\n<p class=\"has-text-align-left has-medium-font-size\"><strong>ESCOLES ADSCRITES A L&#8217;INSTITUT<\/strong><\/p>\n\n\n\n<p>El municipi \u00e9s zona \u00fanica d&#8217;adscripci\u00f3<\/p>\n","protected":false},"excerpt":{"rendered":"<p>ADRE\u00c7A Institut&nbsp;Mediterr\u00e0niaCtra. de la Sentiu,&nbsp;208860&nbsp;Castelldefels COM ARRIBAR-HI DADES IDENTIFICATIVES I DE COMUNICACI\u00d3&nbsp; Denominaci\u00f3:&nbsp;&nbsp;&nbsp;Institut Mediterr\u00e0niaAdre\u00e7a:&nbsp;&nbsp; Ctra. de la Sentiu 20000000008860 CastelldefelsTel\u00e8fon:&nbsp;&nbsp;&nbsp;93 664 16 91Fax:&nbsp;&nbsp; 93 664 21 98M\u00f2bil:&nbsp;&nbsp; 692 87 08 64 (pernoctacions)Correu electr\u00f2nic:&nbsp;&nbsp; a8047480@xtec.catWeb \/ Intranet:&nbsp;&nbsp; http:\/\/www.ins-mediterrania.catFacebook:&nbsp;&nbsp; www.facebook.com\/InstitutMediterraniaTwitter:&nbsp;&nbsp; @insmediterraniaCodi centre:&nbsp;&nbsp; 08047480NIF:&nbsp;&nbsp; S-0800032-E ESCOLES ADSCRITES A L&#8217;INSTITUT El municipi \u00e9s zona \u00fanica d&#8217;adscripci\u00f3<\/p>\n","protected":false},"author":1,"featured_media":0,"parent":19,"menu_order":10,"comment_status":"closed","ping_status":"closed","template":"","meta":{"_bbp_topic_count":0,"_bbp_reply_count":0,"_bbp_total_topic_count":0,"_bbp_total_reply_count":0,"_bbp_voice_count":0,"_bbp_anonymous_reply_count":0,"_bbp_topic_count_hidden":0,"_bbp_reply_count_hidden":0,"_bbp_forum_subforum_count":0,"site-sidebar-layout":"default","site-content-layout":"","ast-site-content-layout":"default","site-content-style":"default","site-sidebar-style":"default","ast-global-header-display":"","ast-banner-title-visibility":"","ast-main-header-display":"","ast-hfb-above-header-display":"","ast-hfb-below-header-display":"","ast-hfb-mobile-header-display":"","site-post-title":"","ast-breadcrumbs-content":"","ast-featured-img":"","footer-sml-layout":"","theme-transparent-header-meta":"","adv-header-id-meta":"","stick-header-meta":"","header-above-stick-meta":"","header-main-stick-meta":"","header-below-stick-meta":"","astra-migrate-meta-layouts":"set","ast-page-background-enabled":"default","ast-page-background-meta":{"desktop":{"background-color":"var(--ast-global-color-4)","background-image":"","background-repeat":"repeat","background-position":"center center","background-size":"auto","background-attachment":"scroll","background-type":"","background-media":"","overlay-type":"","overlay-color":"","overlay-opacity":"","overlay-gradient":""},"tablet":{"background-color":"","background-image":"","background-repeat":"repeat","background-position":"center center","background-size":"auto","background-attachment":"scroll","background-type":"","background-media":"","overlay-type":"","overlay-color":"","overlay-opacity":"","overlay-gradient":""},"mobile":{"background-color":"","background-image":"","background-repeat":"repeat","background-position":"center center","background-size":"auto","background-attachment":"scroll","background-type":"","background-media":"","overlay-type":"","overlay-color":"","overlay-opacity":"","overlay-gradient":""}},"ast-content-background-meta":{"desktop":{"background-color":"var(--ast-global-color-5)","background-image":"","background-repeat":"repeat","background-position":"center center","background-size":"auto","background-attachment":"scroll","background-type":"","background-media":"","overlay-type":"","overlay-color":"","overlay-opacity":"","overlay-gradient":""},"tablet":{"background-color":"var(--ast-global-color-5)","background-image":"","background-repeat":"repeat","background-position":"center center","background-size":"auto","background-attachment":"scroll","background-type":"","background-media":"","overlay-type":"","overlay-color":"","overlay-opacity":"","overlay-gradient":""},"mobile":{"background-color":"var(--ast-global-color-5)","background-image":"","background-repeat":"repeat","background-position":"center center","background-size":"auto","background-attachment":"scroll","background-type":"","background-media":"","overlay-type":"","overlay-color":"","overlay-opacity":"","overlay-gradient":""}},"footnotes":""},"class_list":["post-21","page","type-page","status-publish","hentry"],"post_mailing_queue_ids":[],"_links":{"self":[{"href":"https:\/\/agora.xtec.cat\/ies-mediterrania-castelldefels\/wp-json\/wp\/v2\/pages\/21","targetHints":{"allow":["GET"]}}],"collection":[{"href":"https:\/\/agora.xtec.cat\/ies-mediterrania-castelldefels\/wp-json\/wp\/v2\/pages"}],"about":[{"href":"https:\/\/agora.xtec.cat\/ies-mediterrania-castelldefels\/wp-json\/wp\/v2\/types\/page"}],"author":[{"embeddable":true,"href":"https:\/\/agora.xtec.cat\/ies-mediterrania-castelldefels\/wp-json\/wp\/v2\/users\/1"}],"replies":[{"embeddable":true,"href":"https:\/\/agora.xtec.cat\/ies-mediterrania-castelldefels\/wp-json\/wp\/v2\/comments?post=21"}],"version-history":[{"count":6,"href":"https:\/\/agora.xtec.cat\/ies-mediterrania-castelldefels\/wp-json\/wp\/v2\/pages\/21\/revisions"}],"predecessor-version":[{"id":12727,"href":"https:\/\/agora.xtec.cat\/ies-mediterrania-castelldefels\/wp-json\/wp\/v2\/pages\/21\/revisions\/12727"}],"up":[{"embeddable":true,"href":"https:\/\/agora.xtec.cat\/ies-mediterrania-castelldefels\/wp-json\/wp\/v2\/pages\/19"}],"wp:attachment":[{"href":"https:\/\/agora.xtec.cat\/ies-mediterrania-castelldefels\/wp-json\/wp\/v2\/media?parent=21"}],"curies":[{"name":"wp","href":"https:\/\/api.w.org\/{rel}","templated":true}]}}