{"id":13216,"date":"2026-04-21T08:38:31","date_gmt":"2026-04-21T06:38:31","guid":{"rendered":"https:\/\/agora.xtec.cat\/ies-mediterrania-castelldefels\/?page_id=13216"},"modified":"2026-04-23T18:59:01","modified_gmt":"2026-04-23T16:59:01","slug":"portes-obertes-curs-26-27-formacio-professional","status":"publish","type":"page","link":"https:\/\/agora.xtec.cat\/ies-mediterrania-castelldefels\/portes-obertes-curs-26-27-formacio-professional\/","title":{"rendered":"PORTES OBERTES 2026-2027 FP"},"content":{"rendered":"\n<div class=\"wp-block-columns alignwide is-layout-flex wp-container-core-columns-is-layout-2 wp-block-columns-is-layout-flex\" style=\"margin-bottom:0\">\n<div class=\"wp-block-column has-text-color has-background has-link-color wp-elements-684e594ee7f2412a6afb57529153e7a9 is-layout-flow wp-block-column-is-layout-flow\" style=\"color:#000000;background-color:#ffe97d;padding-top:2em;padding-right:2em;padding-bottom:2em;padding-left:2em\">\n<h2 class=\"wp-block-heading has-text-align-center\" id=\"single\" style=\"font-size:54px\"><strong>Cicles Formatius<\/strong> de Grau Mitj\u00e0 i Superior<\/h2>\n\n\n\n<p class=\"has-text-align-center has-medium-font-size\"><strong>Dijous 14 de maig<\/strong><\/p>\n\n\n\n<div class=\"wp-block-columns is-layout-flex wp-container-core-columns-is-layout-1 wp-block-columns-is-layout-flex\">\n<div class=\"wp-block-column is-layout-flow wp-block-column-is-layout-flow\">\n<p><strong>CICLES FORMATIUS DE GRAU MITJ\u00c0 <\/strong><\/p>\n\n\n\n<ul class=\"wp-block-list\">\n<li>Guia en el Medi Natural i de Temps de Lleure (17:30h i 18:30h)<\/li>\n\n\n\n<li>Activitats Comercials (18:00h)<\/li>\n\n\n\n<li>Gesti\u00f3 Administrativa (18:00h)<\/li>\n\n\n\n<li>Sistemes Microinform\u00e0tics i Xarxes (18:00h)<\/li>\n<\/ul>\n<\/div>\n\n\n\n<div class=\"wp-block-column is-layout-flow wp-block-column-is-layout-flow\">\n<p><strong>CICLES FORMATIUS DE GRAU SUPERIOR<\/strong><\/p>\n\n\n\n<ul class=\"wp-block-list\">\n<li>Ag\u00e8ncies de Viatges i Gesti\u00f3 d&#8217;Esdeveniments (18:00h)<\/li>\n\n\n\n<li>Gesti\u00f3 d&#8217;Allotjaments Tur\u00edstics (18:00h)<\/li>\n<\/ul>\n<\/div>\n<\/div>\n\n\n\n<ul class=\"wp-block-list\"><\/ul>\n\n\n\n<p class=\"has-text-align-center\"><strong>Cal concertar cita pr\u00e8via per a la visita al seg\u00fcent enlla\u00e7:<\/strong><\/p>\n\n\n\n<div class=\"wp-block-buttons is-content-justification-center is-layout-flex wp-container-core-buttons-is-layout-1 wp-block-buttons-is-layout-flex\">\n<div class=\"wp-block-button\"><a class=\"wp-block-button__link has-text-align-center wp-element-button\" href=\"https:\/\/visita.ins-mediterrania.cat\/\" target=\"_blank\" rel=\"noreferrer noopener\">CITA PR\u00c8VIA<\/a><\/div>\n<\/div>\n<\/div>\n<\/div>\n\n\n\n<div class=\"wp-block-columns alignwide is-layout-flex wp-container-core-columns-is-layout-3 wp-block-columns-is-layout-flex\" style=\"margin-bottom:0\">\n<div class=\"wp-block-column has-text-color has-background has-link-color wp-elements-02407df22eeb76ef06dbf73f23fb97a5 is-layout-flow wp-block-column-is-layout-flow\" style=\"color:#000000;background-color:#d1d1e1;padding-top:2em;padding-right:2em;padding-bottom:2em;padding-left:2em\">\n<h2 class=\"wp-block-heading has-text-align-center\" id=\"family\" style=\"font-size:23px\"><strong>Cicle Formatiu de Grau B\u00e0sic<\/strong> <br>Manteniment d&#8217;Instal.lacions Esportives<\/h2>\n\n\n\n<p class=\"has-luminous-vivid-orange-color has-text-color has-link-color wp-elements-c6394709d296268c6caa1763969c8346\"><strong>Nou cicle formatiu de grau b\u00e0sic!!<\/strong><\/p>\n\n\n\n<p class=\"has-text-align-left\"><em>M\u00e9s informaci\u00f3 properament<\/em><\/p>\n<\/div>\n\n\n\n<div class=\"wp-block-column has-text-color has-background has-link-color wp-elements-16a7c281182643f5a835a88b6266868d is-layout-flow wp-block-column-is-layout-flow\" style=\"color:#000000;background-color:#c0ebf1;padding-top:2em;padding-right:2em;padding-bottom:2em;padding-left:2em\">\n<h2 class=\"wp-block-heading\" id=\"patron\" style=\"font-size:40px\"><strong>PFI<\/strong><\/h2>\n\n\n\n<ul class=\"wp-block-list\">\n<li><strong>Dimecres 22 d&#8217;abril ( 9\u201930 i 17h)<\/strong><\/li>\n<\/ul>\n\n\n\n<p class=\"has-normal-font-size\" style=\"line-height:1.5\"><strong>IMPORTANT!<\/strong> <strong>Les portes obertes es realitzen al  SLTET, situat al carrer de l&#8217;Esgl\u00e9sia n\u00fam. 1 <\/strong><\/p>\n\n\n\n<div class=\"wp-block-buttons is-content-justification-center is-layout-flex wp-container-core-buttons-is-layout-2 wp-block-buttons-is-layout-flex\">\n<div class=\"wp-block-button\"><a class=\"wp-block-button__link wp-element-button\" href=\"https:\/\/drive.google.com\/file\/d\/1hseAAq8bvqpNFz1MTcOuX9zY_H-xfFIr\/view?usp=sharing\" target=\"_blank\" rel=\"noreferrer noopener\">M\u00c9S INFORMACI\u00d3<\/a><\/div>\n<\/div>\n\n\n\n<p><strong>DOCUMENTS DE SUPORT<\/strong><\/p>\n\n\n\n<ul class=\"wp-block-list\">\n<li><a href=\"https:\/\/drive.google.com\/file\/d\/1GHzQwtX23J_abhRv2O-OgvmppGLGch9l\/view?usp=sharing\" target=\"_blank\" rel=\"noreferrer noopener\">Cartell preinscripci\u00f3<\/a><\/li>\n\n\n\n<li><a href=\"https:\/\/drive.google.com\/file\/d\/114MBTusjxACs_jbpPlT9XU2NhTLQrFc2\/view?usp=sharing\" target=\"_blank\" rel=\"noreferrer noopener\">D\u00edptic<\/a><\/li>\n\n\n\n<li><a href=\"https:\/\/drive.google.com\/file\/d\/1iMOHih8-CC2VPi9Qi8jxIre4IT2hMLfa\/view?usp=sharing\" target=\"_blank\" rel=\"noreferrer noopener\">Infografia<\/a><\/li>\n<\/ul>\n<\/div>\n<\/div>\n\n\n\n<div class=\"wp-block-columns is-layout-flex wp-container-core-columns-is-layout-4 wp-block-columns-is-layout-flex\" style=\"padding-top:0;padding-right:0;padding-bottom:0;padding-left:0\">\n<div class=\"wp-block-column is-layout-flow wp-block-column-is-layout-flow\">\n<p>Mentrestant, podeu fer una visita virtual pel nostre centre:<\/p>\n\n\n\n<figure class=\"wp-block-image aligncenter size-full\" style=\"margin-top:0;margin-right:0;margin-bottom:0;margin-left:0\"><a href=\"https:\/\/tours.sofiamartinsome.com\/tour\/institutmediterrania-castelldefels\/index.htm\" target=\"_blank\" rel=\" noreferrer noopener\"><img loading=\"lazy\" decoding=\"async\" width=\"150\" height=\"77\" src=\"https:\/\/agora.xtec.cat\/ies-mediterrania-castelldefels\/wp-content\/uploads\/usu1078\/2026\/01\/Tour.png\" alt=\"\" class=\"wp-image-12540\"\/><\/a><\/figure>\n<\/div>\n<\/div>\n\n\n\n<p><\/p>\n","protected":false},"excerpt":{"rendered":"<p>Cicles Formatius de Grau Mitj\u00e0 i Superior Dijous 14 de maig CICLES FORMATIUS DE GRAU MITJ\u00c0 CICLES FORMATIUS DE GRAU SUPERIOR Cal concertar cita pr\u00e8via per a la visita al seg\u00fcent enlla\u00e7: Cicle Formatiu de Grau B\u00e0sic Manteniment d&#8217;Instal.lacions Esportives Nou cicle formatiu de grau b\u00e0sic!! M\u00e9s informaci\u00f3 properament PFI IMPORTANT! Les portes obertes es [&hellip;]<\/p>\n","protected":false},"author":1,"featured_media":0,"parent":0,"menu_order":0,"comment_status":"closed","ping_status":"closed","template":"","meta":{"_bbp_topic_count":0,"_bbp_reply_count":0,"_bbp_total_topic_count":0,"_bbp_total_reply_count":0,"_bbp_voice_count":0,"_bbp_anonymous_reply_count":0,"_bbp_topic_count_hidden":0,"_bbp_reply_count_hidden":0,"_bbp_forum_subforum_count":0,"site-sidebar-layout":"no-sidebar","site-content-layout":"","ast-site-content-layout":"default","site-content-style":"default","site-sidebar-style":"default","ast-global-header-display":"","ast-banner-title-visibility":"","ast-main-header-display":"","ast-hfb-above-header-display":"","ast-hfb-below-header-display":"","ast-hfb-mobile-header-display":"","site-post-title":"","ast-breadcrumbs-content":"","ast-featured-img":"","footer-sml-layout":"","theme-transparent-header-meta":"","adv-header-id-meta":"","stick-header-meta":"","header-above-stick-meta":"","header-main-stick-meta":"","header-below-stick-meta":"","astra-migrate-meta-layouts":"set","ast-page-background-enabled":"default","ast-page-background-meta":{"desktop":{"background-color":"var(--ast-global-color-4)","background-image":"","background-repeat":"repeat","background-position":"center center","background-size":"auto","background-attachment":"scroll","background-type":"","background-media":"","overlay-type":"","overlay-color":"","overlay-opacity":"","overlay-gradient":""},"tablet":{"background-color":"","background-image":"","background-repeat":"repeat","background-position":"center center","background-size":"auto","background-attachment":"scroll","background-type":"","background-media":"","overlay-type":"","overlay-color":"","overlay-opacity":"","overlay-gradient":""},"mobile":{"background-color":"","background-image":"","background-repeat":"repeat","background-position":"center center","background-size":"auto","background-attachment":"scroll","background-type":"","background-media":"","overlay-type":"","overlay-color":"","overlay-opacity":"","overlay-gradient":""}},"ast-content-background-meta":{"desktop":{"background-color":"var(--ast-global-color-5)","background-image":"","background-repeat":"repeat","background-position":"center center","background-size":"auto","background-attachment":"scroll","background-type":"","background-media":"","overlay-type":"","overlay-color":"","overlay-opacity":"","overlay-gradient":""},"tablet":{"background-color":"var(--ast-global-color-5)","background-image":"","background-repeat":"repeat","background-position":"center center","background-size":"auto","background-attachment":"scroll","background-type":"","background-media":"","overlay-type":"","overlay-color":"","overlay-opacity":"","overlay-gradient":""},"mobile":{"background-color":"var(--ast-global-color-5)","background-image":"","background-repeat":"repeat","background-position":"center center","background-size":"auto","background-attachment":"scroll","background-type":"","background-media":"","overlay-type":"","overlay-color":"","overlay-opacity":"","overlay-gradient":""}},"footnotes":""},"class_list":["post-13216","page","type-page","status-publish","hentry"],"post_mailing_queue_ids":[],"_links":{"self":[{"href":"https:\/\/agora.xtec.cat\/ies-mediterrania-castelldefels\/wp-json\/wp\/v2\/pages\/13216","targetHints":{"allow":["GET"]}}],"collection":[{"href":"https:\/\/agora.xtec.cat\/ies-mediterrania-castelldefels\/wp-json\/wp\/v2\/pages"}],"about":[{"href":"https:\/\/agora.xtec.cat\/ies-mediterrania-castelldefels\/wp-json\/wp\/v2\/types\/page"}],"author":[{"embeddable":true,"href":"https:\/\/agora.xtec.cat\/ies-mediterrania-castelldefels\/wp-json\/wp\/v2\/users\/1"}],"replies":[{"embeddable":true,"href":"https:\/\/agora.xtec.cat\/ies-mediterrania-castelldefels\/wp-json\/wp\/v2\/comments?post=13216"}],"version-history":[{"count":6,"href":"https:\/\/agora.xtec.cat\/ies-mediterrania-castelldefels\/wp-json\/wp\/v2\/pages\/13216\/revisions"}],"predecessor-version":[{"id":13261,"href":"https:\/\/agora.xtec.cat\/ies-mediterrania-castelldefels\/wp-json\/wp\/v2\/pages\/13216\/revisions\/13261"}],"wp:attachment":[{"href":"https:\/\/agora.xtec.cat\/ies-mediterrania-castelldefels\/wp-json\/wp\/v2\/media?parent=13216"}],"curies":[{"name":"wp","href":"https:\/\/api.w.org\/{rel}","templated":true}]}}