{"id":12501,"date":"2026-01-22T19:21:28","date_gmt":"2026-01-22T18:21:28","guid":{"rendered":"https:\/\/agora.xtec.cat\/ies-mediterrania-castelldefels\/?page_id=12501"},"modified":"2026-04-17T19:28:23","modified_gmt":"2026-04-17T17:28:23","slug":"portes-obertes-25-26","status":"publish","type":"page","link":"https:\/\/agora.xtec.cat\/ies-mediterrania-castelldefels\/portes-obertes-25-26\/","title":{"rendered":"PORTES OBERTES 26-27"},"content":{"rendered":"\n<h2 class=\"wp-block-heading has-text-align-center has-ast-global-color-1-color has-white-background-color has-text-color has-background has-link-color has-large-font-size wp-elements-6d4160491df1cda1e10bc091e97bb9b4\" style=\"border-style:none;border-width:0px;padding-top:var(--wp--preset--spacing--20);padding-right:0;padding-bottom:var(--wp--preset--spacing--20);padding-left:0\">PORTES OBERTES CURS 26-27<\/h2>\n\n\n\n<div class=\"wp-block-columns alignwide is-layout-flex wp-container-core-columns-is-layout-1 wp-block-columns-is-layout-flex\" style=\"margin-bottom:0\">\n<div class=\"wp-block-column has-text-color has-background has-link-color wp-elements-e516548af44b45d8275343c6c0d85f28 is-layout-flow wp-block-column-is-layout-flow\" style=\"color:#000000;background-color:#ffe97d;padding-top:2em;padding-right:2em;padding-bottom:2em;padding-left:2em\">\n<h2 class=\"wp-block-heading\" id=\"single\" style=\"font-size:40px\"><strong>ESO<\/strong><\/h2>\n\n\n\n<ul class=\"wp-block-list\">\n<li><strong>Dimarts 24 de febrer&nbsp;<\/strong>(de 16.30h a 19h)<\/li>\n\n\n\n<li><strong>Dimecres 4 de mar\u00e7&nbsp;<\/strong>(de 16.30h a 19h)<\/li>\n<\/ul>\n\n\n\n<p>Durada aproximada 60 min (diferents grups).<\/p>\n\n\n\n<p><strong>Cal concertar cita pr\u00e8via per a la visita al seg\u00fcent enlla\u00e7:<\/strong><\/p>\n\n\n\n<div class=\"wp-block-buttons is-content-justification-center is-layout-flex wp-container-core-buttons-is-layout-1 wp-block-buttons-is-layout-flex\">\n<div class=\"wp-block-button\"><a class=\"wp-block-button__link wp-element-button\" href=\"https:\/\/visita.ins-mediterrania.cat\/\" target=\"_blank\" rel=\"noreferrer noopener\">CITA PR\u00c8VIA<\/a><\/div>\n<\/div>\n\n\n\n<p><strong>M\u00e0xim dues persones per unitat familiar <\/strong>(preferiblement, una hauria de ser el\/la futur\/a alumne\/a).<\/p>\n\n\n\n<p>Un cop sol\u00b7licitada la cita, es pot modificar o cancel\u00b7lar a trav\u00e9s del tel\u00e8fon <strong>634 859 573<\/strong> en l\u2019horari de dilluns a divendres de 9 h a 14 h i de dilluns a dimecres de 15 h a 18.30 h.<\/p>\n\n\n\n<p>Les persones inscrites, rebreu un correu electr\u00f2nic a l\u2019adre\u00e7a facilitada, amb la indicaci\u00f3 del grup assignat i el lloc per on podreu accedir al centre. <strong>Us demanem la m\u00e0xima puntualitat i que respecteu els grups als quals heu estat assignats.<\/strong><\/p>\n\n\n\n<p><strong>DOCUMENTS DE SUPORT<\/strong><\/p>\n\n\n\n<ul class=\"wp-block-list\">\n<li><a href=\"https:\/\/drive.google.com\/file\/d\/1Nd9zjqYQDwFxxiW-YKyexjZ-gsP-aneE\/view?usp=sharing\" target=\"_blank\" rel=\"noreferrer noopener\">Oferta provisional places<\/a><\/li>\n\n\n\n<li><a href=\"https:\/\/drive.google.com\/file\/d\/1MPA_mb88Da_nw78DLWmGZcAQ_VjQowF-\/view?usp=sharing\" target=\"_blank\" rel=\"noreferrer noopener\">Dossier informatiu<\/a><\/li>\n\n\n\n<li><a href=\"https:\/\/drive.google.com\/file\/d\/19qdkkHUvYqFEVq49UjLRAfuqNbVGA5y_\/view?usp=sharing\" data-type=\"link\" data-id=\"https:\/\/drive.google.com\/file\/d\/19qdkkHUvYqFEVq49UjLRAfuqNbVGA5y_\/view?usp=sharing\" target=\"_blank\" rel=\"noreferrer noopener\">Projecte Educatiu de Centre<\/a><\/li>\n\n\n\n<li>Preguntes freq\u00fcents (FAQ&#8217;s)<\/li>\n<\/ul>\n\n\n\n<p><strong>PROC\u00c9S DE PREINSCRIPCI\u00d3:<\/strong><\/p>\n\n\n\n<p>Consulta tota la informaci\u00f3 sobre el proc\u00e9s de preinscripci\u00f3 a:&nbsp;<a href=\"https:\/\/preinscripcio.gencat.cat\/ca\/estudis\/eso\/inici\/\">https:\/\/preinscripcio.gencat.cat\/ca\/estudis\/eso\/inici\/<\/a><\/p>\n<\/div>\n\n\n\n<div class=\"wp-block-column has-text-color has-background has-link-color wp-elements-d30e69ca43baea9bab24e8bea6c4e1b6 is-layout-flow wp-block-column-is-layout-flow\" style=\"color:#000000;background-color:#d1d1e1;padding-top:2em;padding-right:2em;padding-bottom:2em;padding-left:2em\">\n<h2 class=\"wp-block-heading\" id=\"family\" style=\"font-size:40px\"><strong>Batxibac<\/strong><\/h2>\n\n\n\n<ul class=\"wp-block-list\">\n<li><strong>Dilluns 9 de mar\u00e7<\/strong> a les 18h<\/li>\n\n\n\n<li><a href=\"https:\/\/drive.google.com\/file\/d\/1spEDds7C4UVGzAc33reEGgl5KA0NY9Pt\/view?usp=sharing\" target=\"_blank\" rel=\"noreferrer noopener\">Oferta provisional de places<\/a><\/li>\n<\/ul>\n\n\n\n<hr class=\"wp-block-separator has-alpha-channel-opacity\"\/>\n\n\n\n<div style=\"height:0px\" aria-hidden=\"true\" class=\"wp-block-spacer\"><\/div>\n\n\n\n<h2 class=\"wp-block-heading\" id=\"family\" style=\"font-size:40px\"><strong>Batxillerat<\/strong><\/h2>\n\n\n\n<ul class=\"wp-block-list\">\n<li><strong>Dimecres 8 d&#8217;abril <\/strong>(17h i 17.45h)<\/li>\n<\/ul>\n\n\n\n<p>Durada aproximada 75 min (15min. d&#8217;explicaci\u00f3 conjunta i 60min. de recorregut en diferents grups).<\/p>\n\n\n\n<p><strong>Cal concertar cita pr\u00e8via per a la visita al seg\u00fcent enlla\u00e7:<\/strong><\/p>\n\n\n\n<div class=\"wp-block-buttons is-content-justification-center is-layout-flex wp-container-core-buttons-is-layout-2 wp-block-buttons-is-layout-flex\">\n<div class=\"wp-block-button\"><a class=\"wp-block-button__link wp-element-button\" href=\"https:\/\/visita.ins-mediterrania.cat\/\" target=\"_blank\" rel=\"noreferrer noopener\">CITA PR\u00c8VIA<\/a><\/div>\n<\/div>\n\n\n\n<p><strong>M\u00e0xim dues persones per unitat familiar <\/strong>(preferiblement, una hauria de ser el\/la futur\/a alumne\/a).<\/p>\n\n\n\n<p>Un cop sol\u00b7licitada la cita, es pot modificar o cancel\u00b7lar a trav\u00e9s del tel\u00e8fon <strong>634 859 573<\/strong> en l\u2019horari de dilluns a divendres de 9 h a 14 h i de dilluns a dimecres de 15 h a 18.30 h.<\/p>\n\n\n\n<p>Les persones inscrites, rebreu un correu electr\u00f2nic a l\u2019adre\u00e7a facilitada, amb la indicaci\u00f3 del grup assignat i el lloc per on podreu accedir al centre. <strong>Us demanem la m\u00e0xima puntualitat i que respecteu els grups als quals heu estat assignats.<\/strong><\/p>\n\n\n\n<p><strong>DOCUMENTS DE SUPORT<\/strong><\/p>\n\n\n\n<ul class=\"wp-block-list\">\n<li>Dossier informatiu<\/li>\n\n\n\n<li><a href=\"https:\/\/drive.google.com\/file\/d\/19qdkkHUvYqFEVq49UjLRAfuqNbVGA5y_\/view?usp=sharing\" data-type=\"link\" data-id=\"https:\/\/drive.google.com\/file\/d\/19qdkkHUvYqFEVq49UjLRAfuqNbVGA5y_\/view?usp=sharing\" target=\"_blank\" rel=\"noreferrer noopener\">Projecte Educatiu de Centre<\/a><\/li>\n\n\n\n<li>Preguntes freq\u00fcents (FAQ&#8217;s)<\/li>\n\n\n\n<li class=\"has-luminous-vivid-orange-color has-text-color has-link-color wp-elements-5a671b934cb4df59f58ef0767060b716\"><a href=\"https:\/\/drive.google.com\/file\/d\/13A4lK9v9hSDmKPhmO9CY54XBugGxu6dh\/view?usp=sharing\" target=\"_blank\" rel=\"noreferrer noopener\">Presentaci\u00f3 NOU!!<\/a><\/li>\n<\/ul>\n<\/div>\n\n\n\n<div class=\"wp-block-column has-text-color has-background has-link-color wp-elements-9e8b26864eefa47daa93353fd69c6148 is-layout-flow wp-block-column-is-layout-flow\" style=\"color:#000000;background-color:#c0ebf1;padding-top:2em;padding-right:2em;padding-bottom:2em;padding-left:2em\">\n<h2 class=\"wp-block-heading\" id=\"patron\" style=\"font-size:40px\"><strong>Cicles Formatius<\/strong><\/h2>\n\n\n\n<ul class=\"wp-block-list\">\n<li>Dijous 14 de maig<\/li>\n\n\n\n<li>Guia en el Medi Natural: 2 torns, un a les 17:30h i l&#8217;altre a les 18:30h<\/li>\n\n\n\n<li>Resta de Cicles: 1 torn a les 18:00h<\/li>\n<\/ul>\n\n\n\n<p><strong>Cal concertar cita pr\u00e8via per a la visita al seg\u00fcent enlla\u00e7:<\/strong><\/p>\n\n\n\n<div class=\"wp-block-buttons is-content-justification-center is-layout-flex wp-container-core-buttons-is-layout-3 wp-block-buttons-is-layout-flex\">\n<div class=\"wp-block-button\"><a class=\"wp-block-button__link has-text-align-center wp-element-button\" href=\"https:\/\/visita.ins-mediterrania.cat\/\" target=\"_blank\" rel=\"noreferrer noopener\">CITA PR\u00c8VIA<\/a><\/div>\n<\/div>\n\n\n\n<hr class=\"wp-block-separator has-alpha-channel-opacity\"\/>\n\n\n\n<h2 class=\"wp-block-heading\" id=\"patron\" style=\"font-size:40px\"><strong>PFI<\/strong><\/h2>\n\n\n\n<ul class=\"wp-block-list\">\n<li><strong>Dimecres 22 d&#8217;abril ( 9\u201930 i 17h)<\/strong><\/li>\n<\/ul>\n\n\n\n<p class=\"has-normal-font-size\" style=\"line-height:1.5\"><strong>IMPORTANT!<\/strong> <strong>Les portes obertes es realitzen al  SLTET, situat al carrer de l&#8217;Esgl\u00e9sia n\u00fam. 1 <\/strong><\/p>\n\n\n\n<div class=\"wp-block-buttons is-content-justification-center is-layout-flex wp-container-core-buttons-is-layout-4 wp-block-buttons-is-layout-flex\">\n<div class=\"wp-block-button\"><a class=\"wp-block-button__link wp-element-button\" href=\"https:\/\/drive.google.com\/file\/d\/1hseAAq8bvqpNFz1MTcOuX9zY_H-xfFIr\/view?usp=sharing\" target=\"_blank\" rel=\"noreferrer noopener\">M\u00c9S INFORMACI\u00d3<\/a><\/div>\n<\/div>\n\n\n\n<p><strong>DOCUMENTS DE SUPORT<\/strong><\/p>\n\n\n\n<ul class=\"wp-block-list\">\n<li><a href=\"https:\/\/drive.google.com\/file\/d\/1GHzQwtX23J_abhRv2O-OgvmppGLGch9l\/view?usp=sharing\" target=\"_blank\" rel=\"noreferrer noopener\">Cartell preinscripci\u00f3<\/a><\/li>\n\n\n\n<li><a href=\"https:\/\/drive.google.com\/file\/d\/114MBTusjxACs_jbpPlT9XU2NhTLQrFc2\/view?usp=sharing\" target=\"_blank\" rel=\"noreferrer noopener\">D\u00edptic<\/a><\/li>\n\n\n\n<li><a href=\"https:\/\/drive.google.com\/file\/d\/1iMOHih8-CC2VPi9Qi8jxIre4IT2hMLfa\/view?usp=sharing\" target=\"_blank\" rel=\"noreferrer noopener\">Infografia<\/a><\/li>\n<\/ul>\n<\/div>\n<\/div>\n\n\n\n<div class=\"wp-block-columns is-layout-flex wp-container-core-columns-is-layout-2 wp-block-columns-is-layout-flex\" style=\"padding-top:0;padding-right:0;padding-bottom:0;padding-left:0\">\n<div class=\"wp-block-column is-layout-flow wp-block-column-is-layout-flow\">\n<p>Mentrestant, podeu fer una visita virtual pel nostre centre:<\/p>\n\n\n\n<figure class=\"wp-block-image aligncenter size-full\" style=\"margin-top:0;margin-right:0;margin-bottom:0;margin-left:0\"><a href=\"https:\/\/tours.sofiamartinsome.com\/tour\/institutmediterrania-castelldefels\/index.htm\" target=\"_blank\" rel=\" noreferrer noopener\"><img loading=\"lazy\" decoding=\"async\" width=\"150\" height=\"77\" src=\"https:\/\/agora.xtec.cat\/ies-mediterrania-castelldefels\/wp-content\/uploads\/usu1078\/2026\/01\/Tour.png\" alt=\"\" class=\"wp-image-12540\"\/><\/a><\/figure>\n<\/div>\n\n\n\n<div class=\"wp-block-column is-layout-flow wp-block-column-is-layout-flow\"><\/div>\n<\/div>\n","protected":false},"excerpt":{"rendered":"<p>PORTES OBERTES CURS 26-27 ESO Durada aproximada 60 min (diferents grups). Cal concertar cita pr\u00e8via per a la visita al seg\u00fcent enlla\u00e7: M\u00e0xim dues persones per unitat familiar (preferiblement, una hauria de ser el\/la futur\/a alumne\/a). Un cop sol\u00b7licitada la cita, es pot modificar o cancel\u00b7lar a trav\u00e9s del tel\u00e8fon 634 859 573 en l\u2019horari [&hellip;]<\/p>\n","protected":false},"author":1,"featured_media":12419,"parent":0,"menu_order":0,"comment_status":"closed","ping_status":"close","template":"","meta":{"_bbp_topic_count":0,"_bbp_reply_count":0,"_bbp_total_topic_count":0,"_bbp_total_reply_count":0,"_bbp_voice_count":0,"_bbp_anonymous_reply_count":0,"_bbp_topic_count_hidden":0,"_bbp_reply_count_hidden":0,"_bbp_forum_subforum_count":0,"site-sidebar-layout":"no-sidebar","site-content-layout":"","ast-site-content-layout":"default","site-content-style":"default","site-sidebar-style":"default","ast-global-header-display":"","ast-banner-title-visibility":"","ast-main-header-display":"","ast-hfb-above-header-display":"","ast-hfb-below-header-display":"","ast-hfb-mobile-header-display":"","site-post-title":"disabled","ast-breadcrumbs-content":"","ast-featured-img":"","footer-sml-layout":"","theme-transparent-header-meta":"","adv-header-id-meta":"","stick-header-meta":"","header-above-stick-meta":"","header-main-stick-meta":"","header-below-stick-meta":"","astra-migrate-meta-layouts":"set","ast-page-background-enabled":"default","ast-page-background-meta":{"desktop":{"background-color":"var(--ast-global-color-4)","background-image":"","background-repeat":"repeat","background-position":"center center","background-size":"auto","background-attachment":"scroll","background-type":"","background-media":"","overlay-type":"","overlay-color":"","overlay-opacity":"","overlay-gradient":""},"tablet":{"background-color":"","background-image":"","background-repeat":"repeat","background-position":"center center","background-size":"auto","background-attachment":"scroll","background-type":"","background-media":"","overlay-type":"","overlay-color":"","overlay-opacity":"","overlay-gradient":""},"mobile":{"background-color":"","background-image":"","background-repeat":"repeat","background-position":"center center","background-size":"auto","background-attachment":"scroll","background-type":"","background-media":"","overlay-type":"","overlay-color":"","overlay-opacity":"","overlay-gradient":""}},"ast-content-background-meta":{"desktop":{"background-color":"var(--ast-global-color-5)","background-image":"","background-repeat":"repeat","background-position":"center center","background-size":"auto","background-attachment":"scroll","background-type":"","background-media":"","overlay-type":"","overlay-color":"","overlay-opacity":"","overlay-gradient":""},"tablet":{"background-color":"var(--ast-global-color-5)","background-image":"","background-repeat":"repeat","background-position":"center center","background-size":"auto","background-attachment":"scroll","background-type":"","background-media":"","overlay-type":"","overlay-color":"","overlay-opacity":"","overlay-gradient":""},"mobile":{"background-color":"var(--ast-global-color-5)","background-image":"","background-repeat":"repeat","background-position":"center center","background-size":"auto","background-attachment":"scroll","background-type":"","background-media":"","overlay-type":"","overlay-color":"","overlay-opacity":"","overlay-gradient":""}},"footnotes":""},"class_list":["post-12501","page","type-page","status-publish","has-post-thumbnail","hentry"],"post_mailing_queue_ids":[],"_links":{"self":[{"href":"https:\/\/agora.xtec.cat\/ies-mediterrania-castelldefels\/wp-json\/wp\/v2\/pages\/12501","targetHints":{"allow":["GET"]}}],"collection":[{"href":"https:\/\/agora.xtec.cat\/ies-mediterrania-castelldefels\/wp-json\/wp\/v2\/pages"}],"about":[{"href":"https:\/\/agora.xtec.cat\/ies-mediterrania-castelldefels\/wp-json\/wp\/v2\/types\/page"}],"author":[{"embeddable":true,"href":"https:\/\/agora.xtec.cat\/ies-mediterrania-castelldefels\/wp-json\/wp\/v2\/users\/1"}],"replies":[{"embeddable":true,"href":"https:\/\/agora.xtec.cat\/ies-mediterrania-castelldefels\/wp-json\/wp\/v2\/comments?post=12501"}],"version-history":[{"count":6,"href":"https:\/\/agora.xtec.cat\/ies-mediterrania-castelldefels\/wp-json\/wp\/v2\/pages\/12501\/revisions"}],"predecessor-version":[{"id":13178,"href":"https:\/\/agora.xtec.cat\/ies-mediterrania-castelldefels\/wp-json\/wp\/v2\/pages\/12501\/revisions\/13178"}],"wp:featuredmedia":[{"embeddable":true,"href":"https:\/\/agora.xtec.cat\/ies-mediterrania-castelldefels\/wp-json\/wp\/v2\/media\/12419"}],"wp:attachment":[{"href":"https:\/\/agora.xtec.cat\/ies-mediterrania-castelldefels\/wp-json\/wp\/v2\/media?parent=12501"}],"curies":[{"name":"wp","href":"https:\/\/api.w.org\/{rel}","templated":true}]}}