{"id":1248,"date":"2018-04-17T12:43:49","date_gmt":"2018-04-17T10:43:49","guid":{"rendered":"http:\/\/agora.xtec.cat\/ies-mediterrania-castelldefels\/?page_id=1248"},"modified":"2026-02-02T10:41:57","modified_gmt":"2026-02-02T09:41:57","slug":"biblioteca","status":"publish","type":"page","link":"https:\/\/agora.xtec.cat\/ies-mediterrania-castelldefels\/serveis\/biblioteca\/","title":{"rendered":"Biblioteca"},"content":{"rendered":"\n<p>L&#8217;<strong>horari<\/strong> de la biblioteca es d&#8217;<strong>11 a 11.30 h<\/strong>.<\/p>\n\n\n\n<p>La biblioteca del centre ofereix els seg\u00fcents serveis:<\/p>\n\n\n\n<p><strong>Informaci\u00f3.<\/strong> <span style=\"font-family: Arial;\">La biblioteca \u00e9s un centre d\u2019informaci\u00f3 i aprenentatge que atendr\u00e0 consultes sobre qualsevol q\u00fcesti\u00f3 del vostre inter\u00e8s.<\/span><\/p>\n\n\n\n<p><strong>Pr\u00e9stec.<\/strong> <span style=\"font-family: Arial;\">\u00c9s gratu\u00eft i per usar-lo nom\u00e9s cal ser membre de la comunitat educativa de l\u2019institut. Cada persona usu\u00e0ria es pot emportar fins a 3 llibres i 3 documents multim\u00e8dia.<\/span><\/p>\n\n\n\n<p><em><strong>Per accedir al cat\u00e0leg de llibres de la biblioteca cliqueu <a href=\"https:\/\/aplicacions.gestioeducativa.gencat.cat\/epergam\/web\/biblioteca.jsp?codi=08047480\" target=\"_blank\" rel=\"noopener noreferrer\">aqu\u00ed<\/a>.<\/strong><\/em><\/p>\n\n\n\n<p><strong>Consulta.<\/strong> <span style=\"font-family: Arial;\">Tots els documents es poden consultar lliurement a la biblioteca.<\/span><\/p>\n\n\n\n<p><strong>Impressi\u00f3.<\/strong> <span style=\"font-family: Arial;\">Aquest servei est\u00e0 pensat per les emerg\u00e8ncies o per impressions molt puntuals. Els treballs que es volen imprimir s\u2019han d\u2019encarregar el dia abans.<\/span><\/p>\n\n\n\n<p><strong>Activitats.<\/strong> <span style=\"font-family: Arial;\">La biblioteca acull i promou activitats d\u2019animaci\u00f3 a la lectura, exposicions, confer\u00e8ncies i debats a l\u2019entorn de la literatura i de temes d\u2019actualitat.<\/span><\/p>\n\n\n\n<p><strong>Formaci\u00f3 d&#8217;usuaris.<\/strong> <span style=\"font-family: Arial;\">Dirigida a tots els membres de la comunitat educativa que vulguin con\u00e8ixer a fons els recursos de la biblioteca, aprendre a cercar informaci\u00f3, organitzar-la o presentar-la en diversos suports.<\/span><\/p>\n","protected":false},"excerpt":{"rendered":"<p>L&#8217;horari de la biblioteca es d&#8217;11 a 11.30 h. La biblioteca del centre ofereix els seg\u00fcents serveis: Informaci\u00f3. La biblioteca \u00e9s un centre d\u2019informaci\u00f3 i aprenentatge que atendr\u00e0 consultes sobre qualsevol q\u00fcesti\u00f3 del vostre inter\u00e8s. Pr\u00e9stec. \u00c9s gratu\u00eft i per usar-lo nom\u00e9s cal ser membre de la comunitat educativa de l\u2019institut. Cada persona usu\u00e0ria es [&hellip;]<\/p>\n","protected":false},"author":1,"featured_media":0,"parent":63,"menu_order":20,"comment_status":"closed","ping_status":"closed","template":"","meta":{"_bbp_topic_count":0,"_bbp_reply_count":0,"_bbp_total_topic_count":0,"_bbp_total_reply_count":0,"_bbp_voice_count":0,"_bbp_anonymous_reply_count":0,"_bbp_topic_count_hidden":0,"_bbp_reply_count_hidden":0,"_bbp_forum_subforum_count":0,"site-sidebar-layout":"default","site-content-layout":"","ast-site-content-layout":"default","site-content-style":"default","site-sidebar-style":"default","ast-global-header-display":"","ast-banner-title-visibility":"","ast-main-header-display":"","ast-hfb-above-header-display":"","ast-hfb-below-header-display":"","ast-hfb-mobile-header-display":"","site-post-title":"","ast-breadcrumbs-content":"","ast-featured-img":"","footer-sml-layout":"","theme-transparent-header-meta":"","adv-header-id-meta":"","stick-header-meta":"","header-above-stick-meta":"","header-main-stick-meta":"","header-below-stick-meta":"","astra-migrate-meta-layouts":"set","ast-page-background-enabled":"default","ast-page-background-meta":{"desktop":{"background-color":"var(--ast-global-color-4)","background-image":"","background-repeat":"repeat","background-position":"center center","background-size":"auto","background-attachment":"scroll","background-type":"","background-media":"","overlay-type":"","overlay-color":"","overlay-opacity":"","overlay-gradient":""},"tablet":{"background-color":"","background-image":"","background-repeat":"repeat","background-position":"center center","background-size":"auto","background-attachment":"scroll","background-type":"","background-media":"","overlay-type":"","overlay-color":"","overlay-opacity":"","overlay-gradient":""},"mobile":{"background-color":"","background-image":"","background-repeat":"repeat","background-position":"center center","background-size":"auto","background-attachment":"scroll","background-type":"","background-media":"","overlay-type":"","overlay-color":"","overlay-opacity":"","overlay-gradient":""}},"ast-content-background-meta":{"desktop":{"background-color":"var(--ast-global-color-5)","background-image":"","background-repeat":"repeat","background-position":"center center","background-size":"auto","background-attachment":"scroll","background-type":"","background-media":"","overlay-type":"","overlay-color":"","overlay-opacity":"","overlay-gradient":""},"tablet":{"background-color":"var(--ast-global-color-5)","background-image":"","background-repeat":"repeat","background-position":"center center","background-size":"auto","background-attachment":"scroll","background-type":"","background-media":"","overlay-type":"","overlay-color":"","overlay-opacity":"","overlay-gradient":""},"mobile":{"background-color":"var(--ast-global-color-5)","background-image":"","background-repeat":"repeat","background-position":"center center","background-size":"auto","background-attachment":"scroll","background-type":"","background-media":"","overlay-type":"","overlay-color":"","overlay-opacity":"","overlay-gradient":""}},"footnotes":""},"class_list":["post-1248","page","type-page","status-publish","hentry"],"post_mailing_queue_ids":[],"_links":{"self":[{"href":"https:\/\/agora.xtec.cat\/ies-mediterrania-castelldefels\/wp-json\/wp\/v2\/pages\/1248","targetHints":{"allow":["GET"]}}],"collection":[{"href":"https:\/\/agora.xtec.cat\/ies-mediterrania-castelldefels\/wp-json\/wp\/v2\/pages"}],"about":[{"href":"https:\/\/agora.xtec.cat\/ies-mediterrania-castelldefels\/wp-json\/wp\/v2\/types\/page"}],"author":[{"embeddable":true,"href":"https:\/\/agora.xtec.cat\/ies-mediterrania-castelldefels\/wp-json\/wp\/v2\/users\/1"}],"replies":[{"embeddable":true,"href":"https:\/\/agora.xtec.cat\/ies-mediterrania-castelldefels\/wp-json\/wp\/v2\/comments?post=1248"}],"version-history":[{"count":6,"href":"https:\/\/agora.xtec.cat\/ies-mediterrania-castelldefels\/wp-json\/wp\/v2\/pages\/1248\/revisions"}],"predecessor-version":[{"id":12929,"href":"https:\/\/agora.xtec.cat\/ies-mediterrania-castelldefels\/wp-json\/wp\/v2\/pages\/1248\/revisions\/12929"}],"up":[{"embeddable":true,"href":"https:\/\/agora.xtec.cat\/ies-mediterrania-castelldefels\/wp-json\/wp\/v2\/pages\/63"}],"wp:attachment":[{"href":"https:\/\/agora.xtec.cat\/ies-mediterrania-castelldefels\/wp-json\/wp\/v2\/media?parent=1248"}],"curies":[{"name":"wp","href":"https:\/\/api.w.org\/{rel}","templated":true}]}}