{"id":930,"date":"2016-08-08T18:26:30","date_gmt":"2016-08-08T17:26:30","guid":{"rendered":"http:\/\/agora.xtec.cat\/ies-manuel-sales\/?page_id=930"},"modified":"2016-08-08T18:36:18","modified_gmt":"2016-08-08T17:36:18","slug":"premis-200405","status":"publish","type":"page","link":"https:\/\/agora.xtec.cat\/ies-manuel-sales\/serveis\/premis\/premis-200405\/","title":{"rendered":"PREMIS 2004\/05"},"content":{"rendered":"<table>\n<tbody>\n<tr>\n<td style=\"vertical-align: top;\"><img loading=\"lazy\" decoding=\"async\" class=\"alignleft size-thumbnail wp-image-432\" src=\"http:\/\/agora.xtec.cat\/ies-manuel-sales\/wp-content\/uploads\/usu728\/2015\/09\/medalla-120x150.gif\" alt=\"medalla\" width=\"120\" height=\"150\" \/><\/p>\n<h4 style=\"text-align: right;\"><span style=\"color: #800000;\"><strong>GALERIA DE GUARDONATS<\/strong><\/span><\/h4>\n<\/td>\n<td style=\"vertical-align: top;\" colspan=\"2\">\n<h4 style=\"text-align: right;\"><strong>Curs 2004\/05<\/strong><\/h4>\n<\/td>\n<\/tr>\n<tr>\n<td style=\"vertical-align: top;\" colspan=\"2\"><span style=\"color: #993300;\"><strong>ENRIQUE CANALDA, PREMI DE LA UAB <\/strong> <\/span><\/p>\n<p style=\"text-align: justify;\">La UAB va premiar el treball de recerca d&#8217;<strong>Enrique Canalda<\/strong>, on analitzava la immigraci\u00f3 romanesa d&#8217;Ulldecona. Dilluns, 6 de juny de 2006 va recollir el guard\u00f3 que li atorgava la Universitat Aut\u00f2noma de Barcelona (UAB), acompanyat de la seua fam\u00edlia, la directora, Pilar Aparicio i el seu tutor, Ricard Escandell.<\/p>\n<p style=\"text-align: justify;\">La seua an\u00e0lisi sobre &#8220;La integraci\u00f3 romanesa a Ulldecona&#8221; ha estat reconeguda amb el segon premi del certamen que la UAB dedica a treballs de recerca de batxillerat d&#8217;entre els 273 millors de tot Catalunya.<\/p>\n<\/td>\n<td style=\"width: 350px; vertical-align: top;\"><\/td>\n<\/tr>\n<tr>\n<td style=\"vertical-align: top;\" colspan=\"2\"><span style=\"color: #993300;\"><strong>PREMI EN EL CONCURS DE JOVES REPORTERS<\/strong> <\/span><\/p>\n<p style=\"text-align: justify;\">L&#8217;IES Manuel Sales i Ferr\u00e9 va aconseguir el premi al millor gui\u00f3 pel videoclip presentat a la II Edici\u00f3 del concurs <strong>Joves Reporters<\/strong> que promou la Generalitat de Catalunya i l&#8217;empresa Panasonic. En aquesta ocasi\u00f3 el tema del videoclip estava relacionat amb la protecci\u00f3 del medi ambient, i portava per t\u00edtol &#8220;Obre els ulls&#8221;. Les imatges van estar gravades a diversos espais d&#8217;Ulldecona per un equip de 14 alumnes coordinats pels professors Ricard Escandell i Amada Rodr\u00edguez.<\/p>\n<p style=\"text-align: justify;\">El premi es concret\u00e0 en material audiovisual per al centre. El concurs Joves Reporters s&#8217;emmarca en el certamen internacional <strong>Kid Witness News<\/strong>. Dels 10 centres de Catalunya que hi van participar, el guanyador, la Instituci\u00f3 Montserrat de Barcelona, represent\u00e0 l&#8217;Estat en la fase europea del concurs.<\/p>\n<\/td>\n<td style=\"text-align: center; vertical-align: top;\"><img loading=\"lazy\" decoding=\"async\" class=\"aligncenter  wp-image-931\" src=\"http:\/\/agora.xtec.cat\/ies-manuel-sales\/wp-content\/uploads\/usu728\/2016\/08\/MVC-005F-300x225.jpg\" alt=\"Premi Joves Reporters\" width=\"400\" height=\"300\" srcset=\"https:\/\/agora.xtec.cat\/ies-manuel-sales\/wp-content\/uploads\/usu728\/2016\/08\/MVC-005F-300x225.jpg 300w, https:\/\/agora.xtec.cat\/ies-manuel-sales\/wp-content\/uploads\/usu728\/2016\/08\/MVC-005F-768x576.jpg 768w, https:\/\/agora.xtec.cat\/ies-manuel-sales\/wp-content\/uploads\/usu728\/2016\/08\/MVC-005F-1024x768.jpg 1024w, https:\/\/agora.xtec.cat\/ies-manuel-sales\/wp-content\/uploads\/usu728\/2016\/08\/MVC-005F-200x150.jpg 200w, https:\/\/agora.xtec.cat\/ies-manuel-sales\/wp-content\/uploads\/usu728\/2016\/08\/MVC-005F.jpg 1600w\" sizes=\"auto, (max-width: 400px) 100vw, 400px\" \/><\/td>\n<\/tr>\n<\/tbody>\n<\/table>\n","protected":false},"excerpt":{"rendered":"<p>GALERIA DE GUARDONATS<\/p>\n<p>Curs 2004\/05<\/p>\n<p>ENRIQUE CANALDA, PREMI DE LA UAB<br \/>\nLa UAB va premiar el treball de recerca d&#8217;Enrique Canalda, on analitzava la immigraci\u00f3 romanesa d&#8217;Ulldecona. Dilluns, 6 de juny de 2006 va recollir el guard\u00f3 que li atorgava la Universitat Aut\u00f2noma de Barcelona (UAB),&hellip;  <a href=\"https:\/\/agora.xtec.cat\/ies-manuel-sales\/serveis\/premis\/premis-200405\/\" title=\"Read PREMIS 2004\/05\">Llegeix m\u00e9s\u00bb<\/a><\/p>\n","protected":false},"author":1,"featured_media":0,"parent":431,"menu_order":110,"comment_status":"closed","ping_status":"closed","template":"page-templates\/side-menu.php","meta":{"_bbp_topic_count":0,"_bbp_reply_count":0,"_bbp_total_topic_count":0,"_bbp_total_reply_count":0,"_bbp_voice_count":0,"_bbp_anonymous_reply_count":0,"_bbp_topic_count_hidden":0,"_bbp_reply_count_hidden":0,"_bbp_forum_subforum_count":0,"footnotes":""},"class_list":["post-930","page","type-page","status-publish","hentry"],"post_mailing_queue_ids":[],"_links":{"self":[{"href":"https:\/\/agora.xtec.cat\/ies-manuel-sales\/wp-json\/wp\/v2\/pages\/930","targetHints":{"allow":["GET"]}}],"collection":[{"href":"https:\/\/agora.xtec.cat\/ies-manuel-sales\/wp-json\/wp\/v2\/pages"}],"about":[{"href":"https:\/\/agora.xtec.cat\/ies-manuel-sales\/wp-json\/wp\/v2\/types\/page"}],"author":[{"embeddable":true,"href":"https:\/\/agora.xtec.cat\/ies-manuel-sales\/wp-json\/wp\/v2\/users\/1"}],"replies":[{"embeddable":true,"href":"https:\/\/agora.xtec.cat\/ies-manuel-sales\/wp-json\/wp\/v2\/comments?post=930"}],"version-history":[{"count":1,"href":"https:\/\/agora.xtec.cat\/ies-manuel-sales\/wp-json\/wp\/v2\/pages\/930\/revisions"}],"predecessor-version":[{"id":932,"href":"https:\/\/agora.xtec.cat\/ies-manuel-sales\/wp-json\/wp\/v2\/pages\/930\/revisions\/932"}],"up":[{"embeddable":true,"href":"https:\/\/agora.xtec.cat\/ies-manuel-sales\/wp-json\/wp\/v2\/pages\/431"}],"wp:attachment":[{"href":"https:\/\/agora.xtec.cat\/ies-manuel-sales\/wp-json\/wp\/v2\/media?parent=930"}],"curies":[{"name":"wp","href":"https:\/\/api.w.org\/{rel}","templated":true}]}}