{"id":4953,"date":"2023-02-20T12:05:22","date_gmt":"2023-02-20T11:05:22","guid":{"rendered":"https:\/\/agora.xtec.cat\/ies-manuel-sales\/?page_id=4953"},"modified":"2024-01-23T11:41:29","modified_gmt":"2024-01-23T10:41:29","slug":"diagnosi","status":"publish","type":"page","link":"https:\/\/agora.xtec.cat\/ies-manuel-sales\/diagnosi\/","title":{"rendered":"A esborrar &#8211; Diagnosi"},"content":{"rendered":"<p>Diagnosi<\/p>\n<table style=\"border-collapse: collapse; width: 100%;\">\n<tbody>\n<tr>\n<td style=\"width: 50%;\"><img loading=\"lazy\" decoding=\"async\" class=\"alignnone wp-image-4958 size-medium\" style=\"font-size: 16px;\" src=\"https:\/\/agora.xtec.cat\/ies-manuel-sales\/wp-content\/uploads\/usu728\/2023\/02\/Diagnosi1-3-482x400.png\" alt=\"\" width=\"482\" height=\"400\" srcset=\"https:\/\/agora.xtec.cat\/ies-manuel-sales\/wp-content\/uploads\/usu728\/2023\/02\/Diagnosi1-3-482x400.png 482w, https:\/\/agora.xtec.cat\/ies-manuel-sales\/wp-content\/uploads\/usu728\/2023\/02\/Diagnosi1-3-300x250.png 300w, https:\/\/agora.xtec.cat\/ies-manuel-sales\/wp-content\/uploads\/usu728\/2023\/02\/Diagnosi1-3.png 622w\" sizes=\"auto, (max-width: 482px) 100vw, 482px\" \/><\/td>\n<td style=\"width: 50%;\"><img loading=\"lazy\" decoding=\"async\" class=\"alignnone wp-image-4959 size-medium\" style=\"font-size: 16px;\" src=\"https:\/\/agora.xtec.cat\/ies-manuel-sales\/wp-content\/uploads\/usu728\/2023\/02\/Diagnosi2-391x400.png\" alt=\"\" width=\"391\" height=\"400\" srcset=\"https:\/\/agora.xtec.cat\/ies-manuel-sales\/wp-content\/uploads\/usu728\/2023\/02\/Diagnosi2-391x400.png 391w, https:\/\/agora.xtec.cat\/ies-manuel-sales\/wp-content\/uploads\/usu728\/2023\/02\/Diagnosi2.png 495w\" sizes=\"auto, (max-width: 391px) 100vw, 391px\" \/><\/td>\n<\/tr>\n<\/tbody>\n<\/table>\n<p>&nbsp;<\/p>\n<p>A partir dels resultats oferts per l&#8217;eina SELFIE, i despr\u00e9s de posar-ho en com\u00fa amb tota la comissi\u00f3 d&#8217;EDC, van sorgir les seg\u00fcents propostes d&#8217;objectius:<\/p>\n<p><img loading=\"lazy\" decoding=\"async\" class=\"alignnone size-full wp-image-4960\" src=\"https:\/\/agora.xtec.cat\/ies-manuel-sales\/wp-content\/uploads\/usu728\/2023\/02\/objectius1.png\" alt=\"\" width=\"762\" height=\"501\" srcset=\"https:\/\/agora.xtec.cat\/ies-manuel-sales\/wp-content\/uploads\/usu728\/2023\/02\/objectius1.png 762w, https:\/\/agora.xtec.cat\/ies-manuel-sales\/wp-content\/uploads\/usu728\/2023\/02\/objectius1-600x394.png 600w\" sizes=\"auto, (max-width: 762px) 100vw, 762px\" \/><\/p>\n<p>&nbsp;<\/p>\n<p>&nbsp;<\/p>\n<p>&nbsp;<\/p>\n","protected":false},"excerpt":{"rendered":"<p>Diagnosi<\/p>\n<p>&nbsp;<br \/>\nA partir dels resultats oferts per l&#8217;eina SELFIE, i despr\u00e9s de posar-ho en com\u00fa amb tota la comissi\u00f3 d&#8217;EDC, van sorgir les seg\u00fcents propostes d&#8217;objectius:<\/p>\n<p>&nbsp;<br \/>\n&nbsp;<br \/>\n&nbsp;<\/p>\n","protected":false},"author":440,"featured_media":0,"parent":0,"menu_order":0,"comment_status":"closed","ping_status":"closed","template":"","meta":{"_bbp_topic_count":0,"_bbp_reply_count":0,"_bbp_total_topic_count":0,"_bbp_total_reply_count":0,"_bbp_voice_count":0,"_bbp_anonymous_reply_count":0,"_bbp_topic_count_hidden":0,"_bbp_reply_count_hidden":0,"_bbp_forum_subforum_count":0,"footnotes":""},"class_list":["post-4953","page","type-page","status-publish","hentry"],"post_mailing_queue_ids":[],"_links":{"self":[{"href":"https:\/\/agora.xtec.cat\/ies-manuel-sales\/wp-json\/wp\/v2\/pages\/4953","targetHints":{"allow":["GET"]}}],"collection":[{"href":"https:\/\/agora.xtec.cat\/ies-manuel-sales\/wp-json\/wp\/v2\/pages"}],"about":[{"href":"https:\/\/agora.xtec.cat\/ies-manuel-sales\/wp-json\/wp\/v2\/types\/page"}],"author":[{"embeddable":true,"href":"https:\/\/agora.xtec.cat\/ies-manuel-sales\/wp-json\/wp\/v2\/users\/440"}],"replies":[{"embeddable":true,"href":"https:\/\/agora.xtec.cat\/ies-manuel-sales\/wp-json\/wp\/v2\/comments?post=4953"}],"version-history":[{"count":3,"href":"https:\/\/agora.xtec.cat\/ies-manuel-sales\/wp-json\/wp\/v2\/pages\/4953\/revisions"}],"predecessor-version":[{"id":5824,"href":"https:\/\/agora.xtec.cat\/ies-manuel-sales\/wp-json\/wp\/v2\/pages\/4953\/revisions\/5824"}],"wp:attachment":[{"href":"https:\/\/agora.xtec.cat\/ies-manuel-sales\/wp-json\/wp\/v2\/media?parent=4953"}],"curies":[{"name":"wp","href":"https:\/\/api.w.org\/{rel}","templated":true}]}}