{"id":482,"date":"2015-10-03T13:00:44","date_gmt":"2015-10-03T11:00:44","guid":{"rendered":"http:\/\/agora.xtec.cat\/ies-manuel-sales\/?page_id=482"},"modified":"2021-04-11T00:38:21","modified_gmt":"2021-04-10T22:38:21","slug":"activitats-tac","status":"publish","type":"page","link":"https:\/\/agora.xtec.cat\/ies-manuel-sales\/estrategia-digital-de-centre\/serveis-digitals\/activitats-tac\/","title":{"rendered":"ACTIVITATS TAC"},"content":{"rendered":"<table>\n<tbody>\n<tr>\n<td style=\"vertical-align: top;\">\n<h4>VIDEOTECA DE L&#8217;ALUMNAT<\/h4>\n<p>Treballs elaborats per l&#8217;alumnat del centre. Alguns han participat en algun concurs i alguns han arribat a guanyar algun premi.<\/p>\n<ul>\n<li><a href=\"http:\/\/youtu.be\/agn3qeMq3xs\" target=\"_blank\" rel=\"noopener noreferrer\">Visc en catal\u00e0<\/a> V\u00eddeo reivindicatiu per la nostra llengua. 2012.<\/li>\n<li><a href=\"http:\/\/youtu.be\/zUHKk_p0uQ0\" target=\"_blank\" rel=\"noopener noreferrer\">Remena el sucre<\/a> Grup d&#8217;alumnes realitzant una senzilla investigaci\u00f3. 2007.<\/li>\n<li><a href=\"http:\/\/youtu.be\/sW8YNnoyhsA\" target=\"_blank\" rel=\"noopener noreferrer\">Magna for\u00e7a<\/a> Grup d&#8217;alumnes realitzant una senzilla investigaci\u00f3. 2007.<\/li>\n<li><a href=\"http:\/\/youtu.be\/oIcD25sturY\" target=\"_blank\" rel=\"noopener noreferrer\">La caiguda m\u00e9s lenta<\/a> Grup d&#8217;alumnes realitzant una senzilla investigaci\u00f3. 2007.<\/li>\n<li><a href=\"http:\/\/youtu.be\/y6kY7FuSO4g\" target=\"_blank\" rel=\"noopener noreferrer\">Esgarra el mocador<\/a> Grup d&#8217;alumnes realitzant una senzilla investigaci\u00f3. 2007.<\/li>\n<li><a href=\"http:\/\/youtu.be\/Nmfffd4VJ0M\" target=\"_blank\" rel=\"noopener noreferrer\">El pont m\u00e9s fort<\/a> Grup d&#8217;alumnes realitzant una senzilla investigaci\u00f3. 2007.<\/li>\n<li><a href=\"http:\/\/youtu.be\/HLQbyV0mY9U\" target=\"_blank\" rel=\"noopener noreferrer\">Bota la pilota<\/a> Grup d&#8217;alumnes realitzant una senzilla investigaci\u00f3. 2007.<\/li>\n<li><a href=\"http:\/\/youtu.be\/Y-pReGgsnEI\" target=\"_blank\" rel=\"noopener noreferrer\">L&#8217;hortet del tio Manuel<\/a> V\u00eddeo amb els treballs de l&#8217;Hort Escolar a c\u00e0rrec de l&#8217;alumnat de l&#8217;Aula Oberta.<\/li>\n<li><a href=\"http:\/\/youtu.be\/GdR1BmGjNkI\" target=\"_blank\" rel=\"noopener noreferrer\">Lo tros de Cosme<\/a> V\u00eddeo amb els treballs de l&#8217;Hort Escolar a c\u00e0rrec de l&#8217;alumnat de l&#8217;Aula Oberta.<\/li>\n<li><a href=\"http:\/\/youtu.be\/3jNvjJgcqU8\" target=\"_blank\" rel=\"noopener noreferrer\">Els nostres drets i deures<\/a> Treball fet en l&#8217;\u00e0mbit de les tutories amb l&#8217;alumnat i els seus delegats de classe que aprofundeix en la normativa vigent sobre drets i deures. Coordinat per la professora Amada Rodr\u00edguez. 2009.<\/li>\n<li><a href=\"http:\/\/youtu.be\/b93tts-O3qk\" target=\"_blank\" rel=\"noopener noreferrer\">Young Scientists<\/a> Grup d&#8217;alumnes realitzant una senzilla investigaci\u00f3 seguint el m\u00e8tode cient\u00edfic. 2007.<\/li>\n<li><a href=\"http:\/\/youtu.be\/7x1dhhELP5I\" target=\"_blank\" rel=\"noopener noreferrer\">Joves cient\u00edfics <\/a>Grup d&#8217;alumnes realitzant una senzilla investigaci\u00f3 seguint el m\u00e8tode cient\u00edfic. 2007<\/li>\n<\/ul>\n<p align=\"justify\"><a href=\"http:\/\/youtu.be\/CCKzIAPBRNM\" target=\"_blank\" rel=\"noopener noreferrer\">Projecte FiO<\/a> Projecte de l&#8217;etapa d&#8217;ESO consistent en combinar l&#8217;estudi al centre amb una part de l&#8217;horari amb pr\u00e0ctiques en empreses del municipi. Adre\u00e7at a l&#8217;alumnat de 4t curs amb necessitat de diversificar el seu curr\u00edculum acad\u00e8mic.<\/p>\n<p align=\"justify\"><a href=\"http:\/\/youtu.be\/FwhVlmEMC_M\" target=\"_blank\" rel=\"noopener noreferrer\">Falsa realitat<\/a> Treball sobre el cinema i les bandes sonores aplicat a una pel\u00b7l\u00edcula de suspens. Mat\u00e8ria optativa &#8220;M\u00fasica i cinema&#8221;, coordinada pel professor de m\u00fasica V\u00edctor Peris. Curs 2005\/06. Inclou el &#8220;making off&#8221;.<\/p>\n<p align=\"justify\"><a href=\"http:\/\/youtu.be\/FjGzU132mBI\" target=\"_blank\" rel=\"noopener noreferrer\">Viatge a L&#8217;Alguer &#8211; Pasqual Mellai<\/a> Testimoni de l&#8217;alguer\u00e8s Pasqual Mel\u00b7lai enregistrat per alumnes que van anar de viatge a L&#8217;Alguer amb altres alumnes de l&#8217;Institut de Cambrils coordinats per la professora de llengua catalana \u00c0ngela Buj Alfara. Any 2007.<\/p>\n<p align=\"justify\"><a href=\"http:\/\/youtu.be\/Ag_vQUgpYMQ\" target=\"_blank\" rel=\"noopener noreferrer\">Ruta medieval d&#8217;Ulldecona.<\/a> V\u00eddeo-reportatge de difusi\u00f3 dels principals monuments medievals d&#8217;Ulldecona elaborat per alumnes de l&#8217;Institut Manuel Sales i Ferr\u00e9. Curs 2005\/06.<\/p>\n<p align=\"justify\"><a href=\"http:\/\/youtu.be\/_h8askt6nkc\" target=\"_blank\" rel=\"noopener noreferrer\">Obre els ulls<\/a> V\u00eddeo de contingut mediambiental presentat al concurs &#8220;Joves reporters&#8221;. 2005<\/p>\n<p align=\"justify\"><a href=\"http:\/\/youtu.be\/PihtcKx7uVY\" target=\"_blank\" rel=\"noopener noreferrer\">C\u00e0mera i martell<\/a> V\u00eddeo elaborat per l&#8217;alumnat de l&#8217;Aula Oberta i presentat a &#8220;La Mostra&#8221; del Departament d&#8217;Educaci\u00f3, coordinat pel professor Miquel Elies. 2005\/06.<\/p>\n<p align=\"justify\"><a href=\"http:\/\/youtu.be\/EU5iSjuZJLQ\" target=\"_blank\" rel=\"noopener noreferrer\">L&#8217;ESO s&#8217;ha acabat<\/a>. Activitats del curs en un resum de final de curs. Teatre, premis, paraules de l&#8217;exdirector Jos\u00e9 C\u00f3rdoba, balls i l&#8217;actuaci\u00f3 de Pepet i Marieta. Curs 2004\/05.<\/p>\n<p align=\"justify\"><a href=\"http:\/\/youtu.be\/Cr-0RyF_ZjQ\" target=\"_blank\" rel=\"noopener noreferrer\">La Llegenda de Sant Jordi. <\/a>Teatre representat per l&#8217;alumnat de l&#8217;Aula d&#8217;Acollida i coordinat pels professors Anna Forcadell i Ricard Escandell. Curs 2004\/05.<\/p>\n<p align=\"justify\"><a href=\"http:\/\/youtu.be\/onnBIyuNk58\" target=\"_blank\" rel=\"noopener noreferrer\">Un m\u00f3n millor<\/a> Can\u00e7\u00f3 &#8220;Un m\u00f3n millor&#8221; interpretada per l&#8217;alumnat de 1r d&#8217;ESO. F\u00f2rum de les cultures 2004.<\/p>\n<p align=\"justify\"><a href=\"http:\/\/youtu.be\/p7mk8wmta1w\" target=\"_blank\" rel=\"noopener noreferrer\">Blau contra negre<\/a> V\u00eddeo presentat al concurs Kid Witness News (KWN). 2003<\/p>\n<p align=\"justify\"><a href=\"http:\/\/youtu.be\/vdRkhNb1qVE\" target=\"_blank\" rel=\"noopener noreferrer\">Qu\u00e8 puc fer jo?<\/a> Videoclip amb una can\u00e7\u00f3 original dels alumnes coordinats pel professor Paco Espelta. 2000.<\/p>\n<\/td>\n<td style=\"vertical-align: top;\"><img loading=\"lazy\" decoding=\"async\" class=\"aligncenter wp-image-483 size-thumbnail\" src=\"http:\/\/agora.xtec.cat\/ies-manuel-sales\/wp-content\/uploads\/usu728\/2015\/10\/icona-video-150x150.png\" alt=\"icona-video\" width=\"150\" height=\"150\" srcset=\"https:\/\/agora.xtec.cat\/ies-manuel-sales\/wp-content\/uploads\/usu728\/2015\/10\/icona-video-150x150.png 150w, https:\/\/agora.xtec.cat\/ies-manuel-sales\/wp-content\/uploads\/usu728\/2015\/10\/icona-video-300x300.png 300w, https:\/\/agora.xtec.cat\/ies-manuel-sales\/wp-content\/uploads\/usu728\/2015\/10\/icona-video.png 512w\" sizes=\"auto, (max-width: 150px) 100vw, 150px\" \/><\/td>\n<\/tr>\n<tr>\n<td style=\"vertical-align: top;\">\n<h4>TREBALLS DE R\u00c0DIO DE L&#8217;ALUMNAT<\/h4>\n<p>Treballs de l&#8217;alumnat com a pr\u00e0ctiques de programes de r\u00e0dio elaborats amb l&#8217;emissora del centre.<\/p>\n<p><a href=\"http:\/\/www.xtec.cat\/~jprunono\/RadioCanviClimatic.htm\" target=\"_blank\" rel=\"noopener noreferrer\"><span style=\"color: #ff6600;\"><strong>PROGRAMA DE R\u00c0DIO &#8211; CANVI CLIM\u00c0TIC<\/strong> <\/span><\/a><br \/>\nEl canvi clim\u00e0tic. Un reportatge de l&#8217;alumnat d&#8217;ESO sobre aquesta problem\u00e0tica actual.<br \/>\n2009.<\/td>\n<td style=\"vertical-align: top;\"><img loading=\"lazy\" decoding=\"async\" class=\"aligncenter size-medium wp-image-484\" src=\"http:\/\/agora.xtec.cat\/ies-manuel-sales\/wp-content\/uploads\/usu728\/2015\/10\/icona-radio.jpg\" alt=\"icona-radio\" width=\"120\" height=\"113\" \/><\/td>\n<\/tr>\n<\/tbody>\n<\/table>\n<p>&nbsp;<\/p>\n","protected":false},"excerpt":{"rendered":"<p>VIDEOTECA DE L&#8217;ALUMNAT<br \/>\nTreballs elaborats per l&#8217;alumnat del centre. Alguns han participat en algun concurs i alguns han arribat a guanyar algun premi.<\/p>\n<ul>\n<li><a href=\"http:\/\/youtu.be\/agn3qeMq3xs\" target=\"_blank\" rel=\"noopener noreferrer\">Visc en catal\u00e0<\/a> V\u00eddeo reivindicatiu per la nostra llengua. 2012.<\/li>\n<li><a href=\"http:\/\/youtu.be\/zUHKk_p0uQ0\" target=\"_blank\" rel=\"noopener noreferrer\">Remena el sucre<\/a> Grup d&#8217;alumnes realitzant una&hellip;  <a href=\"https:\/\/agora.xtec.cat\/ies-manuel-sales\/estrategia-digital-de-centre\/serveis-digitals\/activitats-tac\/\" title=\"Read ACTIVITATS TAC\">Llegeix m\u00e9s\u00bb<\/a><br \/>\n","protected":false},"author":1,"featured_media":0,"parent":65,"menu_order":20,"comment_status":"closed","ping_status":"closed","template":"page-templates\/side-menu.php","meta":{"_bbp_topic_count":0,"_bbp_reply_count":0,"_bbp_total_topic_count":0,"_bbp_total_reply_count":0,"_bbp_voice_count":0,"_bbp_anonymous_reply_count":0,"_bbp_topic_count_hidden":0,"_bbp_reply_count_hidden":0,"_bbp_forum_subforum_count":0,"footnotes":""},"class_list":["post-482","page","type-page","status-publish","hentry"],"post_mailing_queue_ids":[],"_links":{"self":[{"href":"https:\/\/agora.xtec.cat\/ies-manuel-sales\/wp-json\/wp\/v2\/pages\/482","targetHints":{"allow":["GET"]}}],"collection":[{"href":"https:\/\/agora.xtec.cat\/ies-manuel-sales\/wp-json\/wp\/v2\/pages"}],"about":[{"href":"https:\/\/agora.xtec.cat\/ies-manuel-sales\/wp-json\/wp\/v2\/types\/page"}],"author":[{"embeddable":true,"href":"https:\/\/agora.xtec.cat\/ies-manuel-sales\/wp-json\/wp\/v2\/users\/1"}],"replies":[{"embeddable":true,"href":"https:\/\/agora.xtec.cat\/ies-manuel-sales\/wp-json\/wp\/v2\/comments?post=482"}],"version-history":[{"count":2,"href":"https:\/\/agora.xtec.cat\/ies-manuel-sales\/wp-json\/wp\/v2\/pages\/482\/revisions"}],"predecessor-version":[{"id":3780,"href":"https:\/\/agora.xtec.cat\/ies-manuel-sales\/wp-json\/wp\/v2\/pages\/482\/revisions\/3780"}],"up":[{"embeddable":true,"href":"https:\/\/agora.xtec.cat\/ies-manuel-sales\/wp-json\/wp\/v2\/pages\/65"}],"wp:attachment":[{"href":"https:\/\/agora.xtec.cat\/ies-manuel-sales\/wp-json\/wp\/v2\/media?parent=482"}],"curies":[{"name":"wp","href":"https:\/\/api.w.org\/{rel}","templated":true}]}}