{"id":4740,"date":"2022-11-14T13:28:05","date_gmt":"2022-11-14T12:28:05","guid":{"rendered":"https:\/\/agora.xtec.cat\/ies-manuel-sales\/?page_id=4740"},"modified":"2023-10-09T13:45:10","modified_gmt":"2023-10-09T11:45:10","slug":"estrategia-digital-de-centre","status":"publish","type":"page","link":"https:\/\/agora.xtec.cat\/ies-manuel-sales\/estrategia-digital-de-centre\/","title":{"rendered":"ESTRAT\u00c8GIA DIGITAL DE CENTRE"},"content":{"rendered":"<p>L\u2019Estrat\u00e8gia Digital de Centre (EDC) \u00e9s un document que recull totes les accions que es realitzen en un centre, i les que es realitzaran a mitj\u00e0 termini, per aconseguir la m\u00e0xima compet\u00e8ncia digital de l\u2019alumnat, del professorat i del centre educatiu. Ha de tenir com a referent el Pla d\u2019educaci\u00f3 digital de Catalunya (PEDC), on s\u2019indica la necessitat d\u2019assolir la fita d\u2019una societat digitalment competent, fent \u00e8mfasi en l\u2019equitat i tenint en compte l\u2019evoluci\u00f3 del context social i tecnol\u00f2gic.<\/p>\n<table style=\"width: 100%; border-collapse: collapse; background-color: #1372ba;\">\n<tbody>\n<tr>\n<td style=\"width: 20%;\"><a href=\"https:\/\/agora.xtec.cat\/ies-manuel-sales\/diagnosi\/\"> <span style=\"font-size: 16px;\"><span style=\"color: #000000;\">DIAGNOSI<\/span><\/span><\/a><\/td>\n<td style=\"width: 20%;\"><a href=\"https:\/\/docs.google.com\/spreadsheets\/d\/19lHqcDNRKNNZP_BeCVCm8dmeDAZig2K1mvea2HAmicw\/edit?usp=sharing\"><span style=\"font-size: 16px;\"><span style=\"color: #000000;\">OBJECTIUS<\/span><\/span><\/a><\/td>\n<td style=\"width: 20%;\"><a href=\"https:\/\/docs.google.com\/spreadsheets\/d\/1X2m56CT0avP9kk7mVc7g-3C3LEiYMjO-UeaMCQI8Exc\/edit?usp=sharing\"><span style=\"font-size: 16px;\"><span style=\"color: #000000;\">PLANIFICACI\u00d3 DE LES ACTIVITATS<\/span><\/span><\/a><\/td>\n<td style=\"width: 20%;\"><a href=\"https:\/\/docs.google.com\/spreadsheets\/d\/1Ah01zdda_CPXX28jxez28_RDZpvmz0s2iks09t5yw_o\/edit?usp=sharing\"><span style=\"font-size: 16px;\"><span style=\"color: #000000;\">AVALUACI\u00d3<\/span><\/span><\/a><\/td>\n<td style=\"width: 20%;\"><span style=\"font-size: 16px;\"> CULTURA DIGITAL<\/span><\/td>\n<\/tr>\n<\/tbody>\n<\/table>\n","protected":false},"excerpt":{"rendered":"<p>L\u2019Estrat\u00e8gia Digital de Centre (EDC) \u00e9s un document que recull totes les accions que es realitzen en un centre, i les que es realitzaran a mitj\u00e0 termini, per aconseguir la m\u00e0xima compet\u00e8ncia digital de l\u2019alumnat, del professorat i del centre educatiu. Ha de tenir com&hellip;  <a href=\"https:\/\/agora.xtec.cat\/ies-manuel-sales\/estrategia-digital-de-centre\/\" title=\"Read ESTRAT\u00c8GIA DIGITAL DE CENTRE\">Llegeix m\u00e9s\u00bb<\/a><\/p>\n","protected":false},"author":440,"featured_media":0,"parent":0,"menu_order":9,"comment_status":"closed","ping_status":"closed","template":"page-templates\/side-menu.php","meta":{"_bbp_topic_count":0,"_bbp_reply_count":0,"_bbp_total_topic_count":0,"_bbp_total_reply_count":0,"_bbp_voice_count":0,"_bbp_anonymous_reply_count":0,"_bbp_topic_count_hidden":0,"_bbp_reply_count_hidden":0,"_bbp_forum_subforum_count":0,"footnotes":""},"class_list":["post-4740","page","type-page","status-publish","hentry"],"post_mailing_queue_ids":[],"_links":{"self":[{"href":"https:\/\/agora.xtec.cat\/ies-manuel-sales\/wp-json\/wp\/v2\/pages\/4740","targetHints":{"allow":["GET"]}}],"collection":[{"href":"https:\/\/agora.xtec.cat\/ies-manuel-sales\/wp-json\/wp\/v2\/pages"}],"about":[{"href":"https:\/\/agora.xtec.cat\/ies-manuel-sales\/wp-json\/wp\/v2\/types\/page"}],"author":[{"embeddable":true,"href":"https:\/\/agora.xtec.cat\/ies-manuel-sales\/wp-json\/wp\/v2\/users\/440"}],"replies":[{"embeddable":true,"href":"https:\/\/agora.xtec.cat\/ies-manuel-sales\/wp-json\/wp\/v2\/comments?post=4740"}],"version-history":[{"count":5,"href":"https:\/\/agora.xtec.cat\/ies-manuel-sales\/wp-json\/wp\/v2\/pages\/4740\/revisions"}],"predecessor-version":[{"id":5464,"href":"https:\/\/agora.xtec.cat\/ies-manuel-sales\/wp-json\/wp\/v2\/pages\/4740\/revisions\/5464"}],"wp:attachment":[{"href":"https:\/\/agora.xtec.cat\/ies-manuel-sales\/wp-json\/wp\/v2\/media?parent=4740"}],"curies":[{"name":"wp","href":"https:\/\/api.w.org\/{rel}","templated":true}]}}