{"id":294,"date":"2015-08-20T13:04:14","date_gmt":"2015-08-20T12:04:14","guid":{"rendered":"http:\/\/agora.xtec.cat\/ies-manuel-sales\/?page_id=294"},"modified":"2017-10-05T19:47:27","modified_gmt":"2017-10-05T17:47:27","slug":"manuel-sales-i-ferre","status":"publish","type":"page","link":"https:\/\/agora.xtec.cat\/ies-manuel-sales\/linstitut\/manuel-sales-i-ferre\/","title":{"rendered":"MANUEL SALES I FERR\u00c9"},"content":{"rendered":"<p><img loading=\"lazy\" decoding=\"async\" class=\"alignright wp-image-955 size-full\" src=\"http:\/\/agora.xtec.cat\/ies-manuel-sales\/wp-content\/uploads\/usu728\/2015\/08\/manuelsales2.jpg\" alt=\"Manuel Sales i Ferr\u00e9\" width=\"250\" height=\"334\" srcset=\"https:\/\/agora.xtec.cat\/ies-manuel-sales\/wp-content\/uploads\/usu728\/2015\/08\/manuelsales2.jpg 250w, https:\/\/agora.xtec.cat\/ies-manuel-sales\/wp-content\/uploads\/usu728\/2015\/08\/manuelsales2-225x300.jpg 225w\" sizes=\"auto, (max-width: 250px) 100vw, 250px\" \/><\/p>\n<h5><strong>Soci\u00f2leg &#8211; (Ulldecona, 1843 &#8211; Madrid, 1910)<\/strong><\/h5>\n<h6 align=\"justify\"><\/h6>\n<p align=\"justify\"><span style=\"color: #009900; font-family: arial; font-size: small;\"><em>\u201c&#8230;potser s&#8217;arribi a realitzar l&#8217;ideal de que tots, rics i pobres, rebin l&#8217;educaci\u00f3 adequada a les seves aptituds, amb la qual cosa s\u2019estalviar\u00e0 la societat el que avui malgasta en el seu afany de convertir incapa\u00e7os en savis i guanyar\u00e0 la poderosa energia que representen els talents que avui es perden en els camps.&#8221;<\/em><\/span><\/p>\n<h6 align=\"justify\"><\/h6>\n<p align=\"justify\">Professor nascut a Ulldecona (Tarragona) el 24 d&#8217;agost de 1843 i des de 1899 primer catedr\u00e0tic de Sociologia de la universitat espanyola, en introduir-se aquesta disciplina dins els estudis del Doctorat de Filosofia de la Universitat Central. No obtingu\u00e9 el t\u00edtol de batxiller fins l&#8217;any 1865, ja que va romandre nou anys cursant una frustrada carrera eclesi\u00e0stica al Seminari Conciliar de Tortosa (a la qual havia estat indu\u00eft per la seua acomodada fam\u00edlia, molt cat\u00f2lica i tradicionalista). Es trasllad\u00e0 a Madrid l&#8217;any 1867, per tal de cursar la carrera de Filosofia i Lletres, on va ser captat pels ide\u00f2legs krausistes: alumne de Juli\u00e1n Sanz del R\u00edo (inspirat en els seus treballs in\u00e8dits public\u00e0 el 1877 una <em>Filosof\u00eda de la muerte<\/em>), amic i col\u00b7laborador del prevere Fernando de Castro (l&#8217;any 1872 va ser professor ajudant seu i el 1874, com a fide\u00efcom\u00eds i legatari seu, public\u00e0 la seua<em> Memoria testamentaria<\/em>). Aconsegu\u00ed tamb\u00e9 deslliurar-se d&#8217;aquell idealisme espiritualista en anar apropant-se al positivisme i l&#8217;evolucionisme (en paraules de Mario M\u00e9ndez Bejarano: \u00abreneg\u00e0 del krausisme i s&#8217;aboc\u00e0 al corrent spenceri\u00e0\u00bb). Va ingressar per oposici\u00f3 a l&#8217;escalaf\u00f3 de catedr\u00e0tics d&#8217;universitat el 16 de juny de 1874, al guanyar la c\u00e0tedra de Geografia Hist\u00f2rica de la Universitat de Sevilla, transformada a partir del 1880 en Hist\u00f2ria Universal, interessant-se per la prehist\u00f2ria i el folklore.<\/p>\n<p align=\"justify\"><span style=\"color: #009900; font-family: arial; font-size: small;\"><em>&#8220;La Sociologia \u00e9s la filosofia de la hist\u00f2ria despullada d&#8217;un sentit metaf\u00edsic i entesa en sentit experimental i pr\u00e0ctic&#8221;<\/em><\/span><\/p>\n<p>&nbsp;<\/p>\n<p align=\"justify\">Atent a la nova disciplina en al\u00e7a, va comen\u00e7ar l&#8217;any 1889 la publicaci\u00f3 a Sevilla del seu <strong><em>Tratado de Sociolog\u00eda<\/em><\/strong>. Deu any m\u00e9s tard es trasllad\u00e0 a Madrid per a prendre possessi\u00f3 de la primera c\u00e0tedra de Sociologia de la universitat espanyola (a la Facultat de Filosofia i Lletres, Doctorat de Filosofia). El 1900 fou nomenat vicesecretari de l&#8217;Institut Internacional de Sociologia de Par\u00eds. Escollit acad\u00e8mic de la de Ci\u00e8ncies Morals i Pol\u00edtiques el 7 de novembre de 1905, va prendre possessi\u00f3 de la novena medalla d&#8217;aquesta Acad\u00e8mia el 28 de novembre de 1907, amb un discurs sobre <em>Nous fonaments de la moral<\/em>. Mor\u00ed a la seua casa de camp de Vinar\u00f2s (Castell\u00f3), despr\u00e9s d&#8217;una llarga malaltia, el 10 de desembre de 1910 (<em>Blanco y Negro<\/em> de 18 de desembre de 1910 public\u00e0 el retrat adjunt, donant compte del trasp\u00e0s del catedr\u00e0tic de Sociologia de la Universitat Central). El soterraren al cementiri civil de Madrid, al costat de les tombes de Juli\u00e1n Sanz del R\u00edo, Fernando de Castro i Nicol\u00e1s Salmer\u00f3n. L&#8217;any 1985 es commemor\u00e0 a Ulldecona el 75\u00e8 aniversari de la seua mort, i, des d&#8217;aleshores, el nostre Institut porta el seu nom.<\/p>\n<p align=\"justify\"><span style=\"color: #009900; font-family: arial; font-size: small;\"><em>\u201cCal reorganitzar l\u2019ensenyament secundari i universitari, infonent-hi un profund sentit social, de manera que els joves surtin de les universitats, les seves \u00e0nimes alliberades de m\u00f2bils mesquins, amarats dels m\u00e9s alts principis morals i dotats d\u2019una ferma voluntat per a subordinar en tot moment els interessos personals als col\u00b7lectius.\u201d<\/em><\/span><\/p>\n<p>&nbsp;<\/p>\n<h5 align=\"justify\"><strong>M\u00e9s informaci\u00f3 sobre Manuel Sales i Ferr\u00e9<\/strong><\/h5>\n<p align=\"justify\"><a href=\"https:\/\/www.google.es\/url?sa=t&amp;rct=j&amp;q=&amp;esrc=s&amp;source=web&amp;cd=7&amp;cad=rja&amp;uact=8&amp;ved=0ahUKEwifjvmTo6DMAhWKORoKHciNDWIQFghBMAY&amp;url=http%3A%2F%2Fwww.raco.cat%2Findex.php%2FRails%2Farticle%2FviewFile%2F244054%2F364770&amp;usg=AFQjCNF1tw6d3kZLRjwEzvpeAwN48pGbIw&amp;sig2=GWWKOXTrUfQtQR-_Kqc7xQ\" target=\"_blank\" rel=\"noopener noreferrer\">&#8220;Recordant Manuel Sales i Ferr\u00e9: pensament i obra intel\u00b7lectual&#8221;<\/a> &#8211; Gregori Siles Molina i Ram\u00f3n Flecha Garc\u00eda &#8211; Ra\u00efls n\u00fam. 27 (Centre d&#8217;Estudis d&#8217;Ulldecona). 2011.<\/p>\n<p align=\"justify\"><a href=\"https:\/\/www.google.es\/url?sa=t&amp;rct=j&amp;q=&amp;esrc=s&amp;source=web&amp;cd=6&amp;cad=rja&amp;uact=8&amp;ved=0ahUKEwifjvmTo6DMAhWKORoKHciNDWIQFgg7MAU&amp;url=http%3A%2F%2Fwww.raco.cat%2Findex.php%2FRails%2Farticle%2FviewFile%2F244055%2F364771&amp;usg=AFQjCNHItCK9KcvWlmU_miGtASlmQuox4Q&amp;sig2=yCetC3ASNh7LrNgNUcKlKQ\" target=\"_blank\" rel=\"noopener noreferrer\">&#8220;Manuel Sales i Ferr\u00e9, l&#8217;ulldeconenc il\u00b7lustre&#8221;<\/a> &#8211; Antoni Manuel Mu\u00f1oz Borr\u00e1s &#8211; Ra\u00efls n\u00fam. 27 (Centre d&#8217;Estudis d&#8217;Ulldecona). 2011.<\/p>\n<h5 align=\"justify\"><\/h5>\n<h5 align=\"justify\"><strong>Bibliografia cronol\u00f2gica de Manuel Sales i Ferr\u00e9<\/strong><\/h5>\n<ul>\n<li><em>Memoria testamentaria<\/em> del se\u00f1or D. Fernando de Castro, fallecido el 5 de mayo de 1874, publicada por su fideicomisario y legatario D. Manuel Sales y Ferr\u00e9, Impremta i Llibreria d&#8217; Eduardo Mart\u00ednez, Madrid 1874, 59 p\u00e1gs.<\/li>\n<li><em> Compendio razonado de Historia General<\/em>, de Fernando de Castro, vol. IV, Impremta de Jos\u00e9 Mar\u00eda P\u00e9rez, Madrid 1875, 648 p\u00e1ginas.<\/li>\n<li><em> Filosof\u00eda de la muerte<\/em>. Estudio hecho sobre manuscritos de don Juli\u00e1n Sanz del R\u00edo, Biblioteca Cient\u00edfico Liter\u00e0ria (n\u00ba 9), Impremta i llibreria de Jos\u00e9 G. Fern\u00e1ndez, Sevilla 1877, 316 p\u00e1gs.<\/li>\n<li><em> Prehistoria y origen de la civilizaci\u00f3n<\/em>, 2 volums, Impremta de Francisco Alvarez, Madrid 1880 y 1883.<\/li>\n<li><em> El hombre primitivo y las tradiciones orientales<\/em>. La Ciencia y la Religi\u00f3n. Conferencias dadas en el Ateneo Hispalense, Impremta de \u00abEl Mercantil Sevillano\u00bb, Sevilla 1881, 327 p\u00e1gs<\/li>\n<li><em>Mitolog\u00eda popular: una variante del mito de Zagreus-Osiris<\/em>. Bolet\u00edn de la Instituci\u00f3n Libre de Ense\u00f1anza, n\u00ba 7, 1883, p\u00e1gs. 134-140.<\/li>\n<li><em> Compendio de Historia Universal. Edad prehist\u00f3rica y per\u00edodo oriental,<\/em> 2 volums, Impremta de Francisco Alvarez i C\u00aa, Madrid 1883 y 1885.<\/li>\n<li><em>Historia general<\/em>, Tello, Madrid 1884, 456 p\u00e1gs. 2\u00aa edici\u00f3: Fortanet, Madrid 1905, 536 p\u00e1gs. 3\u00aa edici\u00f3: Llibreria General de Victoriano Su\u00e1rez, Madrid 1911, 534 p\u00e1gs. 3\u00aa ed. reimp.: Llibreria General de Victoriano Su\u00e1rez, Madrid 1917, 544 p\u00e1gs. 5\u00aa reimpressi\u00f3: Llibreria General de Victoriano Su\u00e1rez, Madrid 1923, 544 p\u00e1gs.<\/li>\n<li><em> Estudios arqueol\u00f3gicos e hist\u00f3ricos<\/em>, Llibreria de Victoriano Su\u00e1rez, Madrid 1887, 205 p\u00e1gs.<\/li>\n<li><em> Tratado de Sociolog\u00eda. Evoluci\u00f3n social y pol\u00edtica<\/em>, 4 volums. Impremta de G. Salar, Sevilla 1889. Segona part [2 a 4, numerats tamb\u00e9 de l&#8217;1 al 3]: Llibreria de Victoriano Su\u00e1rez, Madrid 1894-1897. Tom I: Estudios de sociolog\u00eda (VIII+254 p\u00e1gs.). Tom II: Del hetairismo al patriarcado (1894, 372 p\u00e1gs.). Tom III: Tribu y ciudad (1895, 496 p\u00e1gs.). Tom IV: La Naci\u00f3n (1897, 512 p\u00e1gs.).<\/li>\n<li><em> El descubrimiento de Am\u00e9rica, seg\u00fan las \u00faltimas investigaciones<\/em>, Tipografia D\u00edaz y Carballo, Sevilla 1893, XII+255 p\u00e1gs.<\/li>\n<li><em> Psicolog\u00eda del pueblo espa\u00f1ol. Complejidad de los problemas sociales,<\/em> Juventus, n\u00ba 6, 1901.<\/li>\n<li><em> Funci\u00f3n del socialismo en la transformaci\u00f3n actual de las naciones<\/em>, Discurs pronunciat a l&#8217;Institut de Sociologia, Llibreria General de Victoriano Su\u00e1rez, Madrid 1902, 31 p\u00e1gs.<\/li>\n<li><em> Psicolog\u00eda del pueblo espa\u00f1ol<\/em>, Nuestro Tiempo, n\u00ba 13, gener 1902, p\u00e1g. 9-ss.<\/li>\n<li><em> La sociolog\u00eda y la filosof\u00eda de la historia<\/em>, Nuestro Tiempo, n\u00ba 20, 1902, p\u00e1g. 177-ss.<\/li>\n<li><em>De la civilizaci\u00f3n y su medida, La Espa\u00f1a Moderna,<\/em> n\u00ba 180, desembre 1903, p\u00e1gs. 35-53.<\/li>\n<li><em> El Estado social, La Lectura, <\/em>setembre 1904, p\u00e1g. 19-ss.; octubre 1904, p\u00e1g. 126-ss.<\/li>\n<li><em> Nuevos fundamentos de la Moral.<\/em> Discursos le\u00eddos ante la Real Academia de Ciencias Morales y Pol\u00edticas en la recepci\u00f3n p\u00fablica (&#8230;) el d\u00eda 28 de abril de 1907 (contestaci\u00f3 d&#8217;Eduardo Sanz Escart\u00edn), Tipografia de la Viuda e Hijos de Tello, Madrid 1907, 123 p\u00e1ginas.<\/li>\n<li><em> La transformaci\u00f3n del Jap\u00f3n<\/em>, discurso le\u00eddo ante la RACMP en sesi\u00f3n p\u00fablica celebrada para conmemorar el 50 aniversario de su constituci\u00f3n, el 7 de febrero de 1909, Reial Acad\u00e8mia de Ci\u00e8ncias Morals i Pol\u00edtiques, Madrid 1909, 151 p\u00e1gs.<\/li>\n<li><em>El nacionalismo y la paz armada<\/em>, Actes del Congr\u00e9s de Saragossa de l&#8217;Associaci\u00f3 Espanyola per al Progr\u00e9s de les Ci\u00e8ncies, tom V, secci\u00f3 4\u00aa, Madrid 1909.<\/li>\n<li><em> Problemas sociales,<\/em> Llibreria de Victoriano Su\u00e1rez, Madrid 1910, 325 p\u00e1gs. (La decadencia de Espa\u00f1a, El pauperismo y la caridad, El nacionalismo y la paz armada, Funci\u00f3n del socialismo en la transformaci\u00f3n actual de las naciones.)<\/li>\n<li><em>Sociolog\u00eda general <\/em>(publicaci\u00f3 p\u00f2stuma, a c\u00e0rrec de Domingo Barn\u00e9s), Llibreria General de Victoriano Su\u00e1rez, Madrid 1912, 464 p\u00e1gs.<\/li>\n<\/ul>\n","protected":false},"excerpt":{"rendered":"<p>Soci\u00f2leg &#8211; (Ulldecona, 1843 &#8211; Madrid, 1910)<\/p>\n<p>\u201c&#8230;potser s&#8217;arribi a realitzar l&#8217;ideal de que tots, rics i pobres, rebin l&#8217;educaci\u00f3 adequada a les seves aptituds, amb la qual cosa s\u2019estalviar\u00e0 la societat el que avui malgasta en el seu afany de convertir incapa\u00e7os en savis i&hellip;  <a href=\"https:\/\/agora.xtec.cat\/ies-manuel-sales\/linstitut\/manuel-sales-i-ferre\/\" title=\"Read MANUEL SALES I FERR\u00c9\">Llegeix m\u00e9s\u00bb<\/a><\/p>\n","protected":false},"author":1,"featured_media":0,"parent":19,"menu_order":30,"comment_status":"closed","ping_status":"closed","template":"page-templates\/side-menu.php","meta":{"_bbp_topic_count":0,"_bbp_reply_count":0,"_bbp_total_topic_count":0,"_bbp_total_reply_count":0,"_bbp_voice_count":0,"_bbp_anonymous_reply_count":0,"_bbp_topic_count_hidden":0,"_bbp_reply_count_hidden":0,"_bbp_forum_subforum_count":0,"footnotes":""},"class_list":["post-294","page","type-page","status-publish","hentry"],"post_mailing_queue_ids":[],"_links":{"self":[{"href":"https:\/\/agora.xtec.cat\/ies-manuel-sales\/wp-json\/wp\/v2\/pages\/294","targetHints":{"allow":["GET"]}}],"collection":[{"href":"https:\/\/agora.xtec.cat\/ies-manuel-sales\/wp-json\/wp\/v2\/pages"}],"about":[{"href":"https:\/\/agora.xtec.cat\/ies-manuel-sales\/wp-json\/wp\/v2\/types\/page"}],"author":[{"embeddable":true,"href":"https:\/\/agora.xtec.cat\/ies-manuel-sales\/wp-json\/wp\/v2\/users\/1"}],"replies":[{"embeddable":true,"href":"https:\/\/agora.xtec.cat\/ies-manuel-sales\/wp-json\/wp\/v2\/comments?post=294"}],"version-history":[{"count":4,"href":"https:\/\/agora.xtec.cat\/ies-manuel-sales\/wp-json\/wp\/v2\/pages\/294\/revisions"}],"predecessor-version":[{"id":1652,"href":"https:\/\/agora.xtec.cat\/ies-manuel-sales\/wp-json\/wp\/v2\/pages\/294\/revisions\/1652"}],"up":[{"embeddable":true,"href":"https:\/\/agora.xtec.cat\/ies-manuel-sales\/wp-json\/wp\/v2\/pages\/19"}],"wp:attachment":[{"href":"https:\/\/agora.xtec.cat\/ies-manuel-sales\/wp-json\/wp\/v2\/media?parent=294"}],"curies":[{"name":"wp","href":"https:\/\/api.w.org\/{rel}","templated":true}]}}