{"id":27,"date":"2014-09-17T16:24:03","date_gmt":"2014-09-17T16:24:03","guid":{"rendered":"http:\/\/agora.xtec.cat\/ies-manuel-sales\/?page_id=27"},"modified":"2024-01-18T18:34:47","modified_gmt":"2024-01-18T17:34:47","slug":"historia","status":"publish","type":"page","link":"https:\/\/agora.xtec.cat\/ies-manuel-sales\/linstitut\/historia\/","title":{"rendered":"HIST\u00d2RIA"},"content":{"rendered":"<h4>BREU HIST\u00d2RIA DE L&#8217;INSTITUT<\/h4>\n<h5 style=\"text-align: justify;\">RA\u00cfLS VITALS (1968-1975)<\/h5>\n<p style=\"text-align: justify;\"><a href=\"http:\/\/agora.xtec.cat\/ies-manuel-sales\/wp-content\/uploads\/usu728\/2014\/09\/1968-Inauguraci\u00f3-02.jpg\"><img loading=\"lazy\" decoding=\"async\" class=\"alignright wp-image-298\" src=\"http:\/\/agora.xtec.cat\/ies-manuel-sales\/wp-content\/uploads\/usu728\/2014\/09\/1968-Inauguraci\u00f3-02-300x195.jpg\" alt=\"1968 Inauguraci\u00f3 02\" width=\"400\" height=\"260\" srcset=\"https:\/\/agora.xtec.cat\/ies-manuel-sales\/wp-content\/uploads\/usu728\/2014\/09\/1968-Inauguraci\u00f3-02-300x195.jpg 300w, https:\/\/agora.xtec.cat\/ies-manuel-sales\/wp-content\/uploads\/usu728\/2014\/09\/1968-Inauguraci\u00f3-02-1024x665.jpg 1024w, https:\/\/agora.xtec.cat\/ies-manuel-sales\/wp-content\/uploads\/usu728\/2014\/09\/1968-Inauguraci\u00f3-02.jpg 1641w\" sizes=\"auto, (max-width: 400px) 100vw, 400px\" \/><\/a>S&#8217;inaugurava el nostre centre el dia 18 d&#8217;octubre de 1968 com a Col\u00b7legi Lliure Adoptat (CLA). La disposici\u00f3 d&#8217;obertura va ser publicada al BOE del 24 de juny de 1969. Els alumnes s&#8217;examinaven trimestralment, i les proves s&#8217;efectuaven per part dels professors dels instituts d&#8217;Amposta (el primer any) i Tortosa (els anys seg\u00fcents). Se li va donar el nom de &#8220;Ramon Forcadell&#8221;, que era l&#8217;alcalde del municipi en aquells temps. Es comen\u00e7\u00e0 impartint el segon curs del batxillerat elemental, i fou durant el segon any de funcionament que s&#8217;ofer\u00ed el primer. Alguns dels primers professors d&#8217;aquest per\u00edode foren: Carmen Salom\u00f3n (franc\u00e8s), moss\u00e8n Lorenzo Oms i Mn. Jos\u00e9 Mar\u00eda Subirats (religi\u00f3), Rosa Puig (gimn\u00e0stica), Francisco Villanueva (matem\u00e0tiques), Vicente Puig, Maria Cinta Caball\u00e9, Javier Ferr\u00e9, Isabel Millan, Ana Torn\u00e9, Rafael Itarte (Don Rafel), i Maria Cinta Felip (castell\u00e0) la qual ocup\u00e0 el c\u00e0rrec de directora fins a l&#8217;any 1977.<\/p>\n<h5 style=\"text-align: justify;\">MUNICIPAL I ADOPTAT (1975-1985)<\/h5>\n<p style=\"text-align: justify;\">Durant el curs 1969-1970 el nostre institut es convert\u00ed en una extensi\u00f3 de l&#8217;institut &#8220;Joaqu\u00edn Bau&#8221; de Tortosa; fins a l&#8217;any 1975 va continuar sent CLA, car aquest mateix any adquir\u00ed el car\u00e0cter de municipal i despr\u00e9s, homologat (o sigui, els ex\u00e0mens els feien els mateixos professors que hi impartien les classes i de la part burocr\u00e0tica &#8211; les matr\u00edcules &#8211; s&#8217;encarregava la secretaria del &#8220;Joaqu\u00edn Bau&#8221;). Durant tot aquest per\u00edode el centre va rebre el suport del consistori del poble, regit pels alcaldes Ramon Forcadell, Jeroni Castell i Jaume Antich. En aquell moment tamb\u00e9 es va crear una Associaci\u00f3 de pares d&#8217;alumnes que va jugar un paper molt important en el manteniment del centre, i durant l&#8217;any 1977 pass\u00e0 a ser directora Maria Llu\u00efsa Ferr\u00e9, substituint Maria Cinta Felip.<\/p>\n<h5 style=\"text-align: justify;\">SOMNI I REALITAT (1985-1995)<\/h5>\n<p style=\"text-align: justify;\">Durant la d\u00e8cada dels 80 va ser director Jos\u00e9 C\u00f3rdoba. El millor que pot il\u00b7lustrar aquesta \u00e8poca de grans canvis va ser que durant el curs 1985-1986 va passar a ser institut de batxillerat &#8220;Manuel Sales i Ferr\u00e9&#8221;, depenent de la Generalitat de Catalunya, i es foment\u00e0 la participaci\u00f3 de l&#8217;Associaci\u00f3 de Pares com a \u00f2rgan rector del centre.<\/p>\n<p style=\"text-align: justify;\">Com a centre p\u00fablic depenent del Departament d&#8217;Ensenyament, la direcci\u00f3 de Jos\u00e9 C\u00f3rdoba va donar pas a dos breus per\u00edodes de direcci\u00f3 amb Josep Ll\u00e0dser (1989\/1992) i Julio Tena (1992\/1995). En aquest \u00faltim per\u00edode es va realitzar l&#8217;ampliaci\u00f3 de l&#8217;antic edifici amb un bloc d&#8217;aules, laboratoris i espais de gesti\u00f3, aix\u00ed com una biblioteca i una sala d&#8217;actes que connecta amb l&#8217;edifici hist\u00f2ric a trav\u00e9s de rampes. Aix\u00f2 va permetre descongestionar els espais existents i donar una imatge m\u00e9s moderna de l&#8217;institut des del carrer.<\/p>\n<h5>L&#8217;INSTITUT AL CANVI DE SEGLE (1995-&#8230;)<\/h5>\n<p style=\"text-align: justify;\">A partir del curs 1995\/96 agafa el relleu de direcci\u00f3 Ma. Pilar Aparicio, la qual protagonitzar\u00e0 un llarg per\u00edode de gesti\u00f3 de 21 anys en els quals s&#8217;esdevingueren importants reformes, tant en la vessant educativa com material. Es van renovar molts equipaments com el gimn\u00e0s, apostant per la innovaci\u00f3 tecnol\u00f2gica i inform\u00e0tica, es va millorar l&#8217;enjardinat extern i es va aconseguir la implantaci\u00f3 d&#8217;estudis de Formaci\u00f3 Professional, com el nou Cicle Formatiu de Grau Mitj\u00e0 de Sistemes microinform\u00e0tics i xarxes. Aix\u00f2 va permetre l&#8217;ampliaci\u00f3 de l&#8217;oferta educativa d&#8217;Ulldecona i l&#8217;increment del nombre d&#8217;alumnes. Tamb\u00e9 es van engegar diversos programes d&#8217;innovaci\u00f3 educativa que van millorar la qualitat del servei i la imatge del centre.<\/p>\n<p style=\"text-align: justify;\">Entre els cursos 2016\/17 i 2023\/24 la direcci\u00f3 va estar a c\u00e0rrec de Ricard Reverter, el qual va ampliar i millorar tots els programes d&#8217;innovaci\u00f3 educativa existents i va aconseguir implantar uns nous estudis del Programa de Formaci\u00f3 i Inserci\u00f3 d&#8217;auxiliar de construcci\u00f3. Es van continuar fomentant les noves tecnologies al servei de l&#8217;educaci\u00f3 com a centre pilot, es va integrar el centre en la Xarxa de Compet\u00e8ncies territorial i es van iniciar programes de mobilitat internacional Erasmus+, apostant pel pluriling\u00fcisme en el curr\u00edculum. Tanmateix, es va aconseguir que el centre fos referent territorial de l&#8217;alumnat universitari en pr\u00e0ctiques amb el programa MUFPS.<\/p>\n<h5 style=\"text-align: justify;\">DIRECTORS I DIRECTORES<\/h5>\n<p style=\"text-align: justify;\">Durant tots aquests anys d&#8217;hist\u00f2ria educativa a Ulldecona han estat directors i directores del centre:<\/p>\n<table>\n<tbody>\n<tr>\n<td style=\"width: 150px; vertical-align: bottom;\"><a href=\"http:\/\/agora.xtec.cat\/ies-manuel-sales\/wp-content\/uploads\/usu728\/2014\/09\/Ma_Cinta_Felip.jpg\"><img loading=\"lazy\" decoding=\"async\" class=\"aligncenter wp-image-289\" src=\"http:\/\/agora.xtec.cat\/ies-manuel-sales\/wp-content\/uploads\/usu728\/2014\/09\/Ma_Cinta_Felip.jpg\" alt=\"Ma_Cinta_Felip\" width=\"79\" height=\"126\" \/><\/a><\/td>\n<td style=\"width: 150px; vertical-align: bottom;\"><a href=\"http:\/\/agora.xtec.cat\/ies-manuel-sales\/wp-content\/uploads\/usu728\/2014\/09\/marisa_ferre_jove.jpg\"><img loading=\"lazy\" decoding=\"async\" class=\" wp-image-290 aligncenter\" src=\"http:\/\/agora.xtec.cat\/ies-manuel-sales\/wp-content\/uploads\/usu728\/2014\/09\/marisa_ferre_jove.jpg\" alt=\"marisa_ferre_jove\" width=\"90\" height=\"94\" \/><\/a><\/td>\n<td style=\"width: 150px; vertical-align: bottom;\"><a href=\"http:\/\/agora.xtec.cat\/ies-manuel-sales\/wp-content\/uploads\/usu728\/2014\/09\/Irene000.jpg\"><img loading=\"lazy\" decoding=\"async\" class=\" wp-image-286 aligncenter\" src=\"http:\/\/agora.xtec.cat\/ies-manuel-sales\/wp-content\/uploads\/usu728\/2014\/09\/Irene000-119x150.jpg\" alt=\"Irene000\" width=\"89\" height=\"112\" \/><\/a><\/td>\n<td style=\"width: 150px; vertical-align: bottom;\"><a href=\"http:\/\/agora.xtec.cat\/ies-manuel-sales\/wp-content\/uploads\/usu728\/2014\/09\/josecordoba.jpg\"><img loading=\"lazy\" decoding=\"async\" class=\" wp-image-287 aligncenter\" src=\"http:\/\/agora.xtec.cat\/ies-manuel-sales\/wp-content\/uploads\/usu728\/2014\/09\/josecordoba.jpg\" alt=\"josecordoba\" width=\"91\" height=\"129\" \/><\/a><\/td>\n<td style=\"width: 150px; vertical-align: bottom;\"><img loading=\"lazy\" decoding=\"async\" class=\" wp-image-610 aligncenter\" src=\"http:\/\/agora.xtec.cat\/ies-manuel-sales\/wp-content\/uploads\/usu728\/2014\/09\/Josep_Lladser-150x150.jpg\" alt=\"Josep_Lladser\" width=\"100\" height=\"122\" srcset=\"https:\/\/agora.xtec.cat\/ies-manuel-sales\/wp-content\/uploads\/usu728\/2014\/09\/Josep_Lladser-246x300.jpg 246w, https:\/\/agora.xtec.cat\/ies-manuel-sales\/wp-content\/uploads\/usu728\/2014\/09\/Josep_Lladser.jpg 480w\" sizes=\"auto, (max-width: 100px) 100vw, 100px\" \/><\/td>\n<td style=\"width: 150px; vertical-align: bottom;\"><a href=\"http:\/\/agora.xtec.cat\/ies-manuel-sales\/wp-content\/uploads\/usu728\/2014\/09\/juliotena.jpg\"><img loading=\"lazy\" decoding=\"async\" class=\" wp-image-288 aligncenter\" src=\"http:\/\/agora.xtec.cat\/ies-manuel-sales\/wp-content\/uploads\/usu728\/2014\/09\/juliotena.jpg\" alt=\"juliotena\" width=\"91\" height=\"113\" \/><\/a><\/td>\n<td style=\"width: 150px; vertical-align: bottom;\"><a href=\"http:\/\/agora.xtec.cat\/ies-manuel-sales\/wp-content\/uploads\/usu728\/2014\/09\/PilarAparicio.jpg\"><img loading=\"lazy\" decoding=\"async\" class=\" wp-image-291 aligncenter\" src=\"http:\/\/agora.xtec.cat\/ies-manuel-sales\/wp-content\/uploads\/usu728\/2014\/09\/PilarAparicio.jpg\" alt=\"PilarAparicio\" width=\"90\" height=\"113\" \/><\/a><\/td>\n<td style=\"width: 150px; vertical-align: bottom;\">\u00a0<img loading=\"lazy\" decoding=\"async\" class=\"aligncenter wp-image-878\" src=\"http:\/\/agora.xtec.cat\/ies-manuel-sales\/wp-content\/uploads\/usu728\/2014\/09\/Ricard2010.jpg\" alt=\"RicardReverter\" width=\"90\" height=\"106\" \/><\/td>\n<\/tr>\n<tr>\n<td style=\"background-color: #90e68e; text-align: center;\"><span style=\"font-family: Verdana,Arial,Helvetica,sans-serif; font-size: small;\"><strong>Ma. Cinta Felip<\/strong><br \/>\n(1968-1977)<br \/>\n<\/span><\/td>\n<td style=\"background-color: #90e68e; text-align: center;\"><span style=\"font-family: Verdana,Arial,Helvetica,sans-serif; font-size: small;\"><strong>Ma. Llu\u00efsa Ferr\u00e9<\/strong><br \/>\n(1977-1979)<\/span><\/td>\n<td style=\"background-color: #90e68e; text-align: center;\"><span style=\"font-family: Verdana,Arial,Helvetica,sans-serif; font-size: small;\"><strong>Irene Calduch<br \/>\n<\/strong>(nomenada<br \/>\ndurant l&#8217;any 1979)<\/span><\/td>\n<td style=\"background-color: #90e68e; text-align: center;\"><span style=\"font-family: Verdana,Arial,Helvetica,sans-serif; font-size: small;\"><strong>Jos\u00e9 Antonio C\u00f3rdoba<\/strong><br \/>\n(1979-1989)<\/span><\/td>\n<td style=\"background-color: #90e68e; text-align: center;\"><span style=\"font-family: Verdana,Arial,Helvetica,sans-serif; font-size: small;\"><strong>Josep Ll\u00e0dser<br \/>\n<\/strong>(1989-1992)<br \/>\n<strong><br \/>\n<\/strong><\/span><\/td>\n<td style=\"background-color: #90e68e; text-align: center;\"><span style=\"font-family: Verdana,Arial,Helvetica,sans-serif; font-size: small;\"><strong>Julio Tena<\/strong><br \/>\n(1992-1995)<\/span><\/td>\n<td style=\"background-color: #90e68e; text-align: center;\"><span style=\"font-family: Verdana,Arial,Helvetica,sans-serif; font-size: small;\"><strong>Ma. del Pilar Aparicio<\/strong><br \/>\n(1995-2016)<\/span><\/td>\n<td style=\"background-color: #90e68e; text-align: center;\">\u00a0<span style=\"font-family: Verdana,Arial,Helvetica,sans-serif; font-size: small;\"><strong>Ricard Reverter<\/strong><br \/>\n(2016-2024)<\/span><\/td>\n<\/tr>\n<\/tbody>\n<\/table>\n<h5><\/h5>\n<h5 style=\"text-align: justify;\">40 ANIVERSARI<\/h5>\n<p style=\"text-align: justify;\">L&#8217;any 2008 s&#8217;esdevingu\u00e9 la commemoraci\u00f3 dels 40 anys de funcionament d&#8217;aquest institut. Tot un seguit d&#8217;actes amb la col\u00b7laboraci\u00f3 i la participaci\u00f3 de tota la comunitat educativa varen servir per celebrar com cal aquesta hist\u00f2rica efem\u00e8ride. Clicant sobre el seg\u00fcent logo accedireu a la p\u00e0gina de l&#8217;aniversari.<\/p>\n<p><a href=\"http:\/\/agora.xtec.cat\/ies-manuel-sales\/linstitut\/historia\/40-aniversari\/\"><img loading=\"lazy\" decoding=\"async\" class=\"alignnone wp-image-292\" src=\"http:\/\/agora.xtec.cat\/ies-manuel-sales\/wp-content\/uploads\/usu728\/2014\/09\/logo40MColor.jpg\" alt=\"logo40MColor\" width=\"201\" height=\"132\" \/><\/a><\/p>\n<p><span style=\"color: #800080;\"><strong>UN AHIR PER UN DEM\u00c0.<\/strong><\/span><\/p>\n<p>&nbsp;<\/p>\n<h5 style=\"text-align: justify;\">50 ANIVERSARI<\/h5>\n<p style=\"text-align: justify;\">Durant el curs 2018\/19 es van celebrar diversos actes per commemorar el 50\u00e8 Aniversari de la inauguraci\u00f3 de l&#8217;Institut. El conseller d&#8217;Educaci\u00f3 de la Generalitat de Catalunya, Hble. <strong>Josep Bargall\u00f3<\/strong>, va visitar-nos el 4 de maig de 2019 i va descobrir una placa commemorativa que recordar\u00e0 per sempre aquesta important efem\u00e8ride.<\/p>\n<p style=\"text-align: justify;\">Tots els detalls de la programaci\u00f3 al seg\u00fcent <strong><a href=\"https:\/\/agora.xtec.cat\/ies-manuel-sales\/categoria\/50anys\/\">enlla\u00e7<\/a><\/strong>.<\/p>\n<p><img loading=\"lazy\" decoding=\"async\" class=\"alignleft size-full wp-image-2819\" src=\"https:\/\/agora.xtec.cat\/ies-manuel-sales\/wp-content\/uploads\/usu728\/2019\/05\/VisitaConseller2.jpg\" alt=\"Visita Conseller 2019\" width=\"540\" height=\"282\" \/><\/p>\n","protected":false},"excerpt":{"rendered":"<p>BREU HIST\u00d2RIA DE L&#8217;INSTITUT<br \/>\nRA\u00cfLS VITALS (1968-1975)<br \/>\n<a href=\"http:\/\/agora.xtec.cat\/ies-manuel-sales\/wp-content\/uploads\/usu728\/2014\/09\/1968-Inauguraci\u00f3-02.jpg\"><\/a>S&#8217;inaugurava el nostre centre el dia 18 d&#8217;octubre de 1968 com a Col\u00b7legi Lliure Adoptat (CLA). La disposici\u00f3 d&#8217;obertura va ser publicada al BOE del 24 de juny de 1969. Els alumnes s&#8217;examinaven trimestralment, i les proves s&#8217;efectuaven per&hellip;  <a href=\"https:\/\/agora.xtec.cat\/ies-manuel-sales\/linstitut\/historia\/\" title=\"Read HIST\u00d2RIA\">Llegeix m\u00e9s\u00bb<\/a><\/p>\n","protected":false},"author":1,"featured_media":0,"parent":19,"menu_order":20,"comment_status":"closed","ping_status":"closed","template":"","meta":{"_bbp_topic_count":0,"_bbp_reply_count":0,"_bbp_total_topic_count":0,"_bbp_total_reply_count":0,"_bbp_voice_count":0,"_bbp_anonymous_reply_count":0,"_bbp_topic_count_hidden":0,"_bbp_reply_count_hidden":0,"_bbp_forum_subforum_count":0,"footnotes":""},"class_list":["post-27","page","type-page","status-publish","hentry"],"post_mailing_queue_ids":[],"_links":{"self":[{"href":"https:\/\/agora.xtec.cat\/ies-manuel-sales\/wp-json\/wp\/v2\/pages\/27","targetHints":{"allow":["GET"]}}],"collection":[{"href":"https:\/\/agora.xtec.cat\/ies-manuel-sales\/wp-json\/wp\/v2\/pages"}],"about":[{"href":"https:\/\/agora.xtec.cat\/ies-manuel-sales\/wp-json\/wp\/v2\/types\/page"}],"author":[{"embeddable":true,"href":"https:\/\/agora.xtec.cat\/ies-manuel-sales\/wp-json\/wp\/v2\/users\/1"}],"replies":[{"embeddable":true,"href":"https:\/\/agora.xtec.cat\/ies-manuel-sales\/wp-json\/wp\/v2\/comments?post=27"}],"version-history":[{"count":5,"href":"https:\/\/agora.xtec.cat\/ies-manuel-sales\/wp-json\/wp\/v2\/pages\/27\/revisions"}],"predecessor-version":[{"id":5743,"href":"https:\/\/agora.xtec.cat\/ies-manuel-sales\/wp-json\/wp\/v2\/pages\/27\/revisions\/5743"}],"up":[{"embeddable":true,"href":"https:\/\/agora.xtec.cat\/ies-manuel-sales\/wp-json\/wp\/v2\/pages\/19"}],"wp:attachment":[{"href":"https:\/\/agora.xtec.cat\/ies-manuel-sales\/wp-json\/wp\/v2\/media?parent=27"}],"curies":[{"name":"wp","href":"https:\/\/api.w.org\/{rel}","templated":true}]}}