{"id":2295,"date":"2018-09-28T13:13:41","date_gmt":"2018-09-28T11:13:41","guid":{"rendered":"http:\/\/agora.xtec.cat\/ies-manuel-sales\/?page_id=2295"},"modified":"2024-01-20T18:29:10","modified_gmt":"2024-01-20T17:29:10","slug":"gep-generacio-plurilingue","status":"publish","type":"page","link":"https:\/\/agora.xtec.cat\/ies-manuel-sales\/projectes\/gep-generacio-plurilingue\/","title":{"rendered":"GEP &#8211; GENERACI\u00d3 PLURILING\u00dcE"},"content":{"rendered":"<table style=\"border-collapse: collapse; width: 100%;\" border=\"1\">\n<tbody>\n<tr>\n<td style=\"width: 80%;\">\n<h3>PROGRAMA GEP 2023\/24<\/h3>\n<p style=\"text-align: justify;\">Els objectius generals del programa s\u00f3n promoure l\u2019aplicaci\u00f3 a l\u2019aula de metodologies per a l\u2019aprenentatge integrat de continguts i llengua estrangera (AICLE); fomentar el desenvolupament de projectes interdisciplinaris en llengua estrangera, i oferir pautes per a l\u2019organitzaci\u00f3 educativa i el disseny curricular. A trav\u00e9s del GEP tamb\u00e9 es vol refor\u00e7ar el treball cooperatiu entre el professorat, fomentar la innovaci\u00f3 educativa i promoure l&#8217;intercanvi de bones pr\u00e0ctiques entre els centres educatius participants, aix\u00ed com la mobilitat internacional amb intercanvis Erasmus+ o eTwinning dels alumnes i docents del centre.<\/p>\n<p style=\"text-align: justify;\">Els <strong>objectius<\/strong> espec\u00edfics del GEP per a aquest per\u00edode s\u00f3n els seg\u00fcents:<\/p>\n<ul>\n<li style=\"text-align: justify;\">Millorar la compet\u00e8ncia comunicativa en llengua estrangera<\/li>\n<li style=\"text-align: justify;\">Promoure les metodologies AICLE entre els equips docents<\/li>\n<li style=\"text-align: justify;\">Fomentar el treball cooperatiu i per projectes<\/li>\n<li style=\"text-align: justify;\">Fomentar els intercanvis internacionals entre l&#8217;alumnat i el professorat<\/li>\n<\/ul>\n<p><a href=\"https:\/\/agora.xtec.cat\/ies-manuel-sales\/projectes\/gep-generacio-plurilingue\/programa-gep-2018-2021\/\"><strong>ACTIVITATS DEL PROGRAMA GEP 2018-2021 &gt;&gt;&gt;<\/strong><\/a><\/td>\n<td style=\"width: 19.9799%; vertical-align: top;\"><img loading=\"lazy\" decoding=\"async\" class=\"aligncenter size-full wp-image-2296\" src=\"http:\/\/agora.xtec.cat\/ies-manuel-sales\/wp-content\/uploads\/usu728\/2018\/09\/GEP-Logo.jpg\" alt=\"Generaci\u00f3 Pluriling\u00fce\" width=\"339\" height=\"211\" \/><\/td>\n<\/tr>\n<tr>\n<td style=\"width: 80%; vertical-align: top;\">\n<h3>EQUIP IMPULSOR<\/h3>\n<ul>\n<li>Anna Forcadell Geira, coordinadora pedag\u00f2gica<\/li>\n<li>Nat\u00e0lia Gras Subirats, cap de departament de lleng\u00fces estrangeres<\/li>\n<li>Rosa Bort Bordenave<\/li>\n<li>Mireia Bel Garrit, coordinadora Erasmus+<\/li>\n<li>Lluc Ulldemolins Nolla<\/li>\n<li>Albert Roca Gas<\/li>\n<li>Jennifer Gonz\u00e1lez Ausejo<\/li>\n<\/ul>\n<\/td>\n<td style=\"width: 19.9799%; vertical-align: top;\"><img loading=\"lazy\" decoding=\"async\" class=\"aligncenter\" src=\"https:\/\/www.upf.edu\/documents\/213082737\/213086671\/small+feedback-2044700_1280.png\/3c789fa8-f582-d76d-298a-f77c9770ed8b?t=1525856315554\" alt=\"GEP Equip Impulsor\" width=\"329\" height=\"210\" \/><\/td>\n<\/tr>\n<tr>\n<td style=\"width: 80%; vertical-align: top;\">\n<h3>ACTIVITATS<\/h3>\n<ul>\n<li><strong>Doc\u00e8ncia en angl\u00e8s<\/strong> a les mat\u00e8ries d&#8217;ESO: Matem\u00e0tiques, Tecnologia i F\u00edsica i Qu\u00edmica.<\/li>\n<li><strong>Suport docent<\/strong> de les professores especialistes d&#8217;angl\u00e8s durant algunes hores setmanals a les mat\u00e8ries no ling\u00fc\u00edstiques.<\/li>\n<li>Projectes d&#8217;intercanvi <strong>eTwinning<\/strong> amb escoles europees en llengua francesa o anglesa.<\/li>\n<li>Programes d&#8217;intercanvi <strong>ERASMUS+<\/strong> dins el microconsorci EMAILC.<\/li>\n<li>Implantaci\u00f3 de <strong>mat\u00e8ries optatives en angl\u00e8s<\/strong> com a preparaci\u00f3 de l&#8217;alumnat per a les proves de nivell externes.<\/li>\n<li>Preparaci\u00f3 d&#8217;alumnes per a les <strong>proves DELF<\/strong> de llengua francesa.<\/li>\n<li>Servei d&#8217;un <strong>auxiliar de conversa<\/strong> per millorar la compet\u00e8ncia oral en llengua estrangera.<\/li>\n<\/ul>\n<\/td>\n<td style=\"width: 19.9799%; vertical-align: top;\"><img loading=\"lazy\" decoding=\"async\" class=\"aligncenter \" src=\"http:\/\/xtec.gencat.cat\/web\/.content\/projectes\/plurilinguisme\/Accions-llengues\/llengues\/frances\/Imatges\/tree_of_numbers445.jpg_839391210.jpg\" alt=\"Activitats GEP\" width=\"318\" height=\"337\" \/><\/td>\n<\/tr>\n<tr>\n<td style=\"width: 80%; vertical-align: top;\">\n<h3>METODOLOGIA AICLE<\/h3>\n<p style=\"text-align: justify;\"><span style=\"color: #000000;\">Durant els cursos 2021\/22, 2022\/23 i 2023\/24 continuem implementant activitats a l&#8217;aula amb metodologia AICLE dins les mat\u00e8ries de Matem\u00e0tiques, F\u00edsica i Qu\u00edmica i Tecnologia.<\/span><\/p>\n<p style=\"text-align: justify;\">Es pret\u00e9n recollir totes les activitats dissenyades amb aquesta metodologia en una <strong>base de dades<\/strong> que actuar\u00e0 com a repositori compartit amb tot el professorat del claustre, de manera que cada activitat inclour\u00e0 les pautes per a l&#8217;alumne i la fitxa de programaci\u00f3 per al docent. Les activitats s&#8217;agruparan dins aquesta base de dades per \u00e0mbits o mat\u00e8ries i es revisaran peri\u00f2dicament.<\/p>\n<p style=\"text-align: justify;\">Actualment, tenim 4 docents a la plantilla del centre amb perfil estructural ling\u00fc\u00edstic que apliquen aquesta metodologia, aix\u00ed com altres docents amb formaci\u00f3 AICLE als quals se&#8217;ls invita a participar en el programa.<\/p>\n<\/td>\n<td style=\"width: 19.9799%; vertical-align: top;\"><a href=\"https:\/\/agora.xtec.cat\/ies-manuel-sales\/wp-content\/uploads\/usu728\/2023\/02\/grup_treball.jpg\"><img loading=\"lazy\" decoding=\"async\" class=\"alignnone size-medium wp-image-4970\" src=\"https:\/\/agora.xtec.cat\/ies-manuel-sales\/wp-content\/uploads\/usu728\/2023\/02\/grup_treball-600x400.jpg\" alt=\"\" width=\"600\" height=\"400\" srcset=\"https:\/\/agora.xtec.cat\/ies-manuel-sales\/wp-content\/uploads\/usu728\/2023\/02\/grup_treball-600x400.jpg 600w, https:\/\/agora.xtec.cat\/ies-manuel-sales\/wp-content\/uploads\/usu728\/2023\/02\/grup_treball-1024x682.jpg 1024w, https:\/\/agora.xtec.cat\/ies-manuel-sales\/wp-content\/uploads\/usu728\/2023\/02\/grup_treball-768x512.jpg 768w, https:\/\/agora.xtec.cat\/ies-manuel-sales\/wp-content\/uploads\/usu728\/2023\/02\/grup_treball.jpg 1280w\" sizes=\"auto, (max-width: 600px) 100vw, 600px\" \/><\/a><\/td>\n<\/tr>\n<tr>\n<td style=\"width: 80%; vertical-align: top;\">\n<h3>INTERCANVIS eTWINNING<\/h3>\n<p><span style=\"color: #000000;\">Durant el curs actual s&#8217;han programat els seg\u00fcents intercanvis eTwinning:<\/span><\/p>\n<ul>\n<li id=\"h.ynb3ei68rj9y\" class=\"CDt4Ke zfr3Q duRjpb\" dir=\"ltr\"><strong><a href=\"https:\/\/sites.google.com\/institutulldecona.cat\/etwinning-msf\/els-nostres-projectes\/projectes-2023-24\/vrac-vite-r%C3%A9agissons-pour-lavenir-climatique\">Vite R\u00e9agissons pour l&#8217;Avenir Climatique.<\/a><\/strong><\/li>\n<\/ul>\n<p>Es poden consultar tots els detalls d&#8217;aquests projectes al\u00a0<strong><a href=\"https:\/\/sites.google.com\/institutulldecona.cat\/etwinning-msf\">Lloc web de l&#8217;intercanvi eTwinning &gt;&gt;&gt;<\/a><\/strong><\/p>\n<p>En finalitzar el curs 2021\/22 el nostre centre va ser guardonat amb el <strong>Segell de Qualitat (eTwinning Quality Label)<\/strong> pel projecte <a href=\"https:\/\/sites.google.com\/institutulldecona.cat\/etwinning-msf\/els-nostres-projectes\/projectes-2021-22\/%C3%A9l%C3%A8ves-deurope?authuser=0\" target=\"_blank\" rel=\"noopener\"><em>&#8220;\u00c9l\u00e8ves d&#8217;Europe &#8211; self-profiling&#8221;<\/em><\/a>, coordinat per la professora Mireia Bel Garrit, de llengua francesa.<\/td>\n<td style=\"width: 19.9799%; vertical-align: top;\"><a href=\"https:\/\/www.etwinning.net\/es\/pub\/index.htm\" target=\"_blank\" rel=\"noopener\"><img loading=\"lazy\" decoding=\"async\" class=\"alignnone size-large\" src=\"data:image\/png;base64,iVBORw0KGgoAAAANSUhEUgAAAZoAAAB7CAMAAAB6t7bCAAAA5FBMVEX\/\/\/8sJmT30D8mH2H86KwqJGOLfqYaEVz3zzskHWAoIWIdFF0pImL5+fv3zzdZVYHDwtBoZIv7559LR3fp6O7U098+OHIVClr3zi\/NzNlRTXsbEl4gGF5iX4Xh4eewr8H856gFAFf\/\/ff75pu\/vc6MiqP++\/D++OP86bGambGFd6L412H98MqXlLORhKsTB1n99Nj41FL53Hj64Yr52m58eZuoprz41lk1L2v53oH877\/98s\/+998AAFFDPnP41VWCf6BvbJGglrb2zBqnpbltYpBlW4pubJCAfp2dkrQRAFy3rseiNohRAAAVs0lEQVR4nO1daWOiOhdWkLJj3dFSFXGtWrVaq9hx6u1sb+\/\/\/z9vErYAwW1s7a08H2YqaIx5ck7OlpBInBSD59O2F+NUeH41z92FGES0J+r03H2IQcRM4Sbn7kMMHA37\/6lKUUr7rF2J4Udq0n+YZs0sYIZSB+fuTQwcfQVAVQAzlGKcuzMxcIw5ysN0fO7uXALaHdLF55VprjoN\/JqhetQoSr8bLzjvjYds6FKnazxMKKC9ngyMt8YTLjecSi1jct4VWfUheMk0lpSCaOAUqu5dH\/ipeYo9z3eFCbyUwOTvGjOO8xhYujfaE48bwFkjEeNd0DFXz+32GJCg+hcbM\/ugYNJBqa7C63qLjfJAWqFinAaUqqoK1FtqF7\/cMQxcb0FuHBb67g2lS2gwxqkwdmSAezIxlZbK9gPUKPZitPKERo1jz++KqaO3gLHl+iltI0sFoVqryoPCAaMNLUNqrM7eF5S32Cuvtmg8G0slRA0yxZ5VhZqlxuMJuK\/GZvP7wnRJUChn8RgY0zA16Ga3PkbS0+4rlHq2Pl8IHPng1KlrCA8C9hkiLuCUPqgxNe+Ltrusr7yLK5JCSwU+OX390I5eHuqAA2g8+3zOTuRag8O5UP6TW6x\/1aryB3X5UqAAv2Y5UynuO0ZNg2ChvUb4\/eWcrgmSRLPaZp7\/mD5fBsx+ClrMU5Xr40Nvhv2aGbmBoU4nbfC5YfMj+nxhyKp9\/GU7G4wGvJKdmOEo6YEuDmsf0tvLQtcvFWNj5o+hkVOa13oSB50elj+isxeGgFSMs32Mm3DOwMJa8FGT5F+GsTHw7nhOPXBOvkYNJ9oQyn6hSSaFdKzS\/gL75r4a49RsogJMllHBsp4YoIYResNT9fPykH3aP\/vVaD+Px53oUFkuoM\/AajMcxhb0kTCV6NK+Rmc8MAEG2+jAsWBC1LwMqyfr6+XAXBr1LsVFlPa1V2aqXk91u+Dfer1rrvZgh0hN4cTdvghQqqJy5LRxx4S01I2Hfv9pMvn+1O9Ps+Zql+pL0yFqhrHUHAM7Q6lwy4F\/0NsWMQ8ThXOhUP1pfbCdnJAZkGR6ZOu5XT\/Zr\/iasIOWnIqHmRONASQmO7NtZRfg9Sy7VXIKbwGNRmeGc+I7n55O+kO+HrqIGo4y8PFud6HEzAK8OOz069vSzLd8wK8ZkpeapaoeWRX1ktmJ9FdQoaiEjJv4SpXH9RQQGSqUBHDJmW1xhKqihDPDZ4Y90ttSKqWuSDd2Iy3yu6B\/AcNjoMKCC3+MeQCZWRJFxok5U0a0sVYbYdzwabJXs3oFrdSP63PY0ghhdGZqThGa6vfr45U\/vG9CZmZRIuNqtegtATWNt9cbCTKD65bVs0VpB5iFbrHUoXgPanrrNVG4j0LhdpH5e42KRqo9wajZwgynOOCwgo4w8rcllhdoni4+Dv25NONVVblJ\/8GqxOWO63OalzAw1jRg8GvSoQrtRZcEfXNcd0Io6Lyk6SeKgDS8WCXSZuEKDTiQ6iT13ICbO1b1J6AHowKcqHc\/NpVfmZfhPDh5YDqOc+y+IwsKM4sijiTkhvFfkw6jRv4G2f12otF81EBjYus0jXmAFkAqS2JGUfCQQcOcvb5u3\/As5wk\/daziZFPGCUoKkX67+aukkBUuH50mIStXYIfo9Eka89CGzKRIBoASCoG2jdf+4eav4eNGUb93\/3JjgYyoYa\/\/qg1IDXMqHfQHet3s6ZYuC90UXGgI1BD3nTcMl5t8+br5ozdsDf9tXl+Xt1TS+PdJQTWpPvzV5txTUJOYf+P5b6cazLwo0ixzosYcwIUmZZDUWUQxcxs4OIXa41oTRfaGFTUIsfjz5\/39v+UIelZqsOnJkf6NhZNQk7jeZE5XX5JvpVsnzuwiddalCEKjRC8rhVqv9Ts30kXbpGUYhhaS659XV\/+Q12J\/PZtyrHfj4DTUfHYguzlc2hwtNB7kcu\/2puQ6HICeZOXu6p6wODewLWxAnf31VqmLoKaDhGay70oTgly71bEAmpD8dXX3v5DkmCre7t+fAXER1JiRK80WfeZHIaNjCWi6eHd1Nw9oXcyb5agT7Pm4BGqslSZYomlRs\/8pGuWi5nHDMJn7u3ufTfrsE5q9mmy0zfp0uZyaRN1HoEZGCL6PfMm66P8E9qrQ7A3n5Tzhc9ZfYKXddt\/fWPV6Puw1o0I4sg++W8g8SxEjNHtLDfyGDYtlbPjM\/dUVrtTgUoY2sUFq+pGteGib04kVHVIpUh0PgZrWOpfLrf1yVAbX1n7t2kNvQ4bZBvyVy9jX8\/DFGiaZ5pVSCdiepUULH\/yC07zcy43Q\/WIPH8omuu9816PTdHnD6KwmjujbsHlUrT3e5nC84HcbyKcJbweg9h1DFy9YopOB3Nx5fWlTisrNjPEA7i\/kIoqm8V6Z2b5d+sbB0wrC2QgCNYWSIAia3x3PaILA\/vF9sMgLAr9Ag54Gd\/mKfSPP04JQ6iWqFV2wA3QszmoZNq83AdslW3tLoxzGXU0XBMkNsN5aTcstUbMb40uB3GL5Vitp4Ds9aI\/4fWQEpJ7IqYDDtjT5smmIG1eIUxNbLz1Tyh6h5042C\/chwiTsZILICXFDWmsysAMaPjmrcJClBT75a6wX6oJtCC418L1iL8+AViTBCp\/SSU8PlUVwqXRd5ml0H\/1KrejJTa0EO+R8ewY2nZYfdViSZ6VLGB33buXHt0D2EQyajxqkz+pBf9Ch5qADNKpJPAnN311dXTkd9063afeVnXpybGTRXFEm3U57ZcwgN0H\/lETNNRwc38xrIUlm8elaEeBgWSMepoZ\/XNNJrbSurFmU4uAr7tgjaviXhcCIYi5XtFwGLeM2HKZGqjyySbq0qKx5EQVjWc+rkHNoAWAYyRYqjWVZfxR8iz47VKMlWpgpkGQWQGz+Cb+p8RBR0O7i2ciiDtl7sNqpKfw7EHMjUSOjYec9GZGLaL5KOe891gDbQxCmJslLgvhYyMv5cgZpIk8LoU+C+3yyVZDl\/HUa0a67ox2mJinxjJhu5mW5OkQM8LduPzIi4kNcLJI3sNfJYQ0Adwgt+4wUPjtCbAo+CaV\/AW5Ixu10OzVtI5vl8C9vZ4EREdxASjSe53B0RE9toNECv1v03gaVHuMErAnUJOmF82YUr3Rv29QktYq7nPA+HUSgBoy905lrOG2ZknO7qaN+gUmQrzbXGswLBw3J58iYsyU23CEBYnntqw\/QrjCVhmN7JKBr2Ft7FefKKtvngs4QkZo8rFRkku7rCu0sfM6VKs1gkXsCNfTaFToZVQvzzmha1IgZ9xflS2jwndckqdG8CB3SraJTB46aZu27cgZww74ExmEAmalHp50Pyxb7c8RSBYjNv4d8HgKosyyuTRvPZnY24QLns0S4nOj3O7\/YmedQyVXxN5ScPQxhaqQibnOx+JtRa\/QtNteQAnczqwRqeGyzRB6uxM4cyUOh8RIIck4CIhTwfMxUVHbTUWl18ggSsfHbHCJwbu4OzYYAobHiecrDuGs8fFetChNF9ZvcZGqqN1AHrZ3uwKGTJGy2ykkJDr8zvCQLDWsNjab2Yr+yLTTsPkrFuTYGwUKrYG9GXybZMtksQXnz7s1ZTKIsNCIzNR43BxwNdOuvrBB+HS42cKWx+6PY5xnBODVlBOpFIgI1v+HkKFlLCRpZoZIGukNKyu4QYGOwgxpkVjgmg00NnkNAqTj3E7uogTLm2PFQHmnPuEtU9VCCFFkBdWJo8xhuAls5GOE+YrWJBjCcAxt7FVVZhlM7EdQUdG9p6UEeRteIDlvJFaExpLmCvIMaNNXcEQtTk4C1BZpTDbCLmh+wH5qltaDU8AFqpDX+bpsaklfzXXXHZ5ex641L0IeCvs3dYel70\/Dt6+VUdWaSTJEIaqzLKKeMLGdpLaMhF5D9fA31Heb47KSGx+4TqNEPoQZKCnNjUQNnELPw7sHpQ\/\/y\/RJkoBGsAOAVDvqvTrmgOtvPTnvRAtRIaSA1BN9mC8BS45aPAF76UTUEclogUZOojZzhat7YyuuP5pitFm9euOBs1CBViHUEak7NX4yzqpMdTuRSdLKUaut6ap\/DggtBZoDYHKzRUlmXGm6Sis4eRCUFZLTT5y1hWc5IeVV1W1aqJWgkYSr9bNRY7lXS0azDkj9UAIHKzwhWAGeXiq0Mix1uW\/WZ89MWUpgawMxdOOIajUbdo2ZrBC8yX9OzLd6C6CovFFt7ky2p1jGD9nzUFOAyJTCoNXkDu0znEj4MyAYafkzNc30G7Vf1aUeVRVMKbeeENtrVYTaaj5ptpYSR1CBHUCpaPLyhmYhcb\/ZHYpTELefEOalJDOFnGTGZyxV5tESXAmsyynCG02jB2FnHzC77k4ctycnCLRuWGct8PmyxAWuNk3ENRol8q050lhMuLUBsksjttzJmMErBFJEH6SsUOyM1idY3OGCwMBj5xXqw7BNSUw+pM0pZJghoJOR\/fxCKzfKFXk50StEJ1Nwfsth0s67xHOxFHX8RTQ1aWhg0UUa28kJKzpo6N7gLfE5qEs2Ftzbzb6Gd\/GaEgRa5slxX9EVl89KrXZchmvPhplLURIFIDOzc1YEBgYHncgYKetoU\/mpLbQByfK2KaHtS5G+cDmm+tNpZqUkkHlFHaW108zvsYURQs83LLP9+00WRHSGUWI0XpAhe4EzNHUoNjAY4i41vk0mj74vUbKHGPS7Hqw3\/40xQ\/16Cs1JTeFwzAqsv0n+apAEyyVXo2x9Ik++tR2T9FUHNQZtOUpjYKDNXbjoz\/yPZtlXUFO1lr+R+ccFmKxAMOSc1tZIm8ZV5IVRVYsMk1zmpO9wYubnR2CglhsNSaAdRAyM1WccwUajpqgMwmII\/\/V3YQg0KzWDRr4QbE9f9ZbRnpKagM0kht2UVNiM8zt0eZrWXvhHpXexI6ejgcyMiDw3jAW6fYBWOVYoTOPFzGzWylUHTsZtNdFqbz3JOnJUamJ3gt+26Ahaa49ZwmAmt7OP8y4VWmi7xBG8Gk5pf0dRMlYhadyA19VCeInh24dYSQZRIEdYYDzIy2YJbLM5IzQ+UFthy+JVHDTfDqmr2ogb+4Gptk+NLGi0lyfIjRVOTUqO2QneyBuTGH34OhvG2UmNlqny1RejMiVKgJ2ekRpZg\/0sZogkAMXCDAUoWU2x7KDQXcrX5kl7zNyyJGnpzFeHXDBQusjgUcTOlPHI4ZRmMcm4vrM3wwNP2\/eg80O1+yzlxXjOgiowVfsTftpp5wggNHKnhZt7aexg11s8qFJokG1qD4c3\/Eb64Q3FbSgUbXQMsOA8TTrEOYnkKniy9i5qyHuJhwydDu3DPajyXLYMe+DWlUuVPMzhIK4caBTNZqaNOXaiFTqmxc2mkGFrjSQkcKB1ApwskJztdzr73Z0vSMR9yTgd+1beocvQirQfswrLOh\/ZZwjZ0J4OVfwOv\/HvU0vC+E3Ysf4Nf6E+lwSsuNehVAf8ovtpZ951eyfOcjk1lQdOLgQL+sSs1dTAQHjVHPFtrTYihCchAc38NehIe0kzWKr9VONtjE4Y6692IM7\/K1xBRmromhnhYs6ENaKgNxxGXUYPVyPv58BeiKwXifd9HEarovl3uXhxB84mRBNdhl0ZrX9sdmxplaQL17i269YhfHI0CS9BnloHm\/truq6q+qtTTzN7RsftrGkdvxg2rb\/nzHGpYfoPE0CKzWFfWjMZqaFrzC7zP7bq1f0MddHBv4pAtAjY2oQJeZ6nBrABECVw+yAbxpQDV9STZirXvVS5ctyS07mi4n9O2t9Yo7QTUHlFOxG7kdZL1zEBqMBu2HaxCyF7kM4lQkSmLZwHkP9Al9u2Tb3QRNXAzEhQbx9HjDj6zrBVOPgN99vMqULbRDXCjqNtOi\/qqgBVZQiCp2cPqfixY1CAPo25kDcePoA6czTJRaNBmgTuf0g+l7ThVPcXZG\/8lwFrNZNAmkaHTzv7Arph1SA2KNHfwkO+Bjk2olsZCQJ\/BL3mlQlDUp4t69LoMT5IPUQOLakScmgGihkPztuuJzSElmwk7MBICnSEUbRBSENzrZT2iGHnL\/l1O4CJMs\/j4Gte78Fm16G+8ppWYgY5EhmSeoZLncJQmrNGeLu2x6zDqzOj+xCY6F8p3XE4HUWMbZANXbLjvh3xV6IECCHCjAOZvOl8YNAS4cBDmq6P6Bs0x8cV1+OTrNGQG2xmVgNYzoMaNMwJLwPYGuQPOLJODT+HAjIBQfaD\/VA9OvSxdZqOH5rJG5x578\/m8dVtEx8lIvsIBYD0Daty4TMcVm0NCNS1i0JkpEuNnPqHh\/u4Iof8uWjry\/wVeZFlWo63dhFqwEg1KjavsTXdH2P5bnspEwzmJ8gF3QaHxOzZHRB2+CGqLkk\/VMLweOgl5lQIqzHMsgEqzzhne+7ASUj1t0tplSxCa7\/4E2f7HeXw1yL3Km8gLkiQJPK+V+EwoK5DoAGqwg0naTgBa2dfVyJBdGjrsbibsgx45uKfJoqZ+9E\/770Mu9B7T6+I6nXls1Uih13bqQcHLaFeGVTy5r0ZrlXyy4v6xJplniSU82GTy0O0s1SPcp68HOZ8nZTgtNLpT1efEmIYBt6TtqdHm+HMFGcF9VoqAzLPgu9uvk1l9jBo2YHr5mLzQBcE0\/Bs0GilLpSn7zOiaiJkAUvKxYq87EhKa0O6NMZYW6wJujj3D\/kIwzvrLIuFyA52bfaLPcyx\/xvC5Yc9OdTLS1e7taANKObgG4bLQyQbnLjy8B+Zwdk7peQljhr4dDodr64KwpTLQw\/MkpmYrGvXQAI2N6T5n\/7dGmMgUXwAzL9Z5SJbhvPuAv\/aWJxTEAOhyoXzJGJ2qoG41BORHT2YYOgOIGc7t3ADyNvfZ8HR86v8yMCA8AxI9XXirr15di5jIQGKGBbvoG9kABx4XEIOEDqkQYJV9UraJTe3GPViDFjYWMdbpPUmGOXRvbYwINIi5mTEwBSLFRr5142aSdmsTY50hAaj6ecypQTFIIO8O7ABuXsli0xw5qTNBrMA1BtsMb0Wc79+rrxeGiGhZO0s20vIbW2QYWqwAu8ytdUeBTkudfZ5qvP82Is2kFPUayqjJPd0ywyReAGbZvOAt9010Ps7m\/tBjaWIcgRUVPC27xliGmaAVweLvrwC26u7jheZj0P7uy9yXKzAywwhaMv0yDJ73XeWthSZm5oMw9VRaIcPC06tLxfRL6ND2hFXAyd\/d3\/0TezQfBCdUUH0s6SM+V9nMm8SnO8Eaa\/7XPXGjU4x3hNyrpDe95nU1aps73HQlrYHZHBtnHww5H8mJjaLALIDd\/BWewvzFcM0y\/CaOz3xGpGnt533MzCdEQafTMTOfEmltHTPzKVHQF\/dxeOZToqLFFsDnRPPbJraaPycWv2JP83OiloujM58TciWONX9SzE\/38PEYJ4UcGwCnw\/8Bec9PCrmV\/9cAAAAASUVORK5CYII=\" alt=\"eTwinning\" width=\"410\" height=\"123\" \/><\/a><\/td>\n<\/tr>\n<tr>\n<td style=\"width: 80%; vertical-align: top;\">\n<h3>INTERCANVIS ERASMUS+ DINS EL MICROCONSORCI EMAILC &#8211; CETE+<\/h3>\n<p>Des del curs 2021\/22 participem en el programa Erasmus+ amb mobilitats del professorat i de l&#8217;alumnat.<\/p>\n<p><a href=\"https:\/\/agora.xtec.cat\/ies-manuel-sales\/projectes\/gep-generacio-plurilingue\/programa-erasmus\/\"><strong>P\u00e0gina de les activitats ERASMUS+ &gt;&gt;&gt;<\/strong><\/a><\/td>\n<td style=\"width: 19.9799%; vertical-align: top;\"><img loading=\"lazy\" decoding=\"async\" class=\"alignnone size-large\" src=\"https:\/\/projectes.xtec.cat\/cete\/wp-content\/uploads\/usu2644\/2022\/02\/CETE-ALEJANDRO-TERUEL-VIDAL-1.png\" alt=\"Projecte CETE+\" width=\"820\" height=\"820\" \/><\/td>\n<\/tr>\n<tr>\n<td style=\"width: 80%; vertical-align: top;\">\n<h3>PREPARACI\u00d3 DE PROVES OFICIALS &#8211; DELF SCOLAIRE<\/h3>\n<p><span style=\"color: #000000;\">Dins la mat\u00e8ria optativa de franc\u00e8s, cada curs es fomenta que els alumnes es puguin presentar a les proves DELF Scolaire, les quals acrediten el nivell de llengua francesa dels alumnes i s\u00f3n organitzades pel Ministeri d\u2019Educaci\u00f3 Nacional de Fran\u00e7a.<\/span><\/p>\n<p>Durant el curs 2021\/22 van obtenir el diploma 4 alumnes dels 5 que es van presentar.<\/p>\n<p>Aquest curs s&#8217;ha obert tamb\u00e9 la inscripci\u00f3 a tot l&#8217;alumnat interessat.<\/td>\n<td style=\"width: 19.9799%; vertical-align: top;\"><a href=\"https:\/\/agora.xtec.cat\/ies-manuel-sales\/wp-content\/uploads\/usu728\/2021\/12\/DELF-logo.png\"><img loading=\"lazy\" decoding=\"async\" class=\"size-full wp-image-4139 alignright\" src=\"https:\/\/agora.xtec.cat\/ies-manuel-sales\/wp-content\/uploads\/usu728\/2021\/12\/DELF-logo.png\" alt=\"\" width=\"225\" height=\"224\" srcset=\"https:\/\/agora.xtec.cat\/ies-manuel-sales\/wp-content\/uploads\/usu728\/2021\/12\/DELF-logo.png 225w, https:\/\/agora.xtec.cat\/ies-manuel-sales\/wp-content\/uploads\/usu728\/2021\/12\/DELF-logo-150x150.png 150w\" sizes=\"auto, (max-width: 225px) 100vw, 225px\" \/><\/a><\/td>\n<\/tr>\n<tr>\n<td style=\"width: 80%; vertical-align: top;\">\n<h3>ENLLA\u00c7OS D&#8217;INTER\u00c8S<\/h3>\n<ul>\n<li><strong><a href=\"http:\/\/xtec.gencat.cat\/ca\/projectes\/plurilinguisme\/\">XTEC &#8211; Marc per al Pluriling\u00fcisme<\/a><\/strong><\/li>\n<li><strong><a href=\"https:\/\/projectes.xtec.cat\/gep\/\">Web del programa GEP<\/a><\/strong><\/li>\n<li><strong><a href=\"https:\/\/projectes.xtec.cat\/cete\/\" target=\"_blank\" rel=\"noopener\">Programa CETE+<\/a><\/strong><\/li>\n<li><strong><a href=\"https:\/\/delf-scolaire.cat\/\">DELF-scolaire<\/a><\/strong><\/li>\n<\/ul>\n<\/td>\n<td style=\"width: 19.9799%; vertical-align: top;\"><\/td>\n<\/tr>\n<\/tbody>\n<\/table>\n","protected":false},"excerpt":{"rendered":"<p>PROGRAMA GEP 2023\/24<br \/>\nEls objectius generals del programa s\u00f3n promoure l\u2019aplicaci\u00f3 a l\u2019aula de metodologies per a l\u2019aprenentatge integrat de continguts i llengua estrangera (AICLE); fomentar el desenvolupament de projectes interdisciplinaris en llengua estrangera, i oferir pautes per a l\u2019organitzaci\u00f3 educativa i el disseny curricular. A&hellip;  <a href=\"https:\/\/agora.xtec.cat\/ies-manuel-sales\/projectes\/gep-generacio-plurilingue\/\" title=\"Read GEP &#8211; GENERACI\u00d3 PLURILING\u00dcE\">Llegeix m\u00e9s\u00bb<\/a><\/p>\n","protected":false},"author":1,"featured_media":0,"parent":341,"menu_order":20,"comment_status":"closed","ping_status":"closed","template":"page-templates\/side-menu.php","meta":{"_bbp_topic_count":0,"_bbp_reply_count":0,"_bbp_total_topic_count":0,"_bbp_total_reply_count":0,"_bbp_voice_count":0,"_bbp_anonymous_reply_count":0,"_bbp_topic_count_hidden":0,"_bbp_reply_count_hidden":0,"_bbp_forum_subforum_count":0,"footnotes":""},"class_list":["post-2295","page","type-page","status-publish","hentry"],"post_mailing_queue_ids":[],"_links":{"self":[{"href":"https:\/\/agora.xtec.cat\/ies-manuel-sales\/wp-json\/wp\/v2\/pages\/2295","targetHints":{"allow":["GET"]}}],"collection":[{"href":"https:\/\/agora.xtec.cat\/ies-manuel-sales\/wp-json\/wp\/v2\/pages"}],"about":[{"href":"https:\/\/agora.xtec.cat\/ies-manuel-sales\/wp-json\/wp\/v2\/types\/page"}],"author":[{"embeddable":true,"href":"https:\/\/agora.xtec.cat\/ies-manuel-sales\/wp-json\/wp\/v2\/users\/1"}],"replies":[{"embeddable":true,"href":"https:\/\/agora.xtec.cat\/ies-manuel-sales\/wp-json\/wp\/v2\/comments?post=2295"}],"version-history":[{"count":5,"href":"https:\/\/agora.xtec.cat\/ies-manuel-sales\/wp-json\/wp\/v2\/pages\/2295\/revisions"}],"predecessor-version":[{"id":5802,"href":"https:\/\/agora.xtec.cat\/ies-manuel-sales\/wp-json\/wp\/v2\/pages\/2295\/revisions\/5802"}],"up":[{"embeddable":true,"href":"https:\/\/agora.xtec.cat\/ies-manuel-sales\/wp-json\/wp\/v2\/pages\/341"}],"wp:attachment":[{"href":"https:\/\/agora.xtec.cat\/ies-manuel-sales\/wp-json\/wp\/v2\/media?parent=2295"}],"curies":[{"name":"wp","href":"https:\/\/api.w.org\/{rel}","templated":true}]}}