{"id":19,"date":"2014-09-17T14:56:56","date_gmt":"2014-09-17T13:56:56","guid":{"rendered":"http:\/\/agora.xtec.cat\/ies-manuel-sales\/?page_id=19"},"modified":"2019-12-01T23:57:02","modified_gmt":"2019-12-01T22:57:02","slug":"linstitut","status":"publish","type":"page","link":"https:\/\/agora.xtec.cat\/ies-manuel-sales\/linstitut\/","title":{"rendered":"L&#8217;INSTITUT"},"content":{"rendered":"<table>\n<tbody>\n<tr>\n<td>\n<h5>ASPECTES GENERALS D&#8217;ULLDECONA I L&#8217;ENTORN DE L&#8217;INSTITUT<\/h5>\n<p style=\"text-align: justify;\">El municipi <a href=\"https:\/\/ulldecona.cat\/\" target=\"_blank\" rel=\"noopener noreferrer\"> d&#8217;Ulldecona<\/a>, pertanyent a la comarca catalana del <strong>Montsi\u00e0<\/strong>, \u00e9s ve\u00ed dels termes d&#8217;Alcanar, Freginals, Godall, la Galera, Mas de Barberans i la S\u00e9nia. Per la banda de migdia, toca amb Sant Rafel del Riu, Traiguera, Sant Jordi i Vinar\u00f2s, de la comarca valenciana del Baix Maestrat.<\/p>\n<p style=\"text-align: justify;\">La seva poblaci\u00f3, de 6.240 habitants, segons el cens de 2018, est\u00e0 distribu\u00efda entre la vila i els nuclis rurals que formen el barris d&#8217;Ulldecona: els Valentins, el Castell, Sant Joan del Pas, les Ventalles i la Miliana.<\/p>\n<p style=\"text-align: justify;\">El terme municipal t\u00e9 una extensi\u00f3 de<strong> 126,05 km<sup>\u00b2<\/sup><\/strong>. El seu relleu queda configurat per la serralada del Montsi\u00e0 i la serra de Godall, paral\u00b7leles entre si i separades per la vall de la Foia, depressi\u00f3 que desaigua al riu de la S\u00e9nia a trav\u00e9s de la s\u00e9quia de la Foia; la resta del terme municipal s&#8217;inclou en l&#8217;\u00e0mplia plana que s&#8217;est\u00e9n entre la serra de Godall i el mass\u00eds muntany\u00f3s dels Ports de Beseit.<\/p>\n<p style=\"text-align: justify;\">La <strong>temperatura mitjana<\/strong> anual oscil\u00b7la entre 16\u00b0 i 17\u202f\u00b0C, amb 9\u202f\u00b0C de mitjana al gener i 25\u202f\u00b0C a l&#8217;agost. La mitjana de <strong>pluviometria <\/strong>s&#8217;aproxima als 650 mm anuals, distribu\u00efts irregularment, amb un estiu for\u00e7a sec, i una major abund\u00e0ncia de pluges al setembre i octubre, que recullen el 37% de la precipitaci\u00f3 total anual.<\/p>\n<p style=\"text-align: justify;\">Ulldecona est\u00e0 comunicada per la carretera de Vinar\u00f2s a Tortosa, a m\u00e9s de les carreteres de Godall, la Galera, la S\u00e9nia i la d&#8217;Alcanar i l&#8217;autopista AP-7, amb la sortida 42 (Vinar\u00f2s-Ulldecona-Alcanar), situada a 4 km. Tamb\u00e9 hi ha l&#8217;estaci\u00f3 de la via f\u00e8rria Barcelona-Val\u00e8ncia.<\/p>\n<\/td>\n<\/tr>\n<tr>\n<td>\n<p><figure class=\"figure wp-caption alignnone\"><a href=\"http:\/\/agora.xtec.cat\/ies-manuel-sales\/wp-content\/uploads\/usu728\/2014\/09\/EL-CASTELL-MEDIEVAL.jpg\"><img loading=\"lazy\" decoding=\"async\" class=\"wp-image-279 size-large\" src=\"https:\/\/agora.xtec.cat\/ies-manuel-sales\/wp-content\/uploads\/usu728\/2014\/09\/EL-CASTELL-MEDIEVAL-1024x683.jpg\" alt=\"EL-CASTELL-MEDIEVAL\" width=\"1024\" height=\"683\" srcset=\"https:\/\/agora.xtec.cat\/ies-manuel-sales\/wp-content\/uploads\/usu728\/2014\/09\/EL-CASTELL-MEDIEVAL.jpg 1024w, https:\/\/agora.xtec.cat\/ies-manuel-sales\/wp-content\/uploads\/usu728\/2014\/09\/EL-CASTELL-MEDIEVAL-300x200.jpg 300w\" sizes=\"auto, (max-width: 1024px) 100vw, 1024px\" \/><\/a><figcaption class=\"wp-caption-text\">Castell d&#8217;Ulldecona<\/figcaption><\/figure><\/td>\n<\/tr>\n<\/tbody>\n<\/table>\n","protected":false},"excerpt":{"rendered":"<p>ASPECTES GENERALS D&#8217;ULLDECONA I L&#8217;ENTORN DE L&#8217;INSTITUT<br \/>\nEl municipi <a href=\"https:\/\/ulldecona.cat\/\" target=\"_blank\" rel=\"noopener noreferrer\"> d&#8217;Ulldecona<\/a>, pertanyent a la comarca catalana del Montsi\u00e0, \u00e9s ve\u00ed dels termes d&#8217;Alcanar, Freginals, Godall, la Galera, Mas de Barberans i la S\u00e9nia. Per la banda de migdia, toca amb Sant Rafel&hellip;  <a href=\"https:\/\/agora.xtec.cat\/ies-manuel-sales\/linstitut\/\" title=\"Read L&#8217;INSTITUT\">Llegeix m\u00e9s\u00bb<\/a><\/p>\n","protected":false},"author":1,"featured_media":0,"parent":0,"menu_order":1,"comment_status":"closed","ping_status":"closed","template":"page-templates\/side-menu.php","meta":{"_bbp_topic_count":0,"_bbp_reply_count":0,"_bbp_total_topic_count":0,"_bbp_total_reply_count":0,"_bbp_voice_count":0,"_bbp_anonymous_reply_count":0,"_bbp_topic_count_hidden":0,"_bbp_reply_count_hidden":0,"_bbp_forum_subforum_count":0,"footnotes":""},"class_list":["post-19","page","type-page","status-publish","hentry"],"post_mailing_queue_ids":[],"_links":{"self":[{"href":"https:\/\/agora.xtec.cat\/ies-manuel-sales\/wp-json\/wp\/v2\/pages\/19","targetHints":{"allow":["GET"]}}],"collection":[{"href":"https:\/\/agora.xtec.cat\/ies-manuel-sales\/wp-json\/wp\/v2\/pages"}],"about":[{"href":"https:\/\/agora.xtec.cat\/ies-manuel-sales\/wp-json\/wp\/v2\/types\/page"}],"author":[{"embeddable":true,"href":"https:\/\/agora.xtec.cat\/ies-manuel-sales\/wp-json\/wp\/v2\/users\/1"}],"replies":[{"embeddable":true,"href":"https:\/\/agora.xtec.cat\/ies-manuel-sales\/wp-json\/wp\/v2\/comments?post=19"}],"version-history":[{"count":3,"href":"https:\/\/agora.xtec.cat\/ies-manuel-sales\/wp-json\/wp\/v2\/pages\/19\/revisions"}],"predecessor-version":[{"id":3035,"href":"https:\/\/agora.xtec.cat\/ies-manuel-sales\/wp-json\/wp\/v2\/pages\/19\/revisions\/3035"}],"wp:attachment":[{"href":"https:\/\/agora.xtec.cat\/ies-manuel-sales\/wp-json\/wp\/v2\/media?parent=19"}],"curies":[{"name":"wp","href":"https:\/\/api.w.org\/{rel}","templated":true}]}}