{"id":623,"date":"2020-12-21T13:14:28","date_gmt":"2020-12-21T12:14:28","guid":{"rendered":"https:\/\/agora.xtec.cat\/ies-manuel-blancafort\/?page_id=623"},"modified":"2021-01-13T13:38:03","modified_gmt":"2021-01-13T12:38:03","slug":"campus-itaca","status":"publish","type":"page","link":"https:\/\/agora.xtec.cat\/ies-manuel-blancafort\/projecte-educatiu\/campus-itaca\/","title":{"rendered":"Campus Itaca"},"content":{"rendered":"<p><a href=\"https:\/\/agora.xtec.cat\/ies-manuel-blancafort\/wp-content\/uploads\/usu2429\/2021\/01\/campus_itaca_456.jpg\"><img loading=\"lazy\" decoding=\"async\" class=\"alignnone size-full wp-image-707\" src=\"https:\/\/agora.xtec.cat\/ies-manuel-blancafort\/wp-content\/uploads\/usu2429\/2021\/01\/campus_itaca_456.jpg\" alt=\"\" width=\"456\" height=\"60\" srcset=\"https:\/\/agora.xtec.cat\/ies-manuel-blancafort\/wp-content\/uploads\/usu2429\/2021\/01\/campus_itaca_456.jpg 456w, https:\/\/agora.xtec.cat\/ies-manuel-blancafort\/wp-content\/uploads\/usu2429\/2021\/01\/campus_itaca_456-300x39.jpg 300w\" sizes=\"auto, (max-width: 456px) 100vw, 456px\" \/><\/a><\/p>\n<p style=\"text-align: justify;\">El Campus \u00cdtaca \u00e9s un programa socioeducatiu de la Universitat Aut\u00f2noma de Barcelona per a estudiants de secund\u00e0ria. Consisteix en una estada durant els mesos de juny i juliol, organitzada en tres torns de dues setmanes cadascun, en les quals l\u2019alumnat participant realitza un seguit d\u2019activitats que tenen per objectiu incentivar-los a continuar la seva formaci\u00f3 acad\u00e8mica un cop finalitzada l\u2019etapa obligat\u00f2ria. L\u2019objectiu d\u2019aquest programa \u00e9s animar els alumnes a continuar estudiant despr\u00e9s d\u2019acabar l\u2019etapa d\u2019ensenyament secundari obligatori. Alhora vol ser un espai de conviv\u00e8ncia entre alumnat d\u2019entorns socials diversos i potenciar l\u2019\u00fas del catal\u00e0 com a vehicle de comunicaci\u00f3.<\/p>\n<p style=\"text-align: justify;\">El programa va adre\u00e7at a nois i noies de 15 anys que han acabat 3r d\u2019ESO i que durant el proper curs hauran d\u2019optar entre accedir al m\u00f3n laboral, cursar algun m\u00f2dul professional de grau mitj\u00e0 o fer batxillerat.<\/p>\n<p style=\"text-align: justify;\">El nostre centre hi participa\u00a0 des del curs 2005-2006 Cada any, 8 dels nostres alumnes de 3r d&#8217;ESO hi assisteixen gr\u00e0cies a la col\u00b7laboraci\u00f3 de l&#8217;ajuntament de La Garriga i de l&#8217;AMPA de l&#8217;institut. A m\u00e9s a m\u00e9s, en dues ocasions, dos dels nostres alumnes han estat seleccionats per a realitzar un segon campus a l&#8217;estranger.<\/p>\n","protected":false},"excerpt":{"rendered":"<p><a href=\"https:\/\/agora.xtec.cat\/ies-manuel-blancafort\/wp-content\/uploads\/usu2429\/2021\/01\/campus_itaca_456.jpg\"><\/a><br \/>\nEl Campus \u00cdtaca \u00e9s un programa socioeducatiu de la Universitat Aut\u00f2noma de Barcelona per a estudiants de secund\u00e0ria. Consisteix en una estada durant els mesos de juny i juliol, organitzada en tres torns de dues setmanes cadascun, en les quals l\u2019alumnat participant realitza un&hellip;  <a href=\"https:\/\/agora.xtec.cat\/ies-manuel-blancafort\/projecte-educatiu\/campus-itaca\/\" title=\"Read Campus Itaca\">Llegeix m\u00e9s\u00bb<\/a><\/p>\n","protected":false},"author":1,"featured_media":0,"parent":57,"menu_order":70,"comment_status":"closed","ping_status":"closed","template":"","meta":{"_bbp_topic_count":0,"_bbp_reply_count":0,"_bbp_total_topic_count":0,"_bbp_total_reply_count":0,"_bbp_voice_count":0,"_bbp_anonymous_reply_count":0,"_bbp_topic_count_hidden":0,"_bbp_reply_count_hidden":0,"_bbp_forum_subforum_count":0,"footnotes":""},"class_list":["post-623","page","type-page","status-publish","hentry"],"post_mailing_queue_ids":[],"_links":{"self":[{"href":"https:\/\/agora.xtec.cat\/ies-manuel-blancafort\/wp-json\/wp\/v2\/pages\/623","targetHints":{"allow":["GET"]}}],"collection":[{"href":"https:\/\/agora.xtec.cat\/ies-manuel-blancafort\/wp-json\/wp\/v2\/pages"}],"about":[{"href":"https:\/\/agora.xtec.cat\/ies-manuel-blancafort\/wp-json\/wp\/v2\/types\/page"}],"author":[{"embeddable":true,"href":"https:\/\/agora.xtec.cat\/ies-manuel-blancafort\/wp-json\/wp\/v2\/users\/1"}],"replies":[{"embeddable":true,"href":"https:\/\/agora.xtec.cat\/ies-manuel-blancafort\/wp-json\/wp\/v2\/comments?post=623"}],"version-history":[{"count":3,"href":"https:\/\/agora.xtec.cat\/ies-manuel-blancafort\/wp-json\/wp\/v2\/pages\/623\/revisions"}],"predecessor-version":[{"id":708,"href":"https:\/\/agora.xtec.cat\/ies-manuel-blancafort\/wp-json\/wp\/v2\/pages\/623\/revisions\/708"}],"up":[{"embeddable":true,"href":"https:\/\/agora.xtec.cat\/ies-manuel-blancafort\/wp-json\/wp\/v2\/pages\/57"}],"wp:attachment":[{"href":"https:\/\/agora.xtec.cat\/ies-manuel-blancafort\/wp-json\/wp\/v2\/media?parent=623"}],"curies":[{"name":"wp","href":"https:\/\/api.w.org\/{rel}","templated":true}]}}