{"id":617,"date":"2020-12-21T13:12:49","date_gmt":"2020-12-21T12:12:49","guid":{"rendered":"https:\/\/agora.xtec.cat\/ies-manuel-blancafort\/?page_id=617"},"modified":"2021-02-18T13:54:38","modified_gmt":"2021-02-18T12:54:38","slug":"projecte-acada","status":"publish","type":"page","link":"https:\/\/agora.xtec.cat\/ies-manuel-blancafort\/projecte-educatiu\/projecte-acada\/","title":{"rendered":"Projecte ACADA"},"content":{"rendered":"<h6><\/h6>\n<table border=\"0\">\n<tbody>\n<tr>\n<td>\n<p class=\"western\" lang=\"es-ES\"><span style=\"font-size: medium;\">El projecte ACADA (Adaptaci\u00f3 Curricular per Alumnes amb Dificultats d\u2019Aprenentatge) \u00e9s un projecte singular que compta amb col\u00b7laboraci\u00f3 municipal i es duu a terme al conjunt de tres centres educatius d\u2019ESO de La Garriga.: l\u2019Institut Vil\u00b7la Romana, l\u2019Escola Sant Llu\u00eds i l\u2019Institut Manuel Blancafort.<\/span><\/p>\n<p class=\"western\" align=\"justify\"><span style=\"font-family: Times New Roman, serif;\"><span style=\"font-size: medium;\"><span style=\"font-family: Arial, serif;\">L\u2019objectiu d\u2019aquest grup d\u2019adaptaci\u00f3 \u00e9s facilitar l\u2019obtenci\u00f3 del graduat a aquells alumnes a qui, per les seves dificultats d\u2019aprenentatge, no se\u2019ls aconsella estudis de Batxillerat sin\u00f3 que se\u2019ls orienta cap a la formaci\u00f3 professional o el m\u00f3n laboral.<a href=\"https:\/\/agora.xtec.cat\/ies-manuel-blancafort\/wp-content\/uploads\/usu2429\/2021\/02\/2021-02-18-13-50-16.png\"><img loading=\"lazy\" decoding=\"async\" class=\"wp-image-1036 alignright\" src=\"https:\/\/agora.xtec.cat\/ies-manuel-blancafort\/wp-content\/uploads\/usu2429\/2021\/02\/2021-02-18-13-50-16.png\" alt=\"\" width=\"317\" height=\"317\" srcset=\"https:\/\/agora.xtec.cat\/ies-manuel-blancafort\/wp-content\/uploads\/usu2429\/2021\/02\/2021-02-18-13-50-16.png 656w, https:\/\/agora.xtec.cat\/ies-manuel-blancafort\/wp-content\/uploads\/usu2429\/2021\/02\/2021-02-18-13-50-16-150x150.png 150w, https:\/\/agora.xtec.cat\/ies-manuel-blancafort\/wp-content\/uploads\/usu2429\/2021\/02\/2021-02-18-13-50-16-300x300.png 300w\" sizes=\"auto, (max-width: 317px) 100vw, 317px\" \/><\/a><\/span><\/span><\/span><\/p>\n<p class=\"western\" align=\"justify\"><span style=\"font-family: Times New Roman, serif;\"><span style=\"font-size: medium;\"><span style=\"font-family: Arial, serif;\">La singularitat del projecte es concreta en una modificaci\u00f3 curricular tant metodol\u00f2gica com hor\u00e0ria.<\/span><\/span><\/span><\/p>\n<p class=\"western\" align=\"justify\"><span style=\"font-family: Times New Roman, serif;\"><span style=\"font-size: medium;\"><span style=\"font-family: Arial, serif;\">A l\u2019Institut Manuel Blancafort, el grup ACADA est\u00e0 format per un nombre d\u2019alumnes que oscil\u00b7la entre 8 i 10, amb la integraci\u00f3, des del curs 2009-10, al projecte 2\u00b70. A l\u2019institut, aquests alumnes desenvolupen la part del Curr\u00edculum que correspon a les mat\u00e8ries comunes: llengua catalana, llengua castellana, matem\u00e0tiques, socials i angl\u00e8s (aquestes amb adaptaci\u00f3 curricular) i educaci\u00f3 f\u00edsica. Tamb\u00e9 cursen la tutoria, l\u2019\u00e8tica i el projecte de recerca. Les mat\u00e8ries d\u2019itinerari corresponen als tallers que fan a l\u2019EME i que s\u00f3n: ebenisteria, cer\u00e0mica, inform\u00e0tica, entorn i taller solidari.<\/span><\/span><\/span><\/p>\n<p>&nbsp;<\/td>\n<\/tr>\n<\/tbody>\n<\/table>\n","protected":false},"excerpt":{"rendered":"<p>El projecte ACADA (Adaptaci\u00f3 Curricular per Alumnes amb Dificultats d\u2019Aprenentatge) \u00e9s un projecte singular que compta amb col\u00b7laboraci\u00f3 municipal i es duu a terme al conjunt de tres centres educatius d\u2019ESO de La Garriga.: l\u2019Institut Vil\u00b7la Romana, l\u2019Escola Sant Llu\u00eds i l\u2019Institut Manuel Blancafort.<br \/>\nL\u2019objectiu d\u2019aquest&hellip;  <a href=\"https:\/\/agora.xtec.cat\/ies-manuel-blancafort\/projecte-educatiu\/projecte-acada\/\" title=\"Read Projecte ACADA\">Llegeix m\u00e9s\u00bb<\/a><\/p>\n","protected":false},"author":1,"featured_media":0,"parent":57,"menu_order":40,"comment_status":"closed","ping_status":"closed","template":"page-templates\/side-menu.php","meta":{"_bbp_topic_count":0,"_bbp_reply_count":0,"_bbp_total_topic_count":0,"_bbp_total_reply_count":0,"_bbp_voice_count":0,"_bbp_anonymous_reply_count":0,"_bbp_topic_count_hidden":0,"_bbp_reply_count_hidden":0,"_bbp_forum_subforum_count":0,"footnotes":""},"class_list":["post-617","page","type-page","status-publish","hentry"],"post_mailing_queue_ids":[],"_links":{"self":[{"href":"https:\/\/agora.xtec.cat\/ies-manuel-blancafort\/wp-json\/wp\/v2\/pages\/617","targetHints":{"allow":["GET"]}}],"collection":[{"href":"https:\/\/agora.xtec.cat\/ies-manuel-blancafort\/wp-json\/wp\/v2\/pages"}],"about":[{"href":"https:\/\/agora.xtec.cat\/ies-manuel-blancafort\/wp-json\/wp\/v2\/types\/page"}],"author":[{"embeddable":true,"href":"https:\/\/agora.xtec.cat\/ies-manuel-blancafort\/wp-json\/wp\/v2\/users\/1"}],"replies":[{"embeddable":true,"href":"https:\/\/agora.xtec.cat\/ies-manuel-blancafort\/wp-json\/wp\/v2\/comments?post=617"}],"version-history":[{"count":4,"href":"https:\/\/agora.xtec.cat\/ies-manuel-blancafort\/wp-json\/wp\/v2\/pages\/617\/revisions"}],"predecessor-version":[{"id":1037,"href":"https:\/\/agora.xtec.cat\/ies-manuel-blancafort\/wp-json\/wp\/v2\/pages\/617\/revisions\/1037"}],"up":[{"embeddable":true,"href":"https:\/\/agora.xtec.cat\/ies-manuel-blancafort\/wp-json\/wp\/v2\/pages\/57"}],"wp:attachment":[{"href":"https:\/\/agora.xtec.cat\/ies-manuel-blancafort\/wp-json\/wp\/v2\/media?parent=617"}],"curies":[{"name":"wp","href":"https:\/\/api.w.org\/{rel}","templated":true}]}}