{"id":612,"date":"2020-12-21T13:11:21","date_gmt":"2020-12-21T12:11:21","guid":{"rendered":"https:\/\/agora.xtec.cat\/ies-manuel-blancafort\/?page_id=612"},"modified":"2021-10-04T11:07:55","modified_gmt":"2021-10-04T09:07:55","slug":"pla-de-lectura","status":"publish","type":"page","link":"https:\/\/agora.xtec.cat\/ies-manuel-blancafort\/projecte-educatiu\/pla-de-lectura\/","title":{"rendered":"Pla de lectura"},"content":{"rendered":"<p style=\"text-align: center;\"><a href=\"https:\/\/agora.xtec.cat\/ies-manuel-blancafort\/wp-content\/uploads\/usu2429\/2021\/02\/2090926b1024.jpg\"><img loading=\"lazy\" decoding=\"async\" class=\"alignnone size-large wp-image-994\" src=\"https:\/\/agora.xtec.cat\/ies-manuel-blancafort\/wp-content\/uploads\/usu2429\/2021\/02\/2090926b1024-1024x304.jpg\" alt=\"\" width=\"1024\" height=\"304\" srcset=\"https:\/\/agora.xtec.cat\/ies-manuel-blancafort\/wp-content\/uploads\/usu2429\/2021\/02\/2090926b1024.jpg 1024w, https:\/\/agora.xtec.cat\/ies-manuel-blancafort\/wp-content\/uploads\/usu2429\/2021\/02\/2090926b1024-300x89.jpg 300w, https:\/\/agora.xtec.cat\/ies-manuel-blancafort\/wp-content\/uploads\/usu2429\/2021\/02\/2090926b1024-768x228.jpg 768w\" sizes=\"auto, (max-width: 1024px) 100vw, 1024px\" \/><\/a><\/p>\n<p style=\"text-align: center;\"><strong>\u201cLa lectura completa l\u2019home; <\/strong><br \/>\n<strong>la conversa el prepara <\/strong><br \/>\n<strong>i l\u2019escriptura li d\u00f3na precisi\u00f3\u201d<\/strong><br \/>\n(Francis Bacon, s.XVII)<\/p>\n<p>La lectura \u00e9s una activitat recomanable en molts sentits, pels seus possibles continguts i pels h\u00e0bits que desenvolupa, tant individuals com col\u00b7lectius. A m\u00e9s pot beneficiar, directament o indirecta, la major part de les activitats que es realitzen en un institut. L\u2019Institut Manuel Blancafort t\u00e9 aquest pla de lectura com un dels seus trets singulars.<\/p>\n<p>El pla de lectura, aprovat pel claustre i el consell escolar, consisteix en qu\u00e8 cada grup classe llegeix un llibre, 30 minuts cada dia, acompanyat per un professor. A 1r i 2n d&#8217;ESO es fa la lectura en grup d&#8217;un mateix llibre, en veu alta. A 3r i 4t d&#8217;ESO i a Batxillerat els alumnes poden triar les lectures a la biblioteca d&#8217;aula i llegeixen en silenci.<\/p>\n<p>Paral\u00b7lelament, dos dies per setmana, es duu a terme el CLUB DE LECTURA, en el qual alumnes de 1r i 2n de BAT fan de monitors de lectura en petits grups d&#8217;alumnes de 1r i 2n d&#8217;ESO. Pr\u00e8viament els monitors es formen i preparen les lectures amb un grup de professors.<\/p>\n<p>La lectura de bons llibres es justifica simplement pel plaer que ens d\u00f3na, per\u00f2\u00a0 l\u2019activitat tamb\u00e9 serveix per millorar la conviv\u00e8ncia i estimular la imaginaci\u00f3, la concentraci\u00f3 i l\u2019expressi\u00f3 de tots els qui en participen.<\/p>\n<p>Un pla de lectura consensuat i dut a terme per un claustre apropa un institut al que\u00a0George Steiner considera tan convenient per al nostre m\u00f3n: que proliferin les cases de lectura.<\/p>\n<p>&nbsp;<\/p>\n","protected":false},"excerpt":{"rendered":"<p><a href=\"https:\/\/agora.xtec.cat\/ies-manuel-blancafort\/wp-content\/uploads\/usu2429\/2021\/02\/2090926b1024.jpg\"><\/a><br \/>\n\u201cLa lectura completa l\u2019home;<br \/>\nla conversa el prepara<br \/>\ni l\u2019escriptura li d\u00f3na precisi\u00f3\u201d<br \/>\n(Francis Bacon, s.XVII)<br \/>\nLa lectura \u00e9s una activitat recomanable en molts sentits, pels seus possibles continguts i pels h\u00e0bits que desenvolupa, tant individuals com col\u00b7lectius. A m\u00e9s pot beneficiar, directament o indirecta, la&hellip;  <a href=\"https:\/\/agora.xtec.cat\/ies-manuel-blancafort\/projecte-educatiu\/pla-de-lectura\/\" title=\"Read Pla de lectura\">Llegeix m\u00e9s\u00bb<\/a><\/p>\n","protected":false},"author":1,"featured_media":0,"parent":57,"menu_order":20,"comment_status":"closed","ping_status":"closed","template":"page-templates\/side-menu.php","meta":{"_bbp_topic_count":0,"_bbp_reply_count":0,"_bbp_total_topic_count":0,"_bbp_total_reply_count":0,"_bbp_voice_count":0,"_bbp_anonymous_reply_count":0,"_bbp_topic_count_hidden":0,"_bbp_reply_count_hidden":0,"_bbp_forum_subforum_count":0,"footnotes":""},"class_list":["post-612","page","type-page","status-publish","hentry"],"post_mailing_queue_ids":[],"_links":{"self":[{"href":"https:\/\/agora.xtec.cat\/ies-manuel-blancafort\/wp-json\/wp\/v2\/pages\/612","targetHints":{"allow":["GET"]}}],"collection":[{"href":"https:\/\/agora.xtec.cat\/ies-manuel-blancafort\/wp-json\/wp\/v2\/pages"}],"about":[{"href":"https:\/\/agora.xtec.cat\/ies-manuel-blancafort\/wp-json\/wp\/v2\/types\/page"}],"author":[{"embeddable":true,"href":"https:\/\/agora.xtec.cat\/ies-manuel-blancafort\/wp-json\/wp\/v2\/users\/1"}],"replies":[{"embeddable":true,"href":"https:\/\/agora.xtec.cat\/ies-manuel-blancafort\/wp-json\/wp\/v2\/comments?post=612"}],"version-history":[{"count":3,"href":"https:\/\/agora.xtec.cat\/ies-manuel-blancafort\/wp-json\/wp\/v2\/pages\/612\/revisions"}],"predecessor-version":[{"id":1488,"href":"https:\/\/agora.xtec.cat\/ies-manuel-blancafort\/wp-json\/wp\/v2\/pages\/612\/revisions\/1488"}],"up":[{"embeddable":true,"href":"https:\/\/agora.xtec.cat\/ies-manuel-blancafort\/wp-json\/wp\/v2\/pages\/57"}],"wp:attachment":[{"href":"https:\/\/agora.xtec.cat\/ies-manuel-blancafort\/wp-json\/wp\/v2\/media?parent=612"}],"curies":[{"name":"wp","href":"https:\/\/api.w.org\/{rel}","templated":true}]}}