{"id":598,"date":"2020-12-21T12:40:55","date_gmt":"2020-12-21T11:40:55","guid":{"rendered":"https:\/\/agora.xtec.cat\/ies-manuel-blancafort\/?page_id=598"},"modified":"2026-03-20T10:40:14","modified_gmt":"2026-03-20T09:40:14","slug":"documentacio-de-centre","status":"publish","type":"page","link":"https:\/\/agora.xtec.cat\/ies-manuel-blancafort\/organitzacio-de-centre\/documentacio-de-centre\/","title":{"rendered":"Documents de centre"},"content":{"rendered":"<p><span style=\"color: #008080;\">Podeu consultar els principals documents d&#8217;organitzaci\u00f3 del centre clicant als seg\u00fcents enlla\u00e7os:<\/span><\/p>\n<p><a href=\"https:\/\/drive.google.com\/file\/d\/1zwoONray4671gNLyem1WwJC7aypggfXn\/view?usp=drive_link\" target=\"_blank\" rel=\"noopener\"><span style=\"color: #008080;\">Projecte Educatiu de Centre (PEC)<\/span><\/a><\/p>\n<p><a href=\"https:\/\/drive.google.com\/file\/d\/1C1Wt22i2XxMXxRQRuawhxgcl5SeBghd_\/view?usp=drive_link\" target=\"_blank\" rel=\"noopener\"><span style=\"color: #008080;\">Projecte ling\u00fc\u00edstic<\/span><\/a><\/p>\n<p><a href=\"https:\/\/drive.google.com\/file\/d\/1fp_ZAaOWdAAuN2X_Rw1crF6p0S6_crAs\/view?usp=drive_link\" target=\"_blank\" rel=\"noopener\">Normes d&#8217;organitzaci\u00f3 i funcionament (NOFC)<\/a><\/p>\n<p><a href=\"https:\/\/drive.google.com\/file\/d\/1udYhxgdIIxEZIYutXe2mdDW86Lek2tDm\/view?usp=drive_link\" target=\"_blank\" rel=\"noopener\">Carta de comprom\u00eds educatiu<\/a><\/p>\n<p><span style=\"color: #008080;\"><a style=\"color: #008080;\" href=\"https:\/\/drive.google.com\/file\/d\/1cBZ16choOz85tl_tmL-PJ708prSGM9zP\/view?usp=drive_link\" target=\"_blank\" rel=\"noopener\">Pressupost 2026<\/a><\/span><\/p>\n","protected":false},"excerpt":{"rendered":"<p>Podeu consultar els principals documents d&#8217;organitzaci\u00f3 del centre clicant als seg\u00fcents enlla\u00e7os:<br \/>\n<a href=\"https:\/\/drive.google.com\/file\/d\/1zwoONray4671gNLyem1WwJC7aypggfXn\/view?usp=drive_link\" target=\"_blank\" rel=\"noopener\">Projecte Educatiu de Centre (PEC)<\/a><br \/>\n<a href=\"https:\/\/drive.google.com\/file\/d\/1C1Wt22i2XxMXxRQRuawhxgcl5SeBghd_\/view?usp=drive_link\" target=\"_blank\" rel=\"noopener\">Projecte ling\u00fc\u00edstic<\/a><br \/>\n<a href=\"https:\/\/drive.google.com\/file\/d\/1fp_ZAaOWdAAuN2X_Rw1crF6p0S6_crAs\/view?usp=drive_link\" target=\"_blank\" rel=\"noopener\">Normes d&#8217;organitzaci\u00f3 i funcionament (NOFC)<\/a><br \/>\n<a href=\"https:\/\/drive.google.com\/file\/d\/1udYhxgdIIxEZIYutXe2mdDW86Lek2tDm\/view?usp=drive_link\" target=\"_blank\" rel=\"noopener\">Carta de comprom\u00eds educatiu<\/a><br \/>\n<a style=\"color: #008080;\" href=\"https:\/\/drive.google.com\/file\/d\/1cBZ16choOz85tl_tmL-PJ708prSGM9zP\/view?usp=drive_link\" target=\"_blank\" rel=\"noopener\">Pressupost 2026<\/a><\/p>\n","protected":false},"author":1,"featured_media":0,"parent":593,"menu_order":10,"comment_status":"closed","ping_status":"closed","template":"page-templates\/side-menu.php","meta":{"_bbp_topic_count":0,"_bbp_reply_count":0,"_bbp_total_topic_count":0,"_bbp_total_reply_count":0,"_bbp_voice_count":0,"_bbp_anonymous_reply_count":0,"_bbp_topic_count_hidden":0,"_bbp_reply_count_hidden":0,"_bbp_forum_subforum_count":0,"footnotes":""},"class_list":["post-598","page","type-page","status-publish","hentry"],"post_mailing_queue_ids":[],"_links":{"self":[{"href":"https:\/\/agora.xtec.cat\/ies-manuel-blancafort\/wp-json\/wp\/v2\/pages\/598","targetHints":{"allow":["GET"]}}],"collection":[{"href":"https:\/\/agora.xtec.cat\/ies-manuel-blancafort\/wp-json\/wp\/v2\/pages"}],"about":[{"href":"https:\/\/agora.xtec.cat\/ies-manuel-blancafort\/wp-json\/wp\/v2\/types\/page"}],"author":[{"embeddable":true,"href":"https:\/\/agora.xtec.cat\/ies-manuel-blancafort\/wp-json\/wp\/v2\/users\/1"}],"replies":[{"embeddable":true,"href":"https:\/\/agora.xtec.cat\/ies-manuel-blancafort\/wp-json\/wp\/v2\/comments?post=598"}],"version-history":[{"count":6,"href":"https:\/\/agora.xtec.cat\/ies-manuel-blancafort\/wp-json\/wp\/v2\/pages\/598\/revisions"}],"predecessor-version":[{"id":3261,"href":"https:\/\/agora.xtec.cat\/ies-manuel-blancafort\/wp-json\/wp\/v2\/pages\/598\/revisions\/3261"}],"up":[{"embeddable":true,"href":"https:\/\/agora.xtec.cat\/ies-manuel-blancafort\/wp-json\/wp\/v2\/pages\/593"}],"wp:attachment":[{"href":"https:\/\/agora.xtec.cat\/ies-manuel-blancafort\/wp-json\/wp\/v2\/media?parent=598"}],"curies":[{"name":"wp","href":"https:\/\/api.w.org\/{rel}","templated":true}]}}