{"id":69,"date":"2014-09-18T10:15:07","date_gmt":"2014-09-18T09:15:07","guid":{"rendered":"http:\/\/agora.xtec.cat\/ies-joan-coromines\/?page_id=69"},"modified":"2020-05-12T14:21:06","modified_gmt":"2020-05-12T12:21:06","slug":"menjador-escolar","status":"publish","type":"page","link":"https:\/\/agora.xtec.cat\/ies-joan-coromines\/menjador-escolar\/","title":{"rendered":"Menjador escolar"},"content":{"rendered":"<p>Benvolgudes fam\u00edlies,<\/p>\n<p>Com ja sabeu, amb el tancament de totes els centres educatius degut a L&#8217;Estat d&#8217;Alarma Sant\u00e0ria, els nostres alumnes que habitualment gaudeixen de beca de menjador no gaudeixen durant l&#8217;alerta sanit\u00e0ria d&#8217;aquest servei.<\/p>\n<p>Aix\u00ed doncs, el passat divendres 27 de mar\u00e7 2020 ( previ av\u00eds a totes les fam\u00edlie<a href=\"https:\/\/agora.xtec.cat\/ies-joan-coromines\/wp-content\/uploads\/usu1943\/2020\/03\/BFWG90621.jpg\"><img loading=\"lazy\" decoding=\"async\" class=\"alignright size-medium wp-image-683\" src=\"https:\/\/agora.xtec.cat\/ies-joan-coromines\/wp-content\/uploads\/usu1943\/2020\/03\/BFWG90621-225x300.jpg\" alt=\"\" width=\"225\" height=\"300\" srcset=\"https:\/\/agora.xtec.cat\/ies-joan-coromines\/wp-content\/uploads\/usu1943\/2020\/03\/BFWG90621-225x300.jpg 225w, https:\/\/agora.xtec.cat\/ies-joan-coromines\/wp-content\/uploads\/usu1943\/2020\/03\/BFWG90621-768x1024.jpg 768w, https:\/\/agora.xtec.cat\/ies-joan-coromines\/wp-content\/uploads\/usu1943\/2020\/03\/BFWG90621.jpg 1200w\" sizes=\"auto, (max-width: 225px) 100vw, 225px\" \/><\/a>s becades) es van repartir targetes moneder a aquelles fam\u00edlies que van optar per recollir-les ara. Les fam\u00edlies que no les van recollir podran fer-ho posteriorment un cop passat l&#8217;estat d&#8217;alarma. En aquest cas les targetes que recullin estaran carregades amb la totalitat dels diners acumulats.<\/p>\n<p>Us adjuntem un enlla\u00e7 per si teniu dubtes sobre les <a href=\"https:\/\/www.priorat.cat\/actualitat\/faqs-sobre-lus-de-les-targetes-moneder-de-les-beques-menjador\">TARGETES MONEDER<\/a><\/p>\n<p>Salut!!!<\/p>\n<p>L&#8217;Equip Directiu<\/p>\n","protected":false},"excerpt":{"rendered":"<p>Benvolgudes fam\u00edlies,<br \/>\nCom ja sabeu, amb el tancament de totes els centres educatius degut a L&#8217;Estat d&#8217;Alarma Sant\u00e0ria, els nostres alumnes que habitualment gaudeixen de beca de menjador no gaudeixen durant l&#8217;alerta sanit\u00e0ria d&#8217;aquest servei.<br \/>\nAix\u00ed doncs, el passat divendres 27 de mar\u00e7 2020 ( previ av\u00eds&hellip;  <a href=\"https:\/\/agora.xtec.cat\/ies-joan-coromines\/menjador-escolar\/\" title=\"Read Menjador escolar\">Llegeix m\u00e9s\u00bb<\/a><\/p>\n","protected":false},"author":1,"featured_media":0,"parent":0,"menu_order":20,"comment_status":"closed","ping_status":"closed","template":"","meta":{"_bbp_topic_count":0,"_bbp_reply_count":0,"_bbp_total_topic_count":0,"_bbp_total_reply_count":0,"_bbp_voice_count":0,"_bbp_anonymous_reply_count":0,"_bbp_topic_count_hidden":0,"_bbp_reply_count_hidden":0,"_bbp_forum_subforum_count":0,"footnotes":""},"class_list":["post-69","page","type-page","status-publish","hentry"],"post_mailing_queue_ids":[],"_links":{"self":[{"href":"https:\/\/agora.xtec.cat\/ies-joan-coromines\/wp-json\/wp\/v2\/pages\/69","targetHints":{"allow":["GET"]}}],"collection":[{"href":"https:\/\/agora.xtec.cat\/ies-joan-coromines\/wp-json\/wp\/v2\/pages"}],"about":[{"href":"https:\/\/agora.xtec.cat\/ies-joan-coromines\/wp-json\/wp\/v2\/types\/page"}],"author":[{"embeddable":true,"href":"https:\/\/agora.xtec.cat\/ies-joan-coromines\/wp-json\/wp\/v2\/users\/1"}],"replies":[{"embeddable":true,"href":"https:\/\/agora.xtec.cat\/ies-joan-coromines\/wp-json\/wp\/v2\/comments?post=69"}],"version-history":[{"count":3,"href":"https:\/\/agora.xtec.cat\/ies-joan-coromines\/wp-json\/wp\/v2\/pages\/69\/revisions"}],"predecessor-version":[{"id":688,"href":"https:\/\/agora.xtec.cat\/ies-joan-coromines\/wp-json\/wp\/v2\/pages\/69\/revisions\/688"}],"wp:attachment":[{"href":"https:\/\/agora.xtec.cat\/ies-joan-coromines\/wp-json\/wp\/v2\/media?parent=69"}],"curies":[{"name":"wp","href":"https:\/\/api.w.org\/{rel}","templated":true}]}}