{"id":458,"date":"2016-07-13T12:12:07","date_gmt":"2016-07-13T11:12:07","guid":{"rendered":"http:\/\/agora.xtec.cat\/ies-isaac-albeniz\/?page_id=458"},"modified":"2025-12-14T12:16:10","modified_gmt":"2025-12-14T11:16:10","slug":"alumnat","status":"publish","type":"page","link":"https:\/\/agora.xtec.cat\/ies-isaac-albeniz\/alumnat\/","title":{"rendered":"Alumnat"},"content":{"rendered":"<p>En el men\u00fa de l&#8217;esquerra trobareu tota mena d&#8217;informaci\u00f3 i documentaci\u00f3 relacionats amb les gestions que ha de realitzar l&#8217;alumnat.<\/p>\n<p>A la primera presentaci\u00f3 trobareu com estan organitzats els estudis de 4t de l&#8217;ESO i recomanacions de com fer la tria d&#8217;assignatures i a la segona presentaci\u00f3 l&#8217;organitzaci\u00f3 dels estudis de batxillerat.<\/p>\n<p style=\"text-align: center;\"><iframe loading=\"lazy\" src=\"https:\/\/docs.google.com\/presentation\/d\/e\/2PACX-1vRK1-Bqjyf27I3i_oKWaS8i08qoIbsFo7p23Ay7CkQsJH9orZXcvjBSPcFnzKMHeq1l9XM32sxJeFeb\/pubembed?start=false&amp;loop=false&amp;delayms=3000\" width=\"960\" height=\"749\" frameborder=\"0\" allowfullscreen=\"allowfullscreen\"><\/iframe><\/p>\n<p>&nbsp;<\/p>\n<p><iframe loading=\"lazy\" src=\"https:\/\/docs.google.com\/presentation\/d\/e\/2PACX-1vTLwwTlr1uKyGZv5f_KRC8Z_raVU7ZTSpt4TYDlrG1wzuRHmBEhQLG4DcoJKiC-8lS0KcueP1DEtV4L\/embed?start=false&amp;loop=false&amp;delayms=3000\" width=\"960\" height=\"549\" frameborder=\"0\" allowfullscreen=\"allowfullscreen\"><\/iframe><\/p>\n","protected":false},"excerpt":{"rendered":"<p>En el men\u00fa de l&#8217;esquerra trobareu tota mena d&#8217;informaci\u00f3 i documentaci\u00f3 relacionats amb les gestions que ha de realitzar l&#8217;alumnat.<br \/>\nA la primera presentaci\u00f3 trobareu com estan organitzats els estudis de 4t de l&#8217;ESO i recomanacions de com fer la tria d&#8217;assignatures i a la segona&hellip;  <a href=\"https:\/\/agora.xtec.cat\/ies-isaac-albeniz\/alumnat\/\" title=\"Read Alumnat\">Llegeix m\u00e9s\u00bb<\/a><\/p>\n","protected":false},"author":1,"featured_media":0,"parent":0,"menu_order":0,"comment_status":"closed","ping_status":"closed","template":"page-templates\/side-menu.php","meta":{"_bbp_topic_count":0,"_bbp_reply_count":0,"_bbp_total_topic_count":0,"_bbp_total_reply_count":0,"_bbp_voice_count":0,"_bbp_anonymous_reply_count":0,"_bbp_topic_count_hidden":0,"_bbp_reply_count_hidden":0,"_bbp_forum_subforum_count":0,"footnotes":""},"class_list":["post-458","page","type-page","status-publish","hentry"],"post_mailing_queue_ids":[],"_links":{"self":[{"href":"https:\/\/agora.xtec.cat\/ies-isaac-albeniz\/wp-json\/wp\/v2\/pages\/458","targetHints":{"allow":["GET"]}}],"collection":[{"href":"https:\/\/agora.xtec.cat\/ies-isaac-albeniz\/wp-json\/wp\/v2\/pages"}],"about":[{"href":"https:\/\/agora.xtec.cat\/ies-isaac-albeniz\/wp-json\/wp\/v2\/types\/page"}],"author":[{"embeddable":true,"href":"https:\/\/agora.xtec.cat\/ies-isaac-albeniz\/wp-json\/wp\/v2\/users\/1"}],"replies":[{"embeddable":true,"href":"https:\/\/agora.xtec.cat\/ies-isaac-albeniz\/wp-json\/wp\/v2\/comments?post=458"}],"version-history":[{"count":6,"href":"https:\/\/agora.xtec.cat\/ies-isaac-albeniz\/wp-json\/wp\/v2\/pages\/458\/revisions"}],"predecessor-version":[{"id":4857,"href":"https:\/\/agora.xtec.cat\/ies-isaac-albeniz\/wp-json\/wp\/v2\/pages\/458\/revisions\/4857"}],"wp:attachment":[{"href":"https:\/\/agora.xtec.cat\/ies-isaac-albeniz\/wp-json\/wp\/v2\/media?parent=458"}],"curies":[{"name":"wp","href":"https:\/\/api.w.org\/{rel}","templated":true}]}}