{"id":3640,"date":"2023-03-02T19:50:35","date_gmt":"2023-03-02T18:50:35","guid":{"rendered":"https:\/\/agora.xtec.cat\/ies-isaac-albeniz\/?page_id=3640"},"modified":"2023-11-03T18:35:15","modified_gmt":"2023-11-03T17:35:15","slug":"certificat-c1-de-catala","status":"publish","type":"page","link":"https:\/\/agora.xtec.cat\/ies-isaac-albeniz\/secretaria\/certificat-c1-de-catala\/","title":{"rendered":"Certificat C1 de catal\u00e0"},"content":{"rendered":"<p>El certificat s\u2019ha de sol\u00b7licitar presencialment en horari d\u2019atenci\u00f3 al p\u00fablic.<\/p>\n<p>Clica aqu\u00ed per la <a href=\"https:\/\/drive.google.com\/file\/d\/1hXejg4fcFEuhCRZnRy-wkyOO3FrXi9qs\/view?usp=sharing\" target=\"_blank\" rel=\"noopener\">Sol\u00b7licitud.<\/a><\/p>\n<p>Les persones que hagin obtingut la seva titulaci\u00f3 en un institut (o institut escola) podran presentar la documentaci\u00f3 requerida, acompanyada del corresponent formulari de sol\u00b7licitud, a qualsevol d&#8217;aquests centres.<\/p>\n<p>Les persones que hagin obtingut la seva titulaci\u00f3 en un centre de formaci\u00f3 d&#8217;adults, podran presentar la documentaci\u00f3 requerida, acompanyada del corresponent formulari de sol\u00b7licitud, a qualsevol d&#8217;aquests centres.<\/p>\n<p>Les persones que hagin obtingut la seva titulaci\u00f3 a l&#8217;Institut Obert de Catalunya (IOC) podran presentar la documentaci\u00f3 requerida, acompanyada del corresponent formulari de sol\u00b7licitud, a l&#8217;IOC.<\/p>\n<p>Per als casos que no es corresponguin amb els sup\u00f2sits esmentats, les persones interessades es podran dirigir al <a href=\"http:\/\/sac.gencat.cat\/sacgencat\/AppJava\/organisme_fitxa.jsp?codi=1599\" target=\"_blank\" rel=\"noopener\">Departament d&#8217;Educaci\u00f3<\/a> per presentar la documentaci\u00f3 requerida i tramitar la seva sol\u00b7licitud.<\/p>\n<p>&nbsp;<\/p>\n<p><strong>Documentaci\u00f3:<\/strong><\/p>\n<p>Llibre d&#8217;escolaritat o certificat del centre o centres on s&#8217;ha fet l&#8217;itinerari escolar corresponent a l&#8217;etapa educativa (EGB, BUP, FP, prim\u00e0ria, ESO o batxillerat).<br \/>\nT\u00edtol, resguard del t\u00edtol o certificat que acrediti que la titulaci\u00f3 superior s&#8217;ha obtingut sense cap mat\u00e8ria suspesa o, en el cas de l&#8217;ESO, que s&#8217;ha superat la mat\u00e8ria de llengua catalana en acabar el cicle superior.<br \/>\nEn cas que no es disposi dels llibres d&#8217;escolaritat i que el centre o centres que els van emetre hagin tancat o ja no existeixin, caldr\u00e0 demanar a la Inspecci\u00f3 d&#8217;Educaci\u00f3 del servei territorial que correspongui el nom del centre dipositari de la documentaci\u00f3 i que custodi\u00ef les actes i expedients del centre o centres tancats o desapareguts.<\/p>\n<p><strong>Requisits:<\/strong><br \/>\nPersones nascudes a partir de l&#8217;any 1972 que acompleixin els dos requisits seg\u00fcents:<\/p>\n<ul>\n<li>Haver fet l&#8217;itinerari escolar \u00edntegrament a Catalunya o, parcialment, en d&#8217;altres territoris on el catal\u00e0 fos llengua curricular avaluable, de manera que s&#8217;hagi acabat obtenint la titulaci\u00f3 al sistema educatiu de Catalunya.<\/li>\n<li>Haver obtingut una de les seg\u00fcents titulacions: graduat escolar, t\u00e8cnic auxiliar, t\u00e8cnic especialista o BUP, de l&#8217;anterior sistema educatiu; graduat d&#8217;educaci\u00f3 secund\u00e0ria obligat\u00f2ria o batxillerat, de l&#8217;actual sistema educatiu.<\/li>\n<\/ul>\n<p>\u00c9s important indicar que les proves d&#8217;acc\u00e9s per als majors de 25 anys, selectivitat i acc\u00e9s als cicles formatius, aix\u00ed com els cicles formatius de grau mitj\u00e0 o de grau superior, no apareixen a la normativa i, que per tant, no es poden tenir en compte.<\/p>\n<p><strong>Taxes:<\/strong><br \/>\nNo hi ha taxes associades a aquest tr\u00e0mit<\/p>\n<p><strong>Altres informacions:<\/strong><br \/>\nTamb\u00e9 s&#8217;atendran les peticions de les persones l&#8217;itinerari educatiu de les quals hagi coincidit amb canvis de sistema educatiu, sempre que acreditin documentalment que aquest itinerari, i l&#8217;obtenci\u00f3 del t\u00edtol corresponent, s&#8217;ha fet \u00edntegrament al sistema educatiu de Catalunya o, parcialment, a d&#8217;altres territoris on el catal\u00e0 fos llengua curricular i avaluable, de manera que s&#8217;hagi acabat obtenint la titulaci\u00f3 al sistema educatiu de Catalunya. Per exemple, persones que hagin comen\u00e7at a fer l&#8217;educaci\u00f3 general b\u00e0sica (EGB) i en algun moment hagin passat a l&#8217;educaci\u00f3 prim\u00e0ria o l&#8217;educaci\u00f3 secund\u00e0ria obligat\u00f2ria (ESO), o persones que del batxillerat unificat polivalent (BUP) o la formaci\u00f3 professional hagin passat a l&#8217;actual batxillerat.<\/p>\n<p align=\"justify\"><span style=\"color: #333333;\"><span style=\"font-family: OpenSansRegular, Helvetica, Arial, sans-serif;\"><span lang=\"ca-ES\">El termini de lliurament del certificat \u00e9s d&#8217;aproximadament d\u20191 setmana des del lliurament de tota la documentaci\u00f3 original. <\/span><\/span><\/span>Durant els mesos de maig, juny, juliol i setembre el temps de resoluci\u00f3 de la sol\u00b7licitud pot ser m\u00e9s llarg a causa del proc\u00e9s de preinscripci\u00f3 i matr\u00edcula del curs seg\u00fcent.&#8221;<\/p>\n","protected":false},"excerpt":{"rendered":"<p>El certificat s\u2019ha de sol\u00b7licitar presencialment en horari d\u2019atenci\u00f3 al p\u00fablic.<br \/>\nClica aqu\u00ed per la <a href=\"https:\/\/drive.google.com\/file\/d\/1hXejg4fcFEuhCRZnRy-wkyOO3FrXi9qs\/view?usp=sharing\" target=\"_blank\" rel=\"noopener\">Sol\u00b7licitud.<\/a><br \/>\nLes persones que hagin obtingut la seva titulaci\u00f3 en un institut (o institut escola) podran presentar la documentaci\u00f3 requerida, acompanyada del corresponent formulari de sol\u00b7licitud, a qualsevol d&#8217;aquests&hellip;  <a href=\"https:\/\/agora.xtec.cat\/ies-isaac-albeniz\/secretaria\/certificat-c1-de-catala\/\" title=\"Read Certificat C1 de catal\u00e0\">Llegeix m\u00e9s\u00bb<\/a><\/p>\n","protected":false},"author":1,"featured_media":0,"parent":81,"menu_order":0,"comment_status":"closed","ping_status":"closed","template":"","meta":{"_bbp_topic_count":0,"_bbp_reply_count":0,"_bbp_total_topic_count":0,"_bbp_total_reply_count":0,"_bbp_voice_count":0,"_bbp_anonymous_reply_count":0,"_bbp_topic_count_hidden":0,"_bbp_reply_count_hidden":0,"_bbp_forum_subforum_count":0,"footnotes":""},"class_list":["post-3640","page","type-page","status-publish","hentry"],"post_mailing_queue_ids":[],"_links":{"self":[{"href":"https:\/\/agora.xtec.cat\/ies-isaac-albeniz\/wp-json\/wp\/v2\/pages\/3640","targetHints":{"allow":["GET"]}}],"collection":[{"href":"https:\/\/agora.xtec.cat\/ies-isaac-albeniz\/wp-json\/wp\/v2\/pages"}],"about":[{"href":"https:\/\/agora.xtec.cat\/ies-isaac-albeniz\/wp-json\/wp\/v2\/types\/page"}],"author":[{"embeddable":true,"href":"https:\/\/agora.xtec.cat\/ies-isaac-albeniz\/wp-json\/wp\/v2\/users\/1"}],"replies":[{"embeddable":true,"href":"https:\/\/agora.xtec.cat\/ies-isaac-albeniz\/wp-json\/wp\/v2\/comments?post=3640"}],"version-history":[{"count":4,"href":"https:\/\/agora.xtec.cat\/ies-isaac-albeniz\/wp-json\/wp\/v2\/pages\/3640\/revisions"}],"predecessor-version":[{"id":3973,"href":"https:\/\/agora.xtec.cat\/ies-isaac-albeniz\/wp-json\/wp\/v2\/pages\/3640\/revisions\/3973"}],"up":[{"embeddable":true,"href":"https:\/\/agora.xtec.cat\/ies-isaac-albeniz\/wp-json\/wp\/v2\/pages\/81"}],"wp:attachment":[{"href":"https:\/\/agora.xtec.cat\/ies-isaac-albeniz\/wp-json\/wp\/v2\/media?parent=3640"}],"curies":[{"name":"wp","href":"https:\/\/api.w.org\/{rel}","templated":true}]}}