{"id":3636,"date":"2023-03-02T19:48:13","date_gmt":"2023-03-02T18:48:13","guid":{"rendered":"https:\/\/agora.xtec.cat\/ies-isaac-albeniz\/?page_id=3636"},"modified":"2023-06-12T18:49:34","modified_gmt":"2023-06-12T16:49:34","slug":"tramitacio-de-titols","status":"publish","type":"page","link":"https:\/\/agora.xtec.cat\/ies-isaac-albeniz\/secretaria\/tramitacio-de-titols\/","title":{"rendered":"Tramitaci\u00f3 de t\u00edtols"},"content":{"rendered":"<p>Finalitzat un pla d\u2019estudis, s\u2019ha d\u2019expedir el corresponent t\u00edtol acad\u00e8mic.<\/p>\n<p><span style=\"color: #3465a4;\"><span style=\"font-family: Arial, sans-serif;\"><span style=\"font-size: large;\">T\u00edtols : Instruccions per fer el pagament<\/span><\/span><\/span><\/p>\n<p><span style=\"color: #3465a4;\"><span style=\"font-family: Arial, sans-serif;\"><span style=\"font-size: large;\"><b>Quant he de pagar?<\/b><\/span><\/span><\/span><\/p>\n<table width=\"416\" cellspacing=\"0\" cellpadding=\"2\">\n<tbody>\n<tr valign=\"top\">\n<td style=\"background: #b4c7dc;\" bgcolor=\"#b4c7dc\" width=\"312\">\n<p style=\"text-align: center;\" align=\"center\"><span style=\"color: #3465a4;\"><span style=\"font-family: Arial, sans-serif;\"><span style=\"font-size: medium;\">T\u00cdTOLS<\/span><\/span><\/span><\/p>\n<\/td>\n<td style=\"background: #b4c7dc;\" bgcolor=\"#b4c7dc\" width=\"94\">\n<p align=\"center\"><span style=\"color: #3465a4;\"><span style=\"font-family: Arial, sans-serif;\"><span style=\"font-size: medium;\">PREU<\/span><\/span><\/span><\/p>\n<\/td>\n<\/tr>\n<tr valign=\"top\">\n<td width=\"312\">\n<p align=\"left\"><span style=\"font-family: Arial, sans-serif;\"><span style=\"font-size: medium;\">ESO<\/span><\/span><\/p>\n<\/td>\n<td width=\"94\">\n<p align=\"center\"><span style=\"font-family: Arial, sans-serif;\"><span style=\"font-size: medium;\">Gratu\u00eft<\/span><\/span><\/p>\n<\/td>\n<\/tr>\n<tr valign=\"top\">\n<td width=\"312\">\n<p align=\"left\"><span style=\"font-family: Arial, sans-serif;\"><span style=\"font-size: medium;\">BATXILLERAT<\/span><\/span><\/p>\n<\/td>\n<td width=\"94\">\n<p align=\"center\"><span style=\"font-family: Arial, sans-serif;\"><span style=\"font-size: medium;\">69,65 \u20ac<\/span><\/span><\/p>\n<\/td>\n<\/tr>\n<tr valign=\"top\">\n<td width=\"312\">\n<p align=\"left\"><span style=\"font-family: Arial, sans-serif;\"><span style=\"font-size: medium;\">Reexpedici\u00f3 del t\u00edtol (expedici\u00f3 de duplicats)<\/span><\/span><\/p>\n<\/td>\n<td width=\"94\">\n<p align=\"center\"><span style=\"font-family: Arial, sans-serif;\"><span style=\"font-size: medium;\">17,25 \u20ac<\/span><\/span><\/p>\n<\/td>\n<\/tr>\n<\/tbody>\n<\/table>\n<table style=\"width: 57.0721%;\" width=\"567\" cellspacing=\"0\" cellpadding=\"2\">\n<tbody>\n<tr>\n<td style=\"background: #b4c7dc; width: 99.6479%;\" colspan=\"2\" valign=\"top\" bgcolor=\"#b4c7dc\" width=\"561\">\n<p align=\"center\"><span style=\"color: #3465a4;\"><span style=\"font-family: Arial, sans-serif;\"><span style=\"font-size: medium;\">BONIFICACIONS I EXEMPCIONS GENERALS<\/span><\/span><\/span><\/p>\n<\/td>\n<\/tr>\n<tr>\n<td style=\"width: 80.8098%;\" valign=\"top\" width=\"354\"><span style=\"font-family: Arial, sans-serif;\"><span style=\"font-size: medium;\">Fam\u00edlies nombroses categoria general<\/span><\/span><\/p>\n<p><span style=\"font-family: Arial, sans-serif;\"><span style=\"font-size: medium;\">Fam\u00edlies monoparentals<\/span><\/span><\/td>\n<td style=\"width: 18.8381%;\" width=\"202\">\n<p align=\"center\"><span style=\"font-family: Arial, sans-serif;\"><span style=\"font-size: medium;\">Bonificaci\u00f3 del 50% de l\u2019import*<\/span><\/span><\/p>\n<\/td>\n<\/tr>\n<tr>\n<td style=\"width: 80.8098%;\" valign=\"top\" width=\"354\"><span style=\"font-family: Arial, sans-serif;\"><span style=\"font-size: medium;\">Fam\u00edlies nombroses categoria especial<\/span><\/span><\/p>\n<p><span style=\"font-family: Arial, sans-serif;\"><span style=\"font-size: medium;\">Persones amb discapacitat igual o superior al 33%<\/span><\/span><\/p>\n<p><span style=\"font-family: Arial, sans-serif;\"><span style=\"font-size: medium;\">Infants o adolescents en acolliment familiar<\/span><\/span><\/p>\n<p><span style=\"font-family: Arial, sans-serif;\"><span style=\"font-size: medium;\">V\u00edctimes del terrorisme (i els seus c\u00f2njuges i els seus fills)<\/span><\/span><\/td>\n<td style=\"width: 18.8381%;\" width=\"202\">\n<p align=\"center\"><span style=\"font-family: Arial, sans-serif;\"><span style=\"font-size: medium;\">Exempci\u00f3 del 100% del pagament*<\/span><\/span><\/p>\n<\/td>\n<\/tr>\n<\/tbody>\n<\/table>\n<p><span style=\"color: #000000;\"><span style=\"font-family: Arial, sans-serif;\"><span style=\"font-size: medium;\">*Cal presentar la documentaci\u00f3 original corresponent i una c\u00f2pia<\/span><\/span><\/span><\/p>\n<p><span style=\"color: #000000;\"><span style=\"font-family: Arial, sans-serif;\"><span style=\"font-size: medium;\">Els preus venen marcats pel Departament d\u2019Educaci\u00f3, veure aqu\u00ed les <a href=\"https:\/\/educacio.gencat.cat\/ca\/departament\/normativa\/taxes-preus-publics\/taxes\/\" target=\"_blank\" rel=\"noopener\">taxes<\/a> i les <a href=\"https:\/\/educacio.gencat.cat\/ca\/departament\/normativa\/taxes-preus-publics\/exempcions-bonificacions\/\" target=\"_blank\" rel=\"noopener\">exempcions i bonificacions<\/a><\/span><\/span><\/span><\/p>\n<p>&nbsp;<\/p>\n<p>&nbsp;<\/p>\n<p><span style=\"color: #3465a4;\"><span style=\"font-family: Arial, sans-serif;\"><span style=\"font-size: large;\"><b>Com es sol\u00b7licita?<\/b><\/span><\/span><\/span><\/p>\n<p><span style=\"color: #3465a4;\"><span style=\"font-family: Arial, sans-serif;\"><span style=\"font-size: medium;\"><b>T\u00cdTOL D\u2019ESO<\/b><\/span><\/span><\/span><\/p>\n<p align=\"justify\"><span style=\"color: #000000;\"><span style=\"font-family: Arial, sans-serif;\"><span style=\"font-size: medium;\"><b>L\u2019expedici\u00f3 del t\u00edtol <\/b><b>\u00e9s d\u2019ofici i <\/b><b>\u00e9s gratu\u00efta<\/b>, per tant, no s\u2019ha de pagar cap taxa.<\/span><\/span><\/span><\/p>\n<p align=\"justify\"><span style=\"color: #000000;\"><span style=\"font-family: Arial, sans-serif;\"><span style=\"font-size: medium;\">La Secretaria del centre inicia tots els tr\u00e0mits necessaris per la sol\u00b7licitud del t\u00edtol a final de curs, per a tot l\u2019<b>alumnat que ha obtingut el Graduat de l\u2019ES<\/b><b>O<\/b>.<\/span><\/span><\/span><\/p>\n<p align=\"justify\"><span style=\"color: #000000;\"><span style=\"font-family: Arial, sans-serif;\"><span style=\"font-size: medium;\">L<\/span><\/span><\/span><span style=\"color: #000000;\"><span style=\"font-family: Arial, sans-serif;\"><span style=\"font-size: medium;\">\u2019alumnat <\/span><\/span><\/span><span style=\"color: #000000;\"><span style=\"font-family: Arial, sans-serif;\"><span style=\"font-size: medium;\">ha de recollir <\/span><\/span><\/span><span style=\"color: #000000;\"><span style=\"font-family: Arial, sans-serif;\"><span style=\"font-size: medium;\">el resguard del t\u00edtol <\/span><\/span><\/span><span style=\"color: #000000;\"><span style=\"font-family: Arial, sans-serif;\"><span style=\"font-size: medium;\">a les oficines de Secretaria. <\/span><\/span><\/span><span style=\"color: #000000;\"><span style=\"font-family: Arial, sans-serif;\"><span style=\"font-size: medium;\"><b>El<\/b><\/span><\/span><\/span><span style=\"color: #000000;\"><span style=\"font-family: Arial, sans-serif;\"><span style=\"font-size: medium;\"><b> resguard t\u00e9 la mateixa validesa que el t\u00edtol oficial i que s\u2019haur\u00e0 de guardar i conservar per poder recollir el t\u00edtol <\/b><\/span><\/span><\/span><span style=\"color: #000000;\"><span style=\"font-family: Arial, sans-serif;\"><span style=\"font-size: medium;\"><b>impr\u00e8s <\/b><\/span><\/span><\/span><span style=\"color: #000000;\"><span style=\"font-family: Arial, sans-serif;\"><span style=\"font-size: medium;\"><b>a les oficines de Secretaria del centre<\/b><\/span><\/span><\/span><span style=\"color: #000000;\"><span style=\"font-family: Arial, sans-serif;\"><span style=\"font-size: medium;\">. <\/span><\/span><\/span><\/p>\n<p align=\"justify\"><span style=\"color: #000000;\"><span style=\"font-family: Arial, sans-serif;\"><span style=\"font-size: medium;\">Quan el t\u00edtol arribi al centre us ser\u00e0 tramesa una comunicaci\u00f3 perqu\u00e8 el vingueu a buscar<\/span><\/span><\/span><span style=\"color: #000000;\"><span style=\"font-family: Arial, sans-serif;\"><span style=\"font-size: medium;\">, <\/span><\/span><\/span><span style=\"color: #000000;\"><span style=\"font-family: Arial, sans-serif;\"><span style=\"font-size: medium;\">aquest<\/span><\/span><\/span><span style=\"color: #000000;\"><span style=\"font-family: Arial, sans-serif;\"><span style=\"font-size: medium;\"> proc\u00e9s <\/span><\/span><\/span><span style=\"color: #000000;\"><span style=\"font-family: Arial, sans-serif;\"><span style=\"font-size: medium;\">pot durar<\/span><\/span><\/span><span style=\"color: #000000;\"><span style=\"font-family: Arial, sans-serif;\"><span style=\"font-size: medium;\"> 2 anys.<\/span><\/span><\/span><\/p>\n<p align=\"center\"><span style=\"color: #ff0000;\"><span style=\"font-family: Arial, sans-serif;\"><span style=\"font-size: medium;\"><b>US RECORDEM QUE EL RESGUARD DEL T\u00cdTOL US EL PODEN DEMANAR PER MATRICULAR-VOS DELS ESTUDIS POSTERIORS<\/b><\/span><\/span><\/span><\/p>\n<p>&nbsp;<\/p>\n<p><span style=\"color: #3465a4;\"><span style=\"font-family: Arial, sans-serif;\"><span style=\"font-size: medium;\"><b>T\u00cdTOL DE BATXILLERAT<\/b><\/span><\/span><\/span><\/p>\n<p align=\"justify\"><span style=\"color: #000000;\"><span style=\"font-family: Arial, sans-serif;\"><span style=\"font-size: medium;\">1<sup>r<\/sup> Per tal de sol\u00b7licitar el t\u00edtol de Batxillerat, us haureu d\u2019adre\u00e7ar a la<b> Secretaria del centre, amb el DNI i el document que permet la bonificaci\u00f3 o exempci\u00f3 si \u00e9s el cas<\/b>.<\/span><\/span><\/span><\/p>\n<p align=\"justify\"><span style=\"color: #000000;\"><span style=\"font-family: Arial, sans-serif;\"><span style=\"font-size: medium;\">2<sup>n<\/sup> A les oficines de Secretaria us faran el <b>lliurament del resguard de sol\u00b7licitud del t\u00edtol de Batxillerat per fer el pagament de la taxa<\/b> corresponent.<\/span><\/span><\/span><a href=\"https:\/\/agora.xtec.cat\/ies-isaac-albeniz\/wp-content\/uploads\/usu1344\/2023\/06\/docusecre.png\"><img loading=\"lazy\" decoding=\"async\" class=\"size-full wp-image-3858 aligncenter\" src=\"https:\/\/agora.xtec.cat\/ies-isaac-albeniz\/wp-content\/uploads\/usu1344\/2023\/06\/docusecre.png\" alt=\"\" width=\"495\" height=\"460\" srcset=\"https:\/\/agora.xtec.cat\/ies-isaac-albeniz\/wp-content\/uploads\/usu1344\/2023\/06\/docusecre.png 495w, https:\/\/agora.xtec.cat\/ies-isaac-albeniz\/wp-content\/uploads\/usu1344\/2023\/06\/docusecre-300x279.png 300w\" sizes=\"auto, (max-width: 495px) 100vw, 495px\" \/><\/a><span style=\"color: #000000;\"><span style=\"font-family: Arial, sans-serif;\"><span style=\"font-size: medium;\"><b>3<\/b><sup><b>r<\/b><\/sup><b> <\/b><b>Haureu de retornar a les oficines de Secretaria<\/b>, per tal d\u2019acabar el tr\u00e0mit de sol\u00b7licitud de la titulaci\u00f3, <b>amb el resguard de sol\u00b7licitud del t\u00edtol i l\u2019impr\u00e8s\/justificant acreditatiu del pagament.<\/b><\/span><\/span><\/span><\/p>\n<p align=\"justify\"><span style=\"color: #000000;\"><span style=\"font-family: Arial, sans-serif;\"><span style=\"font-size: medium;\">A les oficines de Secretaria us faran el lliurament del resguard conforme heu demanat el t\u00edtol i la documentaci\u00f3 acad\u00e8mica. <b>Aquest resguard t\u00e9 la mateixa validesa que el t\u00edtol oficial i s\u2019haur\u00e0 de guardar i conservar per poder recollir el t\u00edtol <\/b><b>impr\u00e8s <\/b><b>a les oficines de Secretaria del centre. <\/b><\/span><\/span><\/span><\/p>\n<p align=\"justify\"><span style=\"color: #000000;\"><span style=\"font-family: Arial, sans-serif;\"><span style=\"font-size: medium;\">4<sup>t<\/sup> Quan el t\u00edtol arribi al centre us ser\u00e0 tramesa una comunicaci\u00f3 perqu\u00e8 el vingueu a buscar. Aquest proc\u00e9s pot durar 2 anys.<\/span><\/span><\/span><\/p>\n<p align=\"center\"><span style=\"color: #ff0000;\"><span style=\"font-family: Arial, sans-serif;\"><span style=\"font-size: medium;\"><b>US RECORDEM QUE EL RESGUARD DEL T\u00cdTOL US EL PODEN DEMANAR PER MATRICULAR-VOS DELS ESTUDIS POSTERIORS<\/b><\/span><\/span><\/span><\/p>\n","protected":false},"excerpt":{"rendered":"<p>Finalitzat un pla d\u2019estudis, s\u2019ha d\u2019expedir el corresponent t\u00edtol acad\u00e8mic.<br \/>\nT\u00edtols : Instruccions per fer el pagament<br \/>\nQuant he de pagar?<\/p>\n<p>T\u00cdTOLS<\/p>\n<p>PREU<\/p>\n<p>ESO<\/p>\n<p>Gratu\u00eft<\/p>\n<p>BATXILLERAT<\/p>\n<p>69,65 \u20ac<\/p>\n<p>Reexpedici\u00f3 del t\u00edtol (expedici\u00f3 de duplicats)<\/p>\n<p>17,25 \u20ac<\/p>\n<p>BONIFICACIONS I EXEMPCIONS GENERALS<\/p>\n<p>Fam\u00edlies nombroses categoria general<br \/>\nFam\u00edlies monoparentals<\/p>\n<p>Bonificaci\u00f3 del 50% de l\u2019import*<\/p>\n<p>Fam\u00edlies nombroses categoria especial<br \/>\nPersones amb discapacitat igual o superior&hellip;  <a href=\"https:\/\/agora.xtec.cat\/ies-isaac-albeniz\/secretaria\/tramitacio-de-titols\/\" title=\"Read Tramitaci\u00f3 de t\u00edtols\">Llegeix m\u00e9s\u00bb<\/a><\/p>\n","protected":false},"author":1,"featured_media":0,"parent":81,"menu_order":0,"comment_status":"closed","ping_status":"closed","template":"","meta":{"_bbp_topic_count":0,"_bbp_reply_count":0,"_bbp_total_topic_count":0,"_bbp_total_reply_count":0,"_bbp_voice_count":0,"_bbp_anonymous_reply_count":0,"_bbp_topic_count_hidden":0,"_bbp_reply_count_hidden":0,"_bbp_forum_subforum_count":0,"footnotes":""},"class_list":["post-3636","page","type-page","status-publish","hentry"],"post_mailing_queue_ids":[],"_links":{"self":[{"href":"https:\/\/agora.xtec.cat\/ies-isaac-albeniz\/wp-json\/wp\/v2\/pages\/3636","targetHints":{"allow":["GET"]}}],"collection":[{"href":"https:\/\/agora.xtec.cat\/ies-isaac-albeniz\/wp-json\/wp\/v2\/pages"}],"about":[{"href":"https:\/\/agora.xtec.cat\/ies-isaac-albeniz\/wp-json\/wp\/v2\/types\/page"}],"author":[{"embeddable":true,"href":"https:\/\/agora.xtec.cat\/ies-isaac-albeniz\/wp-json\/wp\/v2\/users\/1"}],"replies":[{"embeddable":true,"href":"https:\/\/agora.xtec.cat\/ies-isaac-albeniz\/wp-json\/wp\/v2\/comments?post=3636"}],"version-history":[{"count":3,"href":"https:\/\/agora.xtec.cat\/ies-isaac-albeniz\/wp-json\/wp\/v2\/pages\/3636\/revisions"}],"predecessor-version":[{"id":3859,"href":"https:\/\/agora.xtec.cat\/ies-isaac-albeniz\/wp-json\/wp\/v2\/pages\/3636\/revisions\/3859"}],"up":[{"embeddable":true,"href":"https:\/\/agora.xtec.cat\/ies-isaac-albeniz\/wp-json\/wp\/v2\/pages\/81"}],"wp:attachment":[{"href":"https:\/\/agora.xtec.cat\/ies-isaac-albeniz\/wp-json\/wp\/v2\/media?parent=3636"}],"curies":[{"name":"wp","href":"https:\/\/api.w.org\/{rel}","templated":true}]}}