{"id":3614,"date":"2023-02-25T19:01:58","date_gmt":"2023-02-25T18:01:58","guid":{"rendered":"https:\/\/agora.xtec.cat\/ies-isaac-albeniz\/?page_id=3614"},"modified":"2023-02-25T19:13:09","modified_gmt":"2023-02-25T18:13:09","slug":"pfi","status":"publish","type":"page","link":"https:\/\/agora.xtec.cat\/ies-isaac-albeniz\/estudis\/pfi\/","title":{"rendered":"PFI"},"content":{"rendered":"<p>QU\u00c8 S\u00d3N ELS PFI?<\/p>\n<p><b>Els PFI s\u00f3n estudis dirigits a joves que no han obtingut la titulaci\u00f3 de la ESO i es volen continuar formant. <\/b>Els seus principals objectius s\u00f3n proporcionar als joves les compet\u00e8ncies que els hi permetin la incorporaci\u00f3 al m\u00f3n laboral o a continuar amb la seva formaci\u00f3.<\/p>\n<p>A l\u2019Institut oferim el Programa de Formaci\u00f3 i Inserci\u00f3:<\/p>\n<p><b>Auxiliar de Vivers i Jardins\u00a0 <a href=\"https:\/\/agora.xtec.cat\/ies-isaac-albeniz\/pfi-auxiliar-de-vivers-i-jardins\/\" target=\"_blank\" rel=\"noopener\">(per m\u00e9s informaci\u00f3 sobre Auxiliar de Vivers i jardins clica aqu\u00ed)<\/a><br \/>\n<\/b><\/p>\n<p>Per accedir a aquests programes cal complir amb els seg\u00fcents requisits:<\/p>\n<ol>\n<li aria-level=\"2\">Ser major de 16 anys i menor de 21 anys.<\/li>\n<li aria-level=\"2\">No haver obtingut el t\u00edtol de la ESO.<\/li>\n<\/ol>\n<p>Aquests ensenyaments tenen una durada de 1.000 hores (1 curs acad\u00e8mic) i s\u2019estructuren en:<\/p>\n<ol>\n<li aria-level=\"1\">M\u00f2duls de formaci\u00f3 professional, per a l\u2019assoliment de les compet\u00e8ncies professionals, que inclouen un m\u00f2dul de pr\u00e0ctiques en alternan\u00e7a en centres de treball.<\/li>\n<li aria-level=\"1\">M\u00f2duls de formaci\u00f3 general per a l\u2019adquisici\u00f3 de compet\u00e8ncies instrumentals b\u00e0siques.<\/li>\n<li aria-level=\"1\">Accions de seguiment i orientaci\u00f3 de l\u2019alumne.<\/li>\n<\/ol>\n<h3>Continu\u00eftat<\/h3>\n<p>La superaci\u00f3 d\u2019aquest programa de formaci\u00f3 i inserci\u00f3 (PFI) comporta el seg\u00fcent:<\/p>\n<ul>\n<li aria-level=\"1\">Certificat acad\u00e8mic i professional, que cont\u00e9 la qualificaci\u00f3 final obtinguda en el PFI i acredita les compet\u00e8ncies professionals assolides.<\/li>\n<li aria-level=\"1\">Certificat del Curs d\u2019acc\u00e9s als cicles formatius de grau mitj\u00e0 (CAM), si el PFI s\u2019ha cursat en un centre autoritzat a impartir aquest Curs d\u2019acc\u00e9s.<\/li>\n<li aria-level=\"1\">Acc\u00e9s als cicles formatius de grau mitj\u00e0, d\u2019acord amb la Resoluci\u00f3 EDU\/2638\/2020, de 26 d\u2019octubre.<\/li>\n<li aria-level=\"1\">Reconeixement dels m\u00f2duls professionals superats en el PFI per a l\u2019obtenci\u00f3 del t\u00edtol professional b\u00e0sic associat al perfil.<\/li>\n<li aria-level=\"1\">Certificat de professionalitat que emet l\u2019Administraci\u00f3 laboral.<\/li>\n<li aria-level=\"1\">Acc\u00e9s als centres de formaci\u00f3 d\u2019adults per obtenir el graduat en educaci\u00f3 secund\u00e0ria obligat\u00f2ria (GESO), sense complir el requisit de tenir 18 anys<\/li>\n<\/ul>\n","protected":false},"excerpt":{"rendered":"<p>QU\u00c8 S\u00d3N ELS PFI?<br \/>\nEls PFI s\u00f3n estudis dirigits a joves que no han obtingut la titulaci\u00f3 de la ESO i es volen continuar formant. Els seus principals objectius s\u00f3n proporcionar als joves les compet\u00e8ncies que els hi permetin la incorporaci\u00f3 al m\u00f3n laboral o a&hellip;  <a href=\"https:\/\/agora.xtec.cat\/ies-isaac-albeniz\/estudis\/pfi\/\" title=\"Read PFI\">Llegeix m\u00e9s\u00bb<\/a><\/p>\n","protected":false},"author":1,"featured_media":0,"parent":195,"menu_order":0,"comment_status":"closed","ping_status":"closed","template":"","meta":{"_bbp_topic_count":0,"_bbp_reply_count":0,"_bbp_total_topic_count":0,"_bbp_total_reply_count":0,"_bbp_voice_count":0,"_bbp_anonymous_reply_count":0,"_bbp_topic_count_hidden":0,"_bbp_reply_count_hidden":0,"_bbp_forum_subforum_count":0,"footnotes":""},"class_list":["post-3614","page","type-page","status-publish","hentry"],"post_mailing_queue_ids":[],"_links":{"self":[{"href":"https:\/\/agora.xtec.cat\/ies-isaac-albeniz\/wp-json\/wp\/v2\/pages\/3614","targetHints":{"allow":["GET"]}}],"collection":[{"href":"https:\/\/agora.xtec.cat\/ies-isaac-albeniz\/wp-json\/wp\/v2\/pages"}],"about":[{"href":"https:\/\/agora.xtec.cat\/ies-isaac-albeniz\/wp-json\/wp\/v2\/types\/page"}],"author":[{"embeddable":true,"href":"https:\/\/agora.xtec.cat\/ies-isaac-albeniz\/wp-json\/wp\/v2\/users\/1"}],"replies":[{"embeddable":true,"href":"https:\/\/agora.xtec.cat\/ies-isaac-albeniz\/wp-json\/wp\/v2\/comments?post=3614"}],"version-history":[{"count":3,"href":"https:\/\/agora.xtec.cat\/ies-isaac-albeniz\/wp-json\/wp\/v2\/pages\/3614\/revisions"}],"predecessor-version":[{"id":3620,"href":"https:\/\/agora.xtec.cat\/ies-isaac-albeniz\/wp-json\/wp\/v2\/pages\/3614\/revisions\/3620"}],"up":[{"embeddable":true,"href":"https:\/\/agora.xtec.cat\/ies-isaac-albeniz\/wp-json\/wp\/v2\/pages\/195"}],"wp:attachment":[{"href":"https:\/\/agora.xtec.cat\/ies-isaac-albeniz\/wp-json\/wp\/v2\/media?parent=3614"}],"curies":[{"name":"wp","href":"https:\/\/api.w.org\/{rel}","templated":true}]}}