{"id":1045,"date":"2017-06-25T22:33:59","date_gmt":"2017-06-25T20:33:59","guid":{"rendered":"http:\/\/agora.xtec.cat\/ies-isaac-albeniz\/?page_id=1045"},"modified":"2017-07-10T19:43:14","modified_gmt":"2017-07-10T17:43:14","slug":"la-musica-al-nostre-institut","status":"publish","type":"page","link":"https:\/\/agora.xtec.cat\/ies-isaac-albeniz\/linstitut\/la-musica-al-nostre-institut\/","title":{"rendered":"La m\u00fasica al nostre institut"},"content":{"rendered":"<p style=\"text-align: justify;\">En conson\u00e0ncia amb el\u00a0compositor que d\u00f3na nom al nostre centre, la m\u00fasica forma part intr\u00ednseca de la vida de l&#8217;institut i \u00e9s un dels eixos vertebradors del nostre projecte. El fet de ser el centre de refer\u00e8ncia del Conservatori professional de Badalona ha afavorit una coordinaci\u00f3 constant amb aquesta entitat i la pres\u00e8ncia de m\u00fasics entre els nostres alumnes, que es beneficien de les convalidacions i els horaris adaptats per compaginar els\u00a0dos estudis.<\/p>\n<p>Aquesta situaci\u00f3 actual, de la qual ens enorgullim, no \u00e9s pas flor un dia, t\u00e9 al darrera anys d&#8217;evoluci\u00f3 i creixement compartit, d&#8217;assoliment de fites cada vegada m\u00e9s enll\u00e0.<\/p>\n<p><iframe loading=\"lazy\" id=\"doc_68211\" class=\"scribd_iframe_embed\" src=\"https:\/\/www.scribd.com\/embeds\/352212520\/content?start_page=1&amp;view_mode=scroll&amp;access_key=key-7LeNAo5jaLZk18MzfEVr&amp;show_recommendations=true\" width=\"100%\" height=\"600\" frameborder=\"0\" scrolling=\"no\" data-auto-height=\"false\" data-aspect-ratio=\"1.3323485967503692\"><\/iframe><\/p>\n","protected":false},"excerpt":{"rendered":"<p>En conson\u00e0ncia amb el\u00a0compositor que d\u00f3na nom al nostre centre, la m\u00fasica forma part intr\u00ednseca de la vida de l&#8217;institut i \u00e9s un dels eixos vertebradors del nostre projecte. El fet de ser el centre de refer\u00e8ncia del Conservatori professional de Badalona ha afavorit una&hellip;  <a href=\"https:\/\/agora.xtec.cat\/ies-isaac-albeniz\/linstitut\/la-musica-al-nostre-institut\/\" title=\"Read La m\u00fasica al nostre institut\">Llegeix m\u00e9s\u00bb<\/a><\/p>\n","protected":false},"author":1,"featured_media":0,"parent":19,"menu_order":3,"comment_status":"closed","ping_status":"closed","template":"page-templates\/side-menu.php","meta":{"_bbp_topic_count":0,"_bbp_reply_count":0,"_bbp_total_topic_count":0,"_bbp_total_reply_count":0,"_bbp_voice_count":0,"_bbp_anonymous_reply_count":0,"_bbp_topic_count_hidden":0,"_bbp_reply_count_hidden":0,"_bbp_forum_subforum_count":0,"footnotes":""},"class_list":["post-1045","page","type-page","status-publish","hentry"],"post_mailing_queue_ids":[],"_links":{"self":[{"href":"https:\/\/agora.xtec.cat\/ies-isaac-albeniz\/wp-json\/wp\/v2\/pages\/1045","targetHints":{"allow":["GET"]}}],"collection":[{"href":"https:\/\/agora.xtec.cat\/ies-isaac-albeniz\/wp-json\/wp\/v2\/pages"}],"about":[{"href":"https:\/\/agora.xtec.cat\/ies-isaac-albeniz\/wp-json\/wp\/v2\/types\/page"}],"author":[{"embeddable":true,"href":"https:\/\/agora.xtec.cat\/ies-isaac-albeniz\/wp-json\/wp\/v2\/users\/1"}],"replies":[{"embeddable":true,"href":"https:\/\/agora.xtec.cat\/ies-isaac-albeniz\/wp-json\/wp\/v2\/comments?post=1045"}],"version-history":[{"count":3,"href":"https:\/\/agora.xtec.cat\/ies-isaac-albeniz\/wp-json\/wp\/v2\/pages\/1045\/revisions"}],"predecessor-version":[{"id":1111,"href":"https:\/\/agora.xtec.cat\/ies-isaac-albeniz\/wp-json\/wp\/v2\/pages\/1045\/revisions\/1111"}],"up":[{"embeddable":true,"href":"https:\/\/agora.xtec.cat\/ies-isaac-albeniz\/wp-json\/wp\/v2\/pages\/19"}],"wp:attachment":[{"href":"https:\/\/agora.xtec.cat\/ies-isaac-albeniz\/wp-json\/wp\/v2\/media?parent=1045"}],"curies":[{"name":"wp","href":"https:\/\/api.w.org\/{rel}","templated":true}]}}

La música al nostre institut

<p style="text-align: justify;">En consonància amb el compositor que dóna nom al nostre centre, la música forma part intrínseca de la vida de l&#8217;institut i és un dels eixos vertebradors del nostre projecte. El fet de ser el centre de referència del Conservatori professional de Badalona ha afavorit una coordinació constant amb aquesta entitat i la presència de músics entre els nostres alumnes, que es beneficien de les convalidacions i els horaris adaptats per compaginar els dos estudis.</p>
<p>Aquesta situació actual, de la qual ens enorgullim, no és pas flor un dia, té al darrera anys d&#8217;evolució i creixement compartit, d&#8217;assoliment de fites cada vegada més enllà.</p>
<p><iframe loading="lazy" id="doc_68211" class="scribd_iframe_embed" src="https://www.scribd.com/embeds/352212520/content?start_page=1&amp;view_mode=scroll&amp;access_key=key-7LeNAo5jaLZk18MzfEVr&amp;show_recommendations=true" width="100%" height="600" frameborder="0" scrolling="no" data-auto-height="false" data-aspect-ratio="1.3323485967503692"></iframe></p>

<p>En consonància amb el compositor que dóna nom al nostre centre, la música forma part intrínseca de la vida de l&#8217;institut i és un dels eixos vertebradors del nostre projecte. El fet de ser el centre de referència del Conservatori professional de Badalona ha afavorit una&hellip;  <a href="https://agora.xtec.cat/ies-isaac-albeniz/linstitut/la-musica-al-nostre-institut/" title="Read La música al nostre institut">Llegeix més»</a></p>
