{"id":27,"date":"2014-09-17T16:24:03","date_gmt":"2014-09-17T16:24:03","guid":{"rendered":"http:\/\/agora.xtec.cat\/ies-gorgs\/?page_id=27"},"modified":"2021-10-21T18:27:29","modified_gmt":"2021-10-21T16:27:29","slug":"historia","status":"publish","type":"page","link":"https:\/\/agora.xtec.cat\/ies-gorgs\/historia\/","title":{"rendered":"L&#8217;INSTITUT"},"content":{"rendered":"<div>\n<h2>El nostre poble<\/h2>\n<p><img loading=\"lazy\" decoding=\"async\" class=\"alignright\" src=\"http:\/\/multimedia.catalunya.com\/mds\/multimedia\/48009\/F2\/Cerdanyola-del-Valles.jpg\" width=\"156\" height=\"156\" \/>El municipi de Cerdanyola del Vall\u00e8s est\u00e0 localitzat a l\u2019\u00e0rea Metropolitana de Barcelona,i ocupa el sector meridional de la comarca del Vall\u00e8s Occidental.<\/p>\n<p style=\"text-align: justify;\">Limita al sud amb el municipi de Barcelona, a l\u2019est amb Montcada i Reixac i Ripollet, al nord amb Barber\u00e0 del Vall\u00e8s, Badia de Vall\u00e8s i Sabadell, al nord-est amb Sant Quirze del Vall\u00e8s i a l\u2019oest amb Sant Cugat del Vall\u00e8s. La seva poblaci\u00f3 actual \u00e9s d&#8217;aproximadament d\u2019uns 59.000 habitants.<\/p>\n<p style=\"text-align: justify;\">Cerdanyola es va configurar a partir de dos nuclis for\u00e7a distanciats: les cases situades a la vora del cam\u00ed de Sant Cugat (Cerdanyola de Dalt) i els establiments de la cru\u00eflla dels camins de Sant Cugat i de Barcelona a Sabadell (Cerdanyola de Baix). Durant la primera d\u00e8cada del segle XX, amb la construcci\u00f3 de l\u2019esgl\u00e9sia de Sant Mart\u00ed i l\u2019arribada del ferrocarril, es comen\u00e7a a crear un nucli equidistant dels dos anteriors on es construeix el nou ajuntament l&#8217;any 1920. A totes dues bandes del cam\u00ed que va des de Cerdanyola de Dalt fins a Cerdanyola de Baix, es configuren el que seran els nous barris de Cerdanyola: Cordelles i Ca n&#8217;Antol\u00ed, Serraparera, Bonasort-Ban\u00fas, Fontetes&#8230;<\/p>\n<p style=\"text-align: justify;\"><img loading=\"lazy\" decoding=\"async\" class=\"aligncenter\" src=\"http:\/\/urbanofotografo.com\/data\/imagegallery\/53bcdb3d-68c3-8f62-b8a6-cb44f1076cbf\/44cf6dcf-c608-6a20-04eb-0da790625628.jpg\" width=\"450\" height=\"297\" \/><\/p>\n<p style=\"text-align: justify;\">En aquest mateix per\u00edode i en forma d&#8217;habitatges m\u00e9s o menys a\u00efllats, es van incorporant el que seran els barris amb un car\u00e0cter m\u00e9s residencial: Montflorit, Tur\u00f3 de Guiera, Parcers, el Turonet, Cordelles i Bellaterra.<\/p>\n<p style=\"text-align: justify;\"><img loading=\"lazy\" decoding=\"async\" class=\"alignright\" src=\"http:\/\/afectatsamiant.com\/images\/fotoroisin.jpg\" width=\"231\" height=\"150\" \/>La industrialitzaci\u00f3 de Cerdanyola comen\u00e7a amb l\u2019arribada de la f\u00e0brica Uralita el 1910. A partir de 1950 apareixen les zones industrials a la Clota de Cordelles, Sugranyes, la B\u00f2bila i Xarau. Coincidint amb aquesta industrialitzaci\u00f3 i per tal que les onades migrat\u00f2ries que participaran en aquest creixement accedeixin a un habitatge es comencen a construir blocs de pisos a Fontetes, Ban\u00fas i Ciutat Badia. Les darreres incorporacions al municipi s\u00f3n les zones industrials de la Farigola i el Parc Tecnol\u00f2gic, el barri residencial de Canaletes o la Universitat Aut\u00f2noma.<\/p>\n<p style=\"text-align: justify;\"><img loading=\"lazy\" decoding=\"async\" class=\"alignleft\" src=\"https:\/\/upload.wikimedia.org\/wikipedia\/commons\/7\/79\/Esgl%C3%A9sia_parroquial_de_Sant_Mart%C3%AD_(Cerdanyola_del_Vall%C3%A8s)_2012-09-17_14-40-07.jpg\" width=\"140\" height=\"187\" \/><\/p>\n<p style=\"text-align: justify;\">Des dels anys 60 fins el 2010, la localitat ha experimentat un fort creixement. Aquest creixement va ser especialment significatiu durant els anys 60 i 70, fruit de l\u2019onada migrat\u00f2ria arribada de la resta d\u2019Espanya i lligada al proc\u00e9s d\u2019industrialitzaci\u00f3. La proced\u00e8ncia d\u2019aquests nous residents era principalment d\u2019Andalusia, Extremadura i Castella-Lle\u00f3. Als anys 80, la din\u00e0mica immigrat\u00f2ria cap a la localitat canvia i ara els nouvinguts s\u00f3n procedents d\u2019altres localitats de l\u2019\u00e0rea metropolitana de Barcelona. L\u2019arribada de poblaci\u00f3 estrangera ha suposat en els darrers anys un de cada quatre nouvinguts.<\/p>\n<p style=\"text-align: justify;\">Amb tot, actualment la taxa d\u2019immigraci\u00f3 \u00e9s relativament baixa, lleugerament per sobre del 10% <sub>Font:Poblaci\u00f3 de Fet i Padr\u00f3 Municipal. Idescat, 2013<\/sub><\/p>\n<p style=\"text-align: justify;\">.Pel que fa a l&#8217;activitat econ\u00f2mica, per sectors, els treballadors de Cerdanyola es concentren en el sector serveis (85%). La resta de treballadors es concentra a la ind\u00fastria (10%) i la construcci\u00f3 (5%).<\/p>\n<\/div>\n<h2 style=\"text-align: justify;\"><strong>El nostre institut<\/strong><\/h2>\n<div>\n<p style=\"text-align: justify;\">L&#8217;Institut Gorgs est\u00e0 situat a Cerdanyola del Vall\u00e8s, al carrer \u00c0liga, 65. Situat al barri dels Gorgs, just al costat del Torrent dels Gorgs, de qui rep la denominaci\u00f3, un torrent d&#8217;uns 2,5 km de longitud que desemboca a la Riera de Sant Cugat, sovint completament eixut o amb molt poca aigua.<\/p>\n<p style=\"text-align: justify;\">Est\u00e0 ubicat en el que va ser el barri de Cerdanyola de Dalt. Limita directament amb el barri de Montflorit i t\u00e9 molt a prop el barri de Canaletes i el Parc Tecnol\u00f2gic del Vall\u00e8s. Els centres de Prim\u00e0ria adscrits a l&#8217;Institut Gorgs s\u00f3n: l&#8217;Escola Tur\u00f3 de Guiera, Escola Sant Mart\u00ed, Escola Carles Bu\u00efgas, Escola Les Fontetes i Escola Collserola.<\/p>\n<p style=\"text-align: justify;\">La major part de l&#8217;alumnat de l&#8217;institut prov\u00e9 de zones properes i aix\u00f2 fa que majorit\u00e0riament hi arribi caminant.<\/p>\n<h2 style=\"text-align: justify;\">La nostra hist\u00f2ria<\/h2>\n<div>\n<figure style=\"width: 498px\" class=\"wp-caption alignright\"><img loading=\"lazy\" decoding=\"async\" class=\"\" src=\"https:\/\/lh3.googleusercontent.com\/GWLePwvGTxT7Tnn3z0GYG4uPVitCRqmU_-QeT3g8klsoQInuk_4okeUP8cDj-f4v1JtkU5rdC70eRe6MPsZ2hDd_XSV06gJDMp5gipyMQGCc-RqhZxQCEbt4ZlkFXwAso-PjW3sctUDl6Ntezaoyh5omlWm5X-ZdEnEj2DVAeLvetAG_m5cfVwucMWGE5x1A6xjqAuaEqKGlNkBk8_B1PRSPZE2XUS1U07E5ceWTmAnwwMf-XkR6NRFRiY58X5AYw7Xh3NvlyOElb87cx4vKOqdaA7Hy2WU29qFxQrDJiD0Zrf3DjA24W-AtLecPDihs4MAZum2wDajh7wxNPDLwVaU8YxNV4mzbKjaDH65Iy13IEq9mmP8I6e3CNhje3MYT_O6hrjuc6Qx2tIVuWERXiYH0du3oLdRdIMytGl6Gd928aD2aV23CRoym6_RNWes1N0ltO88VAHF35IMU6m6jEmq7y_Er_hzA2wUqfCo-ImOrg-g-_5XWyAskDXaJjXsnvtv0GOGNaTzGnZl93nfcKGTI0IBbk6ig_ZZHlWGygSx8XkiDbb-r_rxOkS__QTyozT6iie_sq2BmT1O7-OsMkwn3tF7C3UfYwZ4_BBK6-SMu89va=w498-h346-no\" width=\"498\" height=\"346\" \/><figcaption class=\"wp-caption-text\">Gif animat que mostra l&#8217;evoluci\u00f3 del noste centre<\/figcaption><\/figure>\n<p style=\"text-align: justify;\">Les arrels m\u00e9s profundes del nostre centre es situen en la cessi\u00f3 d&#8217;un solar per l\u2019Ajuntament, l&#8217;any 1972, per a la construcci\u00f3 d&#8217;una escola nacional, assignada al municipi, dins d&#8217;un &#8220;Pla d\u2019urg\u00e8ncia&#8221;.<\/p>\n<p style=\"text-align: justify;\">L&#8217;inici d&#8217;activitats data del curs 1974-75 com a Colegio Nacional Mixto Gorgs, el mateix any que tamb\u00e9 inicien les activitats dues altres escoles de Cerdanyola: el CNM Carrero Blanco (actual Escola Carles Bu\u00efgas) i el CNM Serraparera. Tots tres edificis van compartir un mateix disseny arquitect\u00f2nic.<\/p>\n<p style=\"text-align: justify;\">L&#8217;Institut Gorgs comen\u00e7a a funcionar com a centre de secund\u00e0ria el curs 1994-95 despr\u00e9s d&#8217;una darrera etapa com a col\u00b7legi d&#8217;EGB. Durant aquell curs comparteixen edifici l&#8217;alumnat de 8\u00e8 d&#8217;EGB, l&#8217;alumnat que inicia 1r i 3r d&#8217;ESO i l&#8217;alumnat de 2n i 3r de BUP i COU procedents d&#8217;una extensi\u00f3 de Batxillerat situada a l&#8217;edifici de la que va ser la primera escola p\u00fablica de Cerdanyola, al carrer Escoles, 5 i 7. L&#8217;esmentada extensi\u00f3 de Batxillerat va funcionar des del curs 1991-1992 fins el 1993-94, 3 cursos en total.<\/p>\n<p style=\"text-align: justify;\">Durant el curs 1995-1996 els nois i noies que havien fet 8\u00e8 d&#8217;EGB passen a fer 3r d&#8217;ESO. El curs 1996-97 es va extingir l&#8217;ensenyament del BUP i el COU. A partir del curs 1997-98 l&#8217;Institut Gorgs ja funciona amb tots els ensenyaments LOGSE: ESO i Batxillerat.<\/p>\n<p style=\"text-align: justify;\">Durant aquests anys, l&#8217;institut s&#8217;ubica a l&#8217;edifici que havia estat centre de prim\u00e0ria, per\u00f2 aquest proc\u00e9s de transformaci\u00f3, de prim\u00e0ria a secund\u00e0ria, culmina amb la construcci\u00f3 d&#8217;un nou edifici dins del mateix recinte escolar. Les obres tenen lloc durant el curs 2008-09, en qu\u00e8 conviuen separats per una tanca i durant tot el curs, es fan les classes a l&#8217;edifici vell i les obres de construcci\u00f3 a l&#8217;espai que havia estat destinat anteriorment a gimn\u00e0s i patis.<\/p>\n<p style=\"text-align: justify;\"><a href=\"http:\/\/agora.xtec.cat\/ies-gorgs\/wp-content\/uploads\/usu1501\/2016\/10\/baas-arquitectura-els-gorgs-2.jpg\"><img loading=\"lazy\" decoding=\"async\" class=\" wp-image-472 alignleft\" src=\"http:\/\/agora.xtec.cat\/ies-gorgs\/wp-content\/uploads\/usu1501\/2016\/10\/baas-arquitectura-els-gorgs-2-1024x655.jpg\" alt=\"baas-arquitectura-els-gorgs-2\" width=\"241\" height=\"154\" srcset=\"https:\/\/agora.xtec.cat\/ies-gorgs\/wp-content\/uploads\/usu1501\/2016\/10\/baas-arquitectura-els-gorgs-2-1024x655.jpg 1024w, https:\/\/agora.xtec.cat\/ies-gorgs\/wp-content\/uploads\/usu1501\/2016\/10\/baas-arquitectura-els-gorgs-2-300x192.jpg 300w, https:\/\/agora.xtec.cat\/ies-gorgs\/wp-content\/uploads\/usu1501\/2016\/10\/baas-arquitectura-els-gorgs-2-768x492.jpg 768w, https:\/\/agora.xtec.cat\/ies-gorgs\/wp-content\/uploads\/usu1501\/2016\/10\/baas-arquitectura-els-gorgs-2.jpg 1200w\" sizes=\"auto, (max-width: 241px) 100vw, 241px\" \/><\/a>El curs 2009-10 s&#8217;inicien les classes al nou edifici i durant el primer trimestre es fa l&#8217;enderrocament de l&#8217;edifici vell i la construcci\u00f3 de les pistes esportives i el pati. Finalment, es fa la inauguraci\u00f3 oficial amb la pres\u00e8ncia del President de la Generalitat.<\/p>\n<\/div>\n<\/div>\n","protected":false},"excerpt":{"rendered":"<p>El nostre poble El municipi de Cerdanyola del Vall\u00e8s est\u00e0 localitzat a l\u2019\u00e0rea Metropolitana de Barcelona,i ocupa el sector meridional de la comarca del Vall\u00e8s Occidental. Limita al sud amb el municipi de Barcelona, a l\u2019est amb Montcada i Reixac i Ripollet, al nord amb Barber\u00e0 del Vall\u00e8s, Badia de Vall\u00e8s i Sabadell, al nord-est [&hellip;]<\/p>\n","protected":false},"author":1,"featured_media":0,"parent":0,"menu_order":0,"comment_status":"closed","ping_status":"closed","template":"page-templates\/side-menu.php","meta":{"_bbp_topic_count":0,"_bbp_reply_count":0,"_bbp_total_topic_count":0,"_bbp_total_reply_count":0,"_bbp_voice_count":0,"_bbp_anonymous_reply_count":0,"_bbp_topic_count_hidden":0,"_bbp_reply_count_hidden":0,"_bbp_forum_subforum_count":0,"site-sidebar-layout":"default","site-content-layout":"","ast-site-content-layout":"","site-content-style":"default","site-sidebar-style":"default","ast-global-header-display":"","ast-banner-title-visibility":"","ast-main-header-display":"","ast-hfb-above-header-display":"","ast-hfb-below-header-display":"","ast-hfb-mobile-header-display":"","site-post-title":"","ast-breadcrumbs-content":"","ast-featured-img":"","footer-sml-layout":"","theme-transparent-header-meta":"","adv-header-id-meta":"","stick-header-meta":"","header-above-stick-meta":"","header-main-stick-meta":"","header-below-stick-meta":"","astra-migrate-meta-layouts":"default","ast-page-background-enabled":"default","ast-page-background-meta":{"desktop":{"background-color":"var(--ast-global-color-4)","background-image":"","background-repeat":"repeat","background-position":"center center","background-size":"auto","background-attachment":"scroll","background-type":"","background-media":"","overlay-type":"","overlay-color":"","overlay-opacity":"","overlay-gradient":""},"tablet":{"background-color":"","background-image":"","background-repeat":"repeat","background-position":"center center","background-size":"auto","background-attachment":"scroll","background-type":"","background-media":"","overlay-type":"","overlay-color":"","overlay-opacity":"","overlay-gradient":""},"mobile":{"background-color":"","background-image":"","background-repeat":"repeat","background-position":"center center","background-size":"auto","background-attachment":"scroll","background-type":"","background-media":"","overlay-type":"","overlay-color":"","overlay-opacity":"","overlay-gradient":""}},"ast-content-background-meta":{"desktop":{"background-color":"var(--ast-global-color-5)","background-image":"","background-repeat":"repeat","background-position":"center center","background-size":"auto","background-attachment":"scroll","background-type":"","background-media":"","overlay-type":"","overlay-color":"","overlay-opacity":"","overlay-gradient":""},"tablet":{"background-color":"var(--ast-global-color-5)","background-image":"","background-repeat":"repeat","background-position":"center center","background-size":"auto","background-attachment":"scroll","background-type":"","background-media":"","overlay-type":"","overlay-color":"","overlay-opacity":"","overlay-gradient":""},"mobile":{"background-color":"var(--ast-global-color-5)","background-image":"","background-repeat":"repeat","background-position":"center center","background-size":"auto","background-attachment":"scroll","background-type":"","background-media":"","overlay-type":"","overlay-color":"","overlay-opacity":"","overlay-gradient":""}},"footnotes":""},"class_list":["post-27","page","type-page","status-publish","hentry"],"post_mailing_queue_ids":[],"_links":{"self":[{"href":"https:\/\/agora.xtec.cat\/ies-gorgs\/wp-json\/wp\/v2\/pages\/27","targetHints":{"allow":["GET"]}}],"collection":[{"href":"https:\/\/agora.xtec.cat\/ies-gorgs\/wp-json\/wp\/v2\/pages"}],"about":[{"href":"https:\/\/agora.xtec.cat\/ies-gorgs\/wp-json\/wp\/v2\/types\/page"}],"author":[{"embeddable":true,"href":"https:\/\/agora.xtec.cat\/ies-gorgs\/wp-json\/wp\/v2\/users\/1"}],"replies":[{"embeddable":true,"href":"https:\/\/agora.xtec.cat\/ies-gorgs\/wp-json\/wp\/v2\/comments?post=27"}],"version-history":[{"count":3,"href":"https:\/\/agora.xtec.cat\/ies-gorgs\/wp-json\/wp\/v2\/pages\/27\/revisions"}],"predecessor-version":[{"id":5776,"href":"https:\/\/agora.xtec.cat\/ies-gorgs\/wp-json\/wp\/v2\/pages\/27\/revisions\/5776"}],"wp:attachment":[{"href":"https:\/\/agora.xtec.cat\/ies-gorgs\/wp-json\/wp\/v2\/media?parent=27"}],"curies":[{"name":"wp","href":"https:\/\/api.w.org\/{rel}","templated":true}]}}