{"id":67,"date":"2014-09-18T10:14:18","date_gmt":"2014-09-18T09:14:18","guid":{"rendered":"http:\/\/agora.xtec.cat\/ies-eugenidors-lhospitalet\/?page_id=67"},"modified":"2021-07-16T11:49:11","modified_gmt":"2021-07-16T09:49:11","slug":"acollida","status":"publish","type":"page","link":"https:\/\/agora.xtec.cat\/ies-eugenidors-lhospitalet\/serveis\/acollida\/","title":{"rendered":"Acollida"},"content":{"rendered":"<p>Als alumnes nouvinguts quan entrin a l&#8217;escola se&#8217;ls adscriur\u00e0 un grup classe en funci\u00f3 de l&#8217;edat. Si desconeixen la llengua catalana els primers mesos assistiran unes hores al dia a una <em><a href=\"http:\/\/dps.gencat.cat\/WebAcollida\/AppJava\/ca\/Menu_Principal\/Educacio\/MenuComun\/Glossari\/A.jsp@pag=tcm_393-87560-64&amp;pagindex=tcm_393-87560-64.html\"><strong>aula d&#8217;acollida<\/strong><\/a><\/em>, on aprendran el catal\u00e0 necessari que els permeti continuar el ritme de les classes amb tota normalitat el m\u00e9s r\u00e0pidament possible.<\/p>\n<p><a href=\"http:\/\/dps.gencat.cat\/WebAcollida\/AppJava\/ca\/Main\/Home.jsp.html\">Inici &#8211; Guia d&#8217;acollida (gencat.cat)<\/a><\/p>\n<p style=\"color: #444444;\">\n","protected":false},"excerpt":{"rendered":"<p>Als alumnes nouvinguts quan entrin a l&#8217;escola se&#8217;ls adscriur\u00e0 un grup classe en funci\u00f3 de l&#8217;edat. Si desconeixen la llengua catalana els primers mesos assistiran unes hores al dia a una <a href=\"http:\/\/dps.gencat.cat\/WebAcollida\/AppJava\/ca\/Menu_Principal\/Educacio\/MenuComun\/Glossari\/A.jsp@pag=tcm_393-87560-64&amp;pagindex=tcm_393-87560-64.html\">aula d&#8217;acollida<\/a>, on aprendran el catal\u00e0 necessari que els permeti continuar el ritme&hellip;  <a href=\"https:\/\/agora.xtec.cat\/ies-eugenidors-lhospitalet\/serveis\/acollida\/\" title=\"Read Acollida\">Llegeix m\u00e9s\u00bb<\/a><\/p>\n","protected":false},"author":1,"featured_media":0,"parent":63,"menu_order":20,"comment_status":"closed","ping_status":"closed","template":"page-templates\/side-menu.php","meta":{"_bbp_topic_count":0,"_bbp_reply_count":0,"_bbp_total_topic_count":0,"_bbp_total_reply_count":0,"_bbp_voice_count":0,"_bbp_anonymous_reply_count":0,"_bbp_topic_count_hidden":0,"_bbp_reply_count_hidden":0,"_bbp_forum_subforum_count":0,"footnotes":""},"class_list":["post-67","page","type-page","status-publish","hentry"],"post_mailing_queue_ids":[],"_links":{"self":[{"href":"https:\/\/agora.xtec.cat\/ies-eugenidors-lhospitalet\/wp-json\/wp\/v2\/pages\/67","targetHints":{"allow":["GET"]}}],"collection":[{"href":"https:\/\/agora.xtec.cat\/ies-eugenidors-lhospitalet\/wp-json\/wp\/v2\/pages"}],"about":[{"href":"https:\/\/agora.xtec.cat\/ies-eugenidors-lhospitalet\/wp-json\/wp\/v2\/types\/page"}],"author":[{"embeddable":true,"href":"https:\/\/agora.xtec.cat\/ies-eugenidors-lhospitalet\/wp-json\/wp\/v2\/users\/1"}],"replies":[{"embeddable":true,"href":"https:\/\/agora.xtec.cat\/ies-eugenidors-lhospitalet\/wp-json\/wp\/v2\/comments?post=67"}],"version-history":[{"count":3,"href":"https:\/\/agora.xtec.cat\/ies-eugenidors-lhospitalet\/wp-json\/wp\/v2\/pages\/67\/revisions"}],"predecessor-version":[{"id":2640,"href":"https:\/\/agora.xtec.cat\/ies-eugenidors-lhospitalet\/wp-json\/wp\/v2\/pages\/67\/revisions\/2640"}],"up":[{"embeddable":true,"href":"https:\/\/agora.xtec.cat\/ies-eugenidors-lhospitalet\/wp-json\/wp\/v2\/pages\/63"}],"wp:attachment":[{"href":"https:\/\/agora.xtec.cat\/ies-eugenidors-lhospitalet\/wp-json\/wp\/v2\/media?parent=67"}],"curies":[{"name":"wp","href":"https:\/\/api.w.org\/{rel}","templated":true}]}}