{"id":2907,"date":"2022-06-21T15:10:22","date_gmt":"2022-06-21T13:10:22","guid":{"rendered":"https:\/\/agora.xtec.cat\/ies-eugenidors-lhospitalet\/?page_id=2907"},"modified":"2023-06-23T10:14:06","modified_gmt":"2023-06-23T08:14:06","slug":"estrategia-digital-de-centre","status":"publish","type":"page","link":"https:\/\/agora.xtec.cat\/ies-eugenidors-lhospitalet\/estrategia-digital-de-centre\/","title":{"rendered":"Estrat\u00e8gia digital de centre"},"content":{"rendered":"<p><span data-darkreader-inline-color=\"\">L&#8217; <\/span><span data-darkreader-inline-color=\"\"><a class=\"XqQF9c rXJpyf\" href=\"http:\/\/www.google.com\/url?q=http%3A%2F%2Feducacio.gencat.cat%2Fca%2Fdepartament%2Fpublicacions%2Fmonografies%2Festrategia-digital-centre%2F&amp;sa=D&amp;sntz=1&amp;usg=AOvVaw3wyrKyBUPYy-cPNFx3UFT3\" target=\"_blank\" rel=\"noopener\"><strong>Estrat\u00e8gia digital de centre<\/strong><\/a><\/span> (EDC) \u00e9s el conjunt d&#8217;accions d&#8217;un centre que fan possible que docents, alumnat i centre assoleixin la compet\u00e8ncia digital. Es concreta en un document que recull totes les accions que es realitzen i les que es realitzaran a mitj\u00e0 termini en el centre, per aconseguir la m\u00e0xima compet\u00e8ncia digital.<\/p>\n<p>L&#8217;EDC es divideix en dues parts:<\/p>\n<p style=\"text-align: center;\"><a href=\"https:\/\/agora.xtec.cat\/ies-eugenidors-lhospitalet\/wp-content\/uploads\/usu2092\/2023\/06\/parts-edc-e1687340741532.png\"><img loading=\"lazy\" decoding=\"async\" class=\"alignnone wp-image-3454\" src=\"https:\/\/agora.xtec.cat\/ies-eugenidors-lhospitalet\/wp-content\/uploads\/usu2092\/2023\/06\/parts-edc-e1687340741532-300x135.png\" alt=\"\" width=\"396\" height=\"178\" srcset=\"https:\/\/agora.xtec.cat\/ies-eugenidors-lhospitalet\/wp-content\/uploads\/usu2092\/2023\/06\/parts-edc-e1687340741532-300x135.png 300w, https:\/\/agora.xtec.cat\/ies-eugenidors-lhospitalet\/wp-content\/uploads\/usu2092\/2023\/06\/parts-edc-e1687340741532-1024x459.png 1024w, https:\/\/agora.xtec.cat\/ies-eugenidors-lhospitalet\/wp-content\/uploads\/usu2092\/2023\/06\/parts-edc-e1687340741532-768x344.png 768w, https:\/\/agora.xtec.cat\/ies-eugenidors-lhospitalet\/wp-content\/uploads\/usu2092\/2023\/06\/parts-edc-e1687340741532.png 1253w\" sizes=\"auto, (max-width: 396px) 100vw, 396px\" \/><\/a><\/p>\n<p>Les quatre fases de disseny de l&#8217;EDC contemplen els seg\u00fcents aspectes:<\/p>\n<p style=\"text-align: center;\"><a href=\"https:\/\/agora.xtec.cat\/ies-eugenidors-lhospitalet\/wp-content\/uploads\/usu2092\/2023\/06\/fases-edc-e1687339579373.png\"><img loading=\"lazy\" decoding=\"async\" class=\"alignnone wp-image-3456\" src=\"https:\/\/agora.xtec.cat\/ies-eugenidors-lhospitalet\/wp-content\/uploads\/usu2092\/2023\/06\/fases-edc-e1687339579373-300x161.png\" alt=\"\" width=\"394\" height=\"211\" srcset=\"https:\/\/agora.xtec.cat\/ies-eugenidors-lhospitalet\/wp-content\/uploads\/usu2092\/2023\/06\/fases-edc-e1687339579373-300x161.png 300w, https:\/\/agora.xtec.cat\/ies-eugenidors-lhospitalet\/wp-content\/uploads\/usu2092\/2023\/06\/fases-edc-e1687339579373-1024x550.png 1024w, https:\/\/agora.xtec.cat\/ies-eugenidors-lhospitalet\/wp-content\/uploads\/usu2092\/2023\/06\/fases-edc-e1687339579373-768x413.png 768w, https:\/\/agora.xtec.cat\/ies-eugenidors-lhospitalet\/wp-content\/uploads\/usu2092\/2023\/06\/fases-edc-e1687339579373-1536x825.png 1536w, https:\/\/agora.xtec.cat\/ies-eugenidors-lhospitalet\/wp-content\/uploads\/usu2092\/2023\/06\/fases-edc-e1687339579373.png 1684w\" sizes=\"auto, (max-width: 394px) 100vw, 394px\" \/><\/a><\/p>\n<div class=\"entry-content\">Podeu accedir a aquesta informaci\u00f3 sobre la nostra Estrat\u00e8gia Digital de Centre mitjan\u00e7ant el men\u00fa de navegaci\u00f3 de l\u2019esquerra.<\/div>\n<div class=\"entry-content\">\n<p>&nbsp;<\/p>\n<p>L&#8217;EDC t\u00e9 com a referent el\u00a0 \u00a0<a href=\"https:\/\/educacio.gencat.cat\/ca\/departament\/linies-estrategiques\/pla-educacio-digital\/\" target=\"_blank\" rel=\"noreferrer noopener\">Pla d\u2019educaci\u00f3 digital de Catalunya (PEDC)<\/a> i \u00e9s una evoluci\u00f3 del Pla TAC. Incorpora els canvis socials i tecnol\u00f2gics que s\u2019han anat esdevenint, aix\u00ed com tota la documentaci\u00f3 de centre que fa refer\u00e8ncia a la seva cultura digital (protocols d\u2019\u00fas de dispositius, NOFC\u2026).<\/p>\n<p><span data-darkreader-inline-color=\"\">Pel que fa als aspectes sobre tecnologia digital, cal tenir en compte que el centre fa anys que ha fet una clara aposta per la digitalitzaci\u00f3 del centre: llibres digitals, pissarres digitals, &#8230;\u00a0 <\/span>Tot l&#8217;alumnat i professorat disposa d&#8217;un usuari corporatiu, sota el domini eugenidors.cat, que els permet disposar de serveis com: correu electr\u00f2nic, emmagatzematge i aplicacions col\u00b7laboratives al n\u00favol. Amb aquests usuaris es realitza la comunicaci\u00f3 del centre.<\/p>\n<p><span data-darkreader-inline-color=\"\">En el marc del Pla d&#8217;educaci\u00f3 digital de Catalunya, el\u00a0<\/span><span data-darkreader-inline-color=\"\"><a class=\"XqQF9c rXJpyf\" href=\"http:\/\/www.google.com\/url?q=http%3A%2F%2Feducacio.gencat.cat%2Fca%2Fdepartament%2Flinies-estrategiques%2Fpla-educacio-digital%2Fcentres%2F&amp;sa=D&amp;sntz=1&amp;usg=AOvVaw0KAsaByth3FIGODhRdPIRI\" target=\"_blank\" rel=\"noopener\">Projecte d&#8217;acceleraci\u00f3 de la transformaci\u00f3 digital<\/a><\/span><span data-darkreader-inline-color=\"\"> ha desplegat les intervencions referides a connectivitats, equipaments d&#8217;alumnat i equipaments del professorat durant el curs 20-21, la qual cosa ha perm\u00e8s cedir un ordinador port\u00e0til a cada docent i a tots els alumnes de 3r i 4t d&#8217;ESO i batxillerat.<\/span><\/p>\n<\/div>\n<p>&nbsp;<\/p>\n<p>&nbsp;<\/p>\n","protected":false},"excerpt":{"rendered":"<p>L&#8217; <a class=\"XqQF9c rXJpyf\" href=\"http:\/\/www.google.com\/url?q=http%3A%2F%2Feducacio.gencat.cat%2Fca%2Fdepartament%2Fpublicacions%2Fmonografies%2Festrategia-digital-centre%2F&amp;sa=D&amp;sntz=1&amp;usg=AOvVaw3wyrKyBUPYy-cPNFx3UFT3\" target=\"_blank\" rel=\"noopener\">Estrat\u00e8gia digital de centre<\/a> (EDC) \u00e9s el conjunt d&#8217;accions d&#8217;un centre que fan possible que docents, alumnat i centre assoleixin la compet\u00e8ncia digital. Es concreta en un document que recull totes les accions que es realitzen i les que&hellip;  <a href=\"https:\/\/agora.xtec.cat\/ies-eugenidors-lhospitalet\/estrategia-digital-de-centre\/\" title=\"Read Estrat\u00e8gia digital de centre\">Llegeix m\u00e9s\u00bb<\/a><\/p>\n","protected":false},"author":1,"featured_media":0,"parent":0,"menu_order":0,"comment_status":"closed","ping_status":"closed","template":"page-templates\/side-menu.php","meta":{"_bbp_topic_count":0,"_bbp_reply_count":0,"_bbp_total_topic_count":0,"_bbp_total_reply_count":0,"_bbp_voice_count":0,"_bbp_anonymous_reply_count":0,"_bbp_topic_count_hidden":0,"_bbp_reply_count_hidden":0,"_bbp_forum_subforum_count":0,"footnotes":""},"class_list":["post-2907","page","type-page","status-publish","hentry"],"post_mailing_queue_ids":[],"_links":{"self":[{"href":"https:\/\/agora.xtec.cat\/ies-eugenidors-lhospitalet\/wp-json\/wp\/v2\/pages\/2907","targetHints":{"allow":["GET"]}}],"collection":[{"href":"https:\/\/agora.xtec.cat\/ies-eugenidors-lhospitalet\/wp-json\/wp\/v2\/pages"}],"about":[{"href":"https:\/\/agora.xtec.cat\/ies-eugenidors-lhospitalet\/wp-json\/wp\/v2\/types\/page"}],"author":[{"embeddable":true,"href":"https:\/\/agora.xtec.cat\/ies-eugenidors-lhospitalet\/wp-json\/wp\/v2\/users\/1"}],"replies":[{"embeddable":true,"href":"https:\/\/agora.xtec.cat\/ies-eugenidors-lhospitalet\/wp-json\/wp\/v2\/comments?post=2907"}],"version-history":[{"count":3,"href":"https:\/\/agora.xtec.cat\/ies-eugenidors-lhospitalet\/wp-json\/wp\/v2\/pages\/2907\/revisions"}],"predecessor-version":[{"id":3485,"href":"https:\/\/agora.xtec.cat\/ies-eugenidors-lhospitalet\/wp-json\/wp\/v2\/pages\/2907\/revisions\/3485"}],"wp:attachment":[{"href":"https:\/\/agora.xtec.cat\/ies-eugenidors-lhospitalet\/wp-json\/wp\/v2\/media?parent=2907"}],"curies":[{"name":"wp","href":"https:\/\/api.w.org\/{rel}","templated":true}]}}