{"id":81,"date":"2014-09-18T10:38:05","date_gmt":"2014-09-18T10:38:05","guid":{"rendered":"http:\/\/agora.xtec.cat\/ies-eugeni-dors\/?page_id=81"},"modified":"2023-03-23T12:00:01","modified_gmt":"2023-03-23T11:00:01","slug":"secretaria","status":"publish","type":"page","link":"https:\/\/agora.xtec.cat\/ies-eugeni-dors\/linstitut\/secretaria\/","title":{"rendered":"Secretaria"},"content":{"rendered":"<p>La secretaria de l\u00b4institut est\u00e0 atesa per la Sra. Patricia Luna i la Sra. Maria Redondo. L&#8217;horari d&#8217;atenci\u00f3 \u00e9s:<\/p>\n<p>Curs escolar (12 de setembre\u00a0 a 22 de juny): De dilluns a divendres de 10.00 a 14.00 i dilluns, dimarts i dimecres de 17.00 a 19.00<\/p>\n<p>Del 23 de juny al 10 de setembre: De dilluns a divendres de 10.00 a 14.00 i dimecres de 17.00 a 19.00<\/p>\n<p>Agost tancat<\/p>\n<p>Tel\u00e8fon: 933875866<\/p>\n<p>FAX: 934602756<\/p>\n<p>&nbsp;<\/p>\n","protected":false},"excerpt":{"rendered":"<p>La secretaria de l\u00b4institut est\u00e0 atesa per la Sra. Patricia Luna i la Sra. Maria Redondo. L&#8217;horari d&#8217;atenci\u00f3 \u00e9s:<br \/>\nCurs escolar (12 de setembre\u00a0 a 22 de juny): De dilluns a divendres de 10.00 a 14.00 i dilluns, dimarts i dimecres de 17.00 a 19.00<br \/>\nDel 23&hellip;  <a href=\"https:\/\/agora.xtec.cat\/ies-eugeni-dors\/linstitut\/secretaria\/\" title=\"Read Secretaria\">Llegeix m\u00e9s\u00bb<\/a><\/p>\n","protected":false},"author":1,"featured_media":0,"parent":19,"menu_order":0,"comment_status":"closed","ping_status":"closed","template":"page-templates\/side-menu.php","meta":{"_bbp_topic_count":0,"_bbp_reply_count":0,"_bbp_total_topic_count":0,"_bbp_total_reply_count":0,"_bbp_voice_count":0,"_bbp_anonymous_reply_count":0,"_bbp_topic_count_hidden":0,"_bbp_reply_count_hidden":0,"_bbp_forum_subforum_count":0,"footnotes":""},"class_list":["post-81","page","type-page","status-publish","hentry"],"post_mailing_queue_ids":[],"_links":{"self":[{"href":"https:\/\/agora.xtec.cat\/ies-eugeni-dors\/wp-json\/wp\/v2\/pages\/81","targetHints":{"allow":["GET"]}}],"collection":[{"href":"https:\/\/agora.xtec.cat\/ies-eugeni-dors\/wp-json\/wp\/v2\/pages"}],"about":[{"href":"https:\/\/agora.xtec.cat\/ies-eugeni-dors\/wp-json\/wp\/v2\/types\/page"}],"author":[{"embeddable":true,"href":"https:\/\/agora.xtec.cat\/ies-eugeni-dors\/wp-json\/wp\/v2\/users\/1"}],"replies":[{"embeddable":true,"href":"https:\/\/agora.xtec.cat\/ies-eugeni-dors\/wp-json\/wp\/v2\/comments?post=81"}],"version-history":[{"count":2,"href":"https:\/\/agora.xtec.cat\/ies-eugeni-dors\/wp-json\/wp\/v2\/pages\/81\/revisions"}],"predecessor-version":[{"id":2303,"href":"https:\/\/agora.xtec.cat\/ies-eugeni-dors\/wp-json\/wp\/v2\/pages\/81\/revisions\/2303"}],"up":[{"embeddable":true,"href":"https:\/\/agora.xtec.cat\/ies-eugeni-dors\/wp-json\/wp\/v2\/pages\/19"}],"wp:attachment":[{"href":"https:\/\/agora.xtec.cat\/ies-eugeni-dors\/wp-json\/wp\/v2\/media?parent=81"}],"curies":[{"name":"wp","href":"https:\/\/api.w.org\/{rel}","templated":true}]}}